CRAN Package Check Results for Package ggplotAssist

Last updated on 2018-08-17 21:48:08 CEST.

Flavor Version Tinstall Tcheck Ttotal Status Flags
r-devel-linux-x86_64-debian-clang 0.1.3 5.49 51.07 56.56 OK
r-devel-linux-x86_64-debian-gcc 0.1.3 4.36 40.86 45.22 OK
r-devel-linux-x86_64-fedora-clang 0.1.3 66.34 NOTE
r-devel-linux-x86_64-fedora-gcc 0.1.3 63.35 NOTE
r-devel-windows-ix86+x86_64 0.1.3 17.00 95.00 112.00 OK
r-patched-linux-x86_64 0.1.3 4.44 45.48 49.92 OK
r-patched-solaris-x86 0.1.3 92.10 NOTE
r-release-linux-x86_64 0.1.3 3.94 46.37 50.31 OK
r-release-windows-ix86+x86_64 0.1.3 14.00 86.00 100.00 OK
r-release-osx-x86_64 0.1.3 NOTE
r-oldrel-windows-ix86+x86_64 0.1.3 9.00 60.00 69.00 OK
r-oldrel-osx-x86_64 0.1.3 NOTE

Check Details

Version: 0.1.3
Check: dependencies in R code
Result: NOTE
    Namespaces in Imports field not imported from:
     ‘gcookbook’ ‘ggthemes’ ‘moonBook’ ‘tidyverse’
     All declared Imports should be used.
Flavors: r-devel-linux-x86_64-fedora-clang, r-devel-linux-x86_64-fedora-gcc, r-patched-solaris-x86, r-release-osx-x86_64, r-oldrel-osx-x86_64