CRAN Package Check Results for Package ggplotAssist

Last updated on 2018-05-27 10:50:18 CEST.

Flavor Version Tinstall Tcheck Ttotal Status Flags
r-devel-linux-x86_64-debian-clang 0.1.3 5.46 48.27 53.73 OK
r-devel-linux-x86_64-debian-gcc 0.1.3 4.14 38.48 42.62 OK
r-devel-linux-x86_64-fedora-clang 0.1.3 64.92 NOTE
r-devel-linux-x86_64-fedora-gcc 0.1.3 62.28 NOTE
r-devel-windows-ix86+x86_64 0.1.3 11.00 65.00 76.00 OK
r-patched-linux-x86_64 0.1.3 4.12 44.32 48.44 OK
r-patched-solaris-x86 0.1.3 88.00 NOTE
r-release-linux-x86_64 0.1.3 3.57 45.14 48.71 OK
r-release-windows-ix86+x86_64 0.1.3 15.00 94.00 109.00 OK
r-release-osx-x86_64 0.1.3 NOTE
r-oldrel-windows-ix86+x86_64 0.1.3 14.00 57.00 71.00 OK
r-oldrel-osx-x86_64 0.1.3 NOTE

Check Details

Version: 0.1.3
Check: dependencies in R code
Result: NOTE
    Namespaces in Imports field not imported from:
     ‘gcookbook’ ‘ggthemes’ ‘moonBook’ ‘tidyverse’
     All declared Imports should be used.
Flavors: r-devel-linux-x86_64-fedora-clang, r-devel-linux-x86_64-fedora-gcc, r-patched-solaris-x86, r-release-osx-x86_64, r-oldrel-osx-x86_64