CRAN Package Check Results for Package ggplotAssist

Last updated on 2018-10-24 03:55:23 CEST.

Flavor Version Tinstall Tcheck Ttotal Status Flags
r-devel-linux-x86_64-debian-clang 0.1.3 5.52 52.39 57.91 OK
r-devel-linux-x86_64-debian-gcc 0.1.3 4.33 40.48 44.81 OK
r-devel-linux-x86_64-fedora-clang 0.1.3 66.11 NOTE
r-devel-linux-x86_64-fedora-gcc 0.1.3 63.59 NOTE
r-devel-windows-ix86+x86_64 0.1.3 18.00 99.00 117.00 OK
r-patched-linux-x86_64 0.1.3 4.75 46.04 50.79 OK
r-patched-solaris-x86 0.1.3 90.30 NOTE
r-release-linux-x86_64 0.1.3 4.25 47.49 51.74 ERROR
r-release-windows-ix86+x86_64 0.1.3 19.00 103.00 122.00 OK
r-release-osx-x86_64 0.1.3 NOTE
r-oldrel-windows-ix86+x86_64 0.1.3 11.00 118.00 129.00 OK
r-oldrel-osx-x86_64 0.1.3 NOTE

Check Details

Version: 0.1.3
Check: dependencies in R code
Result: NOTE
    Namespaces in Imports field not imported from:
     ‘gcookbook’ ‘ggthemes’ ‘moonBook’ ‘tidyverse’
     All declared Imports should be used.
Flavors: r-devel-linux-x86_64-fedora-clang, r-devel-linux-x86_64-fedora-gcc, r-patched-solaris-x86, r-release-osx-x86_64, r-oldrel-osx-x86_64

Version: 0.1.3
Check: package dependencies
Result: ERROR
    Package required but not available: ‘editData’
    
    See section ‘The DESCRIPTION file’ in the ‘Writing R Extensions’
    manual.
Flavor: r-release-linux-x86_64