CRAN Package Check Results for Package ggplotgui

Last updated on 2018-11-13 01:46:21 CET.

Flavor Version Tinstall Tcheck Ttotal Status Flags
r-devel-linux-x86_64-debian-clang 1.0.0 3.39 45.39 48.78 OK
r-devel-linux-x86_64-debian-gcc 1.0.0 3.44 36.14 39.58 OK
r-devel-linux-x86_64-fedora-clang 1.0.0 58.22 OK
r-devel-linux-x86_64-fedora-gcc 1.0.0 54.71 OK
r-devel-windows-ix86+x86_64 1.0.0 9.00 83.00 92.00 OK
r-patched-linux-x86_64 1.0.0 2.92 38.78 41.70 NOTE
r-patched-solaris-x86 1.0.0 81.40 OK
r-release-linux-x86_64 1.0.0 3.32 38.61 41.93 NOTE
r-release-windows-ix86+x86_64 1.0.0 16.00 62.00 78.00 OK
r-release-osx-x86_64 1.0.0 OK
r-oldrel-windows-ix86+x86_64 1.0.0 12.00 58.00 70.00 OK
r-oldrel-osx-x86_64 1.0.0 WARN

Check Details

Version: 1.0.0
Check: DESCRIPTION meta-information
Result: NOTE
    Dependence on R version ‘3.3.2’ not with patchlevel 0
Flavors: r-patched-linux-x86_64, r-release-linux-x86_64

Version: 1.0.0
Check: whether package can be installed
Result: WARN
    Found the following significant warnings:
     Warning: Installed Rcpp (0.12.12) different from Rcpp used to build dplyr (0.12.11).
Flavor: r-oldrel-osx-x86_64