CRAN Package Check Results for Package ggplotgui

Last updated on 2019-02-18 06:46:58 CET.

Flavor Version Tinstall Tcheck Ttotal Status Flags
r-devel-linux-x86_64-debian-clang 1.0.0 3.95 43.59 47.54 OK
r-devel-linux-x86_64-debian-gcc 1.0.0 3.70 34.47 38.17 OK
r-devel-linux-x86_64-fedora-clang 1.0.0 57.51 OK
r-devel-linux-x86_64-fedora-gcc 1.0.0 51.20 OK
r-devel-windows-ix86+x86_64 1.0.0 14.00 56.00 70.00 OK
r-patched-linux-x86_64 1.0.0 3.54 39.65 43.19 NOTE
r-patched-solaris-x86 1.0.0 88.80 OK
r-release-linux-x86_64 1.0.0 NOTE
r-release-windows-ix86+x86_64 1.0.0 9.00 56.00 65.00 OK
r-release-osx-x86_64 1.0.0 OK
r-oldrel-windows-ix86+x86_64 1.0.0 9.00 66.00 75.00 OK
r-oldrel-osx-x86_64 1.0.0 WARN

Check Details

Version: 1.0.0
Check: DESCRIPTION meta-information
Result: NOTE
    Dependence on R version ‘3.3.2’ not with patchlevel 0
Flavors: r-patched-linux-x86_64, r-release-linux-x86_64

Version: 1.0.0
Check: whether package can be installed
Result: WARN
    Found the following significant warnings:
     Warning: Installed Rcpp (0.12.12) different from Rcpp used to build dplyr (0.12.11).
Flavor: r-oldrel-osx-x86_64