CRAN Package Check Results for Package ggplotgui

Last updated on 2018-05-20 20:47:51 CEST.

Flavor Version Tinstall Tcheck Ttotal Status Flags
r-devel-linux-x86_64-debian-clang 1.0.0 4.15 40.73 44.88 OK
r-devel-linux-x86_64-debian-gcc 1.0.0 2.76 32.67 35.43 OK
r-devel-linux-x86_64-fedora-clang 1.0.0 53.73 OK
r-devel-linux-x86_64-fedora-gcc 1.0.0 54.70 OK
r-devel-windows-ix86+x86_64 1.0.0 9.00 59.00 68.00 OK
r-patched-linux-x86_64 1.0.0 3.43 36.47 39.90 NOTE
r-patched-solaris-x86 1.0.0 78.80 OK
r-release-linux-x86_64 1.0.0 2.58 36.37 38.95 NOTE
r-release-windows-ix86+x86_64 1.0.0 8.00 50.00 58.00 OK
r-release-osx-x86_64 1.0.0 OK
r-oldrel-windows-ix86+x86_64 1.0.0 6.00 50.00 56.00 OK
r-oldrel-osx-x86_64 1.0.0 WARN

Check Details

Version: 1.0.0
Check: DESCRIPTION meta-information
Result: NOTE
    Dependence on R version ‘3.3.2’ not with patchlevel 0
Flavors: r-patched-linux-x86_64, r-release-linux-x86_64

Version: 1.0.0
Check: whether package can be installed
Result: WARN
    Found the following significant warnings:
     Warning: Installed Rcpp (0.12.12) different from Rcpp used to build dplyr (0.12.11).
Flavor: r-oldrel-osx-x86_64