CRAN Package Check Results for Package ggplotgui

Last updated on 2018-08-20 01:46:26 CEST.

Flavor Version Tinstall Tcheck Ttotal Status Flags
r-devel-linux-x86_64-debian-clang 1.0.0 4.39 44.44 48.83 OK
r-devel-linux-x86_64-debian-gcc 1.0.0 3.22 34.79 38.01 OK
r-devel-linux-x86_64-fedora-clang 1.0.0 56.85 OK
r-devel-linux-x86_64-fedora-gcc 1.0.0 54.10 OK
r-devel-windows-ix86+x86_64 1.0.0 17.00 83.00 100.00 OK
r-patched-linux-x86_64 1.0.0 3.02 38.23 41.25 NOTE
r-patched-solaris-x86 1.0.0 80.60 OK
r-release-linux-x86_64 1.0.0 3.27 38.02 41.29 NOTE
r-release-windows-ix86+x86_64 1.0.0 17.00 72.00 89.00 OK
r-release-osx-x86_64 1.0.0 OK
r-oldrel-windows-ix86+x86_64 1.0.0 9.00 82.00 91.00 OK
r-oldrel-osx-x86_64 1.0.0 WARN

Check Details

Version: 1.0.0
Check: DESCRIPTION meta-information
Result: NOTE
    Dependence on R version ‘3.3.2’ not with patchlevel 0
Flavors: r-patched-linux-x86_64, r-release-linux-x86_64

Version: 1.0.0
Check: whether package can be installed
Result: WARN
    Found the following significant warnings:
     Warning: Installed Rcpp (0.12.12) different from Rcpp used to build dplyr (0.12.11).
Flavor: r-oldrel-osx-x86_64