CRAN Package Check Results for Package ggpmisc

Last updated on 2018-05-27 07:50:50 CEST.

Flavor Version Tinstall Tcheck Ttotal Status Flags
r-devel-linux-x86_64-debian-clang 0.2.17 5.62 133.06 138.68 OK
r-devel-linux-x86_64-debian-gcc 0.2.17 4.33 104.20 108.53 OK
r-devel-linux-x86_64-fedora-clang 0.2.17 164.77 NOTE
r-devel-linux-x86_64-fedora-gcc 0.2.17 165.42 NOTE
r-devel-windows-ix86+x86_64 0.2.17 10.00 134.00 144.00 OK
r-patched-linux-x86_64 0.2.17 5.20 129.17 134.37 OK
r-patched-solaris-x86 0.2.17 221.00 NOTE
r-release-linux-x86_64 0.2.17 4.23 134.97 139.20 OK
r-release-windows-ix86+x86_64 0.2.17 13.00 191.00 204.00 OK
r-release-osx-x86_64 0.2.17 NOTE
r-oldrel-windows-ix86+x86_64 0.2.17 14.00 144.00 158.00 OK
r-oldrel-osx-x86_64 0.2.16 OK

Check Details

Version: 0.2.17
Check: dependencies in R code
Result: NOTE
    Namespaces in Imports field not imported from:
     ‘devtools’ ‘grid’ ‘gridExtra’
     All declared Imports should be used.
Flavors: r-devel-linux-x86_64-fedora-clang, r-devel-linux-x86_64-fedora-gcc, r-patched-solaris-x86, r-release-osx-x86_64