CRAN Package Check Results for Package ggpmisc

Last updated on 2018-08-17 00:49:47 CEST.

Flavor Version Tinstall Tcheck Ttotal Status Flags
r-devel-linux-x86_64-debian-clang 0.3.0 6.58 113.12 119.70 OK
r-devel-linux-x86_64-debian-gcc 0.3.0 5.09 91.65 96.74 OK
r-devel-linux-x86_64-fedora-clang 0.3.0 145.37 OK
r-devel-linux-x86_64-fedora-gcc 0.3.0 147.54 OK
r-devel-windows-ix86+x86_64 0.3.0 17.00 170.00 187.00 OK
r-patched-linux-x86_64 0.3.0 5.21 111.89 117.10 OK
r-patched-solaris-x86 0.3.0 191.70 OK
r-release-linux-x86_64 0.3.0 4.35 115.49 119.84 OK
r-release-windows-ix86+x86_64 0.3.0 18.00 150.00 168.00 WARN
r-release-osx-x86_64 0.3.0 OK
r-oldrel-windows-ix86+x86_64 0.3.0 17.00 183.00 200.00 OK
r-oldrel-osx-x86_64 0.3.0 OK

Check Details

Version: 0.3.0
Check: re-building of vignette outputs
Result: WARN
    Error in re-building vignettes:
     ...
Flavor: r-release-windows-ix86+x86_64