CRAN Package Check Results for Package ggraph

Last updated on 2018-08-22 06:46:48 CEST.

Flavor Version Tinstall Tcheck Ttotal Status Flags
r-devel-linux-x86_64-debian-clang 1.0.2 51.39 155.76 207.15 OK
r-devel-linux-x86_64-debian-gcc 1.0.2 43.57 122.43 166.00 OK
r-devel-linux-x86_64-fedora-clang 1.0.2 267.51 NOTE
r-devel-linux-x86_64-fedora-gcc 1.0.2 256.05 OK
r-devel-windows-ix86+x86_64 1.0.2 92.00 248.00 340.00 NOTE
r-patched-linux-x86_64 1.0.2 60.16 153.45 213.61 OK
r-patched-solaris-x86 1.0.2 330.90 OK
r-release-linux-x86_64 1.0.2 57.52 154.34 211.86 OK
r-release-windows-ix86+x86_64 1.0.2 134.00 260.00 394.00 NOTE
r-release-osx-x86_64 1.0.2 NOTE
r-oldrel-windows-ix86+x86_64 1.0.2 80.00 389.00 469.00 NOTE
r-oldrel-osx-x86_64 1.0.2 NOTE

Check Details

Version: 1.0.2
Check: installed package size
Result: NOTE
     installed size is 6.0Mb
     sub-directories of 1Mb or more:
     doc 3.0Mb
     libs 2.1Mb
Flavors: r-devel-linux-x86_64-fedora-clang, r-devel-windows-ix86+x86_64, r-release-windows-ix86+x86_64, r-release-osx-x86_64, r-oldrel-windows-ix86+x86_64, r-oldrel-osx-x86_64