CRAN Package Check Results for Package ggraph

Last updated on 2018-05-23 01:46:33 CEST.

Flavor Version Tinstall Tcheck Ttotal Status Flags
r-devel-linux-x86_64-debian-clang 1.0.1 49.36 84.37 133.73 ERROR
r-devel-linux-x86_64-debian-gcc 1.0.1 44.56 65.80 110.36 ERROR
r-devel-linux-x86_64-fedora-clang 1.0.1 267.51 NOTE
r-devel-linux-x86_64-fedora-gcc 1.0.1 252.93 NOTE
r-devel-windows-ix86+x86_64 1.0.1 92.00 364.00 456.00 NOTE
r-patched-linux-x86_64 1.0.1 50.30 81.20 131.50 ERROR
r-patched-solaris-x86 1.0.1 324.20 OK
r-release-linux-x86_64 1.0.1 49.54 81.42 130.96 ERROR
r-release-windows-ix86+x86_64 1.0.1 134.00 348.00 482.00 NOTE
r-release-osx-x86_64 1.0.1 NOTE
r-oldrel-windows-ix86+x86_64 1.0.1 113.00 392.00 505.00 NOTE
r-oldrel-osx-x86_64 1.0.1 NOTE

Check Details

Version: 1.0.1
Check: examples
Result: ERROR
    Running examples in ‘ggraph-Ex.R’ failed
    The error most likely occurred in:
    
    > base::assign(".ptime", proc.time(), pos = "CheckExEnv")
    > ### Name: geom_conn_bundle
    > ### Title: Create heirarchical edge bundles between node connections
    > ### Aliases: geom_conn_bundle geom_conn_bundle geom_conn_bundle2
    > ### geom_conn_bundle0
    >
    > ### ** Examples
    >
    > # Create a graph of the flare class system
    > library(igraph)
    
    Attaching package: ‘igraph’
    
    The following objects are masked from ‘package:stats’:
    
     decompose, spectrum
    
    The following object is masked from ‘package:base’:
    
     union
    
    > flareGraph <- graph_from_data_frame(flare$edges, vertices = flare$vertices)
    > importFrom <- match(flare$imports$from, flare$vertices$name)
    > importTo <- match(flare$imports$to, flare$vertices$name)
    > flareGraph <- tree_apply(flareGraph, function(node, parent, depth, tree) {
    + tree <- set_vertex_attr(tree, 'depth', node, depth)
    + if (depth == 1) {
    + tree <- set_vertex_attr(tree, 'class', node, V(tree)$shortName[node])
    + } else if (depth > 1) {
    + tree <- set_vertex_attr(tree, 'class', node, V(tree)$class[parent])
    + }
    + tree
    + })
    > V(flareGraph)$leaf <- degree(flareGraph, mode = 'out') == 0
    >
    > # Use class inheritance for layout but plot class imports as bundles
    > ggraph(flareGraph, 'dendrogram', circular = TRUE) +
    + geom_conn_bundle(aes(colour = ..index..), data = get_con(importFrom, importTo),
    + edge_alpha = 0.25) +
    + geom_node_point(aes(filter = leaf, colour = class)) +
    + scale_edge_colour_distiller('', direction = 1, guide = 'edge_direction') +
    + coord_fixed() +
    + ggforce::theme_no_axes()
    Error in UseMethod("guide_train") :
     no applicable method for 'guide_train' applied to an object of class "c('guide', 'edge_direction')"
    Calls: <Anonymous> ... ggplot_gtable -> build_guides -> guides_train -> guide_train
    Execution halted
Flavors: r-devel-linux-x86_64-debian-clang, r-devel-linux-x86_64-debian-gcc, r-patched-linux-x86_64, r-release-linux-x86_64

Version: 1.0.1
Check: re-building of vignette outputs
Result: WARN
    Error in re-building vignettes:
     ...
    Loading required package: ggplot2
    
    Attaching package: 'igraph'
    
    The following objects are masked from 'package:stats':
    
     decompose, spectrum
    
    The following object is masked from 'package:base':
    
     union
    
    Quitting from lines 210-213 (Edges.Rmd)
    Error: processing vignette ‘Edges.Rmd’ failed with diagnostics:
    no applicable method for ‘guide_train’ applied to an object of class "c('guide', 'edge_direction')"
    Execution halted
Flavors: r-devel-linux-x86_64-debian-clang, r-devel-linux-x86_64-debian-gcc, r-patched-linux-x86_64, r-release-linux-x86_64

Version: 1.0.1
Check: installed package size
Result: NOTE
     installed size is 6.0Mb
     sub-directories of 1Mb or more:
     doc 3.0Mb
     libs 2.1Mb
Flavors: r-devel-linux-x86_64-fedora-clang, r-devel-linux-x86_64-fedora-gcc, r-devel-windows-ix86+x86_64, r-release-windows-ix86+x86_64, r-release-osx-x86_64, r-oldrel-windows-ix86+x86_64, r-oldrel-osx-x86_64