CRAN Package Check Results for Package ggraph

Last updated on 2019-02-17 21:47:34 CET.

Flavor Version Tinstall Tcheck Ttotal Status Flags
r-devel-linux-x86_64-debian-clang 1.0.2 48.66 155.76 204.42 OK
r-devel-linux-x86_64-debian-gcc 1.0.2 44.74 118.06 162.80 OK
r-devel-linux-x86_64-fedora-clang 1.0.2 268.69 NOTE
r-devel-linux-x86_64-fedora-gcc 1.0.2 251.92 OK
r-devel-windows-ix86+x86_64 1.0.2 127.00 254.00 381.00 NOTE
r-patched-linux-x86_64 1.0.2 48.22 142.00 190.22 OK
r-patched-solaris-x86 1.0.2 321.10 OK
r-release-linux-x86_64 1.0.2 OK
r-release-windows-ix86+x86_64 1.0.2 93.00 252.00 345.00 NOTE
r-release-osx-x86_64 1.0.2 NOTE
r-oldrel-windows-ix86+x86_64 1.0.2 88.00 288.00 376.00 NOTE
r-oldrel-osx-x86_64 1.0.2 NOTE

Check Details

Version: 1.0.2
Check: installed package size
Result: NOTE
     installed size is 6.0Mb
     sub-directories of 1Mb or more:
     doc 3.0Mb
     libs 2.0Mb
Flavors: r-devel-linux-x86_64-fedora-clang, r-devel-windows-ix86+x86_64, r-release-windows-ix86+x86_64, r-release-osx-x86_64, r-oldrel-windows-ix86+x86_64, r-oldrel-osx-x86_64