CRAN Package Check Results for Package ggraph

Last updated on 2020-11-28 20:47:47 CET.

Flavor Version Tinstall Tcheck Ttotal Status Flags
r-devel-linux-x86_64-debian-clang 2.0.4 86.70 203.90 290.60 OK
r-devel-linux-x86_64-debian-gcc 2.0.4 101.49 151.32 252.81 OK
r-devel-linux-x86_64-fedora-clang 2.0.4 376.80 NOTE
r-devel-linux-x86_64-fedora-gcc 2.0.4 348.27 OK
r-devel-windows-ix86+x86_64 2.0.4 183.00 346.00 529.00 NOTE
r-patched-linux-x86_64 2.0.4 116.51 197.82 314.33 OK
r-patched-solaris-x86 2.0.4 424.20 NOTE
r-release-linux-x86_64 2.0.4 122.39 190.72 313.11 OK
r-release-macos-x86_64 2.0.4 NOTE
r-release-windows-ix86+x86_64 2.0.4 140.00 268.00 408.00 NOTE
r-oldrel-macos-x86_64 2.0.4 NOTE
r-oldrel-windows-ix86+x86_64 2.0.4 145.00 368.00 513.00 NOTE

Check Details

Version: 2.0.4
Check: installed package size
Result: NOTE
     installed size is 8.0Mb
     sub-directories of 1Mb or more:
     doc 3.6Mb
     libs 3.1Mb
Flavors: r-devel-linux-x86_64-fedora-clang, r-devel-windows-ix86+x86_64, r-patched-solaris-x86, r-release-macos-x86_64, r-release-windows-ix86+x86_64, r-oldrel-macos-x86_64, r-oldrel-windows-ix86+x86_64