CRAN Package Check Results for Package ggraph

Last updated on 2018-02-24 00:47:38 CET.

Flavor Version Tinstall Tcheck Ttotal Status Flags
r-devel-linux-x86_64-debian-clang 1.0.1 44.12 165.34 209.46 OK
r-devel-linux-x86_64-debian-gcc 1.0.1 41.88 123.94 165.82 OK
r-devel-linux-x86_64-fedora-clang 1.0.1 262.58 NOTE
r-devel-linux-x86_64-fedora-gcc 1.0.1 255.04 NOTE
r-devel-windows-ix86+x86_64 1.0.1 116.00 369.00 485.00 NOTE
r-patched-linux-x86_64 1.0.1 40.52 175.84 216.36 OK
r-patched-solaris-x86 1.0.1 305.40 OK
r-release-linux-x86_64 1.0.1 43.29 176.29 219.58 OK
r-release-windows-ix86+x86_64 1.0.1 120.00 365.00 485.00 NOTE
r-release-osx-x86_64 1.0.1 NOTE
r-oldrel-windows-ix86+x86_64 1.0.1 84.00 283.00 367.00 NOTE
r-oldrel-osx-x86_64 1.0.0 NOTE

Check Details

Version: 1.0.1
Check: installed package size
Result: NOTE
     installed size is 6.0Mb
     sub-directories of 1Mb or more:
     doc 3.0Mb
     libs 2.1Mb
Flavors: r-devel-linux-x86_64-fedora-clang, r-devel-linux-x86_64-fedora-gcc, r-devel-windows-ix86+x86_64, r-release-windows-ix86+x86_64, r-release-osx-x86_64, r-oldrel-windows-ix86+x86_64

Version: 1.0.0
Check: installed package size
Result: NOTE
     installed size is 5.1Mb
     sub-directories of 1Mb or more:
     doc 3.0Mb
     libs 1.5Mb
Flavor: r-oldrel-osx-x86_64

Version: 1.0.0
Check: dependencies in R code
Result: NOTE
    Namespace in Imports field not imported from: ‘Rcpp’
     All declared Imports should be used.
Flavor: r-oldrel-osx-x86_64