CRAN Package Check Results for Package ggraptR

Last updated on 2018-05-24 09:49:41 CEST.

Flavor Version Tinstall Tcheck Ttotal Status Flags
r-devel-linux-x86_64-debian-clang 1.0 3.12 41.04 44.16 WARN
r-devel-linux-x86_64-debian-gcc 1.0 3.01 36.37 39.38 WARN
r-devel-linux-x86_64-fedora-clang 1.0 56.34 NOTE
r-devel-linux-x86_64-fedora-gcc 1.0 54.15 NOTE
r-devel-windows-ix86+x86_64 1.0 8.00 70.00 78.00 OK
r-patched-linux-x86_64 1.0 3.02 40.52 43.54 NOTE
r-patched-solaris-x86 1.0 84.60 NOTE
r-release-linux-x86_64 1.0 3.21 40.20 43.41 NOTE
r-release-windows-ix86+x86_64 1.0 12.00 90.00 102.00 OK
r-release-osx-x86_64 1.0 NOTE
r-oldrel-windows-ix86+x86_64 1.0 11.00 93.00 104.00 OK
r-oldrel-osx-x86_64 1.0 NOTE

Check Details

Version: 1.0
Check: package dependencies
Result: NOTE
    Package suggested but not available for checking: ‘RSelenium’
Flavors: r-devel-linux-x86_64-debian-clang, r-devel-linux-x86_64-debian-gcc, r-devel-linux-x86_64-fedora-clang, r-devel-linux-x86_64-fedora-gcc, r-patched-linux-x86_64, r-patched-solaris-x86, r-release-linux-x86_64

Version: 1.0
Check: for unstated dependencies in ‘tests’
Result: WARN
    'library' or 'require' calls not declared from:
     ‘curl’ ‘devtools’ ‘digest’ ‘httr’
Flavors: r-devel-linux-x86_64-debian-clang, r-devel-linux-x86_64-debian-gcc

Version: 1.0
Check: dependencies in R code
Result: NOTE
    Namespaces in Imports field not imported from:
     ‘DBI’ ‘GGally’ ‘RColorBrewer’ ‘Rcpp’ ‘assertthat’ ‘backports’
     ‘colorspace’ ‘colourpicker’ ‘evaluate’ ‘futile.options’ ‘gdtools’
     ‘gtable’ ‘htmltools’ ‘htmlwidgets’ ‘httpuv’ ‘labeling’ ‘lambda.r’
     ‘lazyeval’ ‘magrittr’ ‘miniUI’ ‘munsell’ ‘plyr’ ‘reshape’ ‘rprojroot’
     ‘scales’ ‘stringi’ ‘stringr’ ‘svglite’ ‘tibble’ ‘xtable’ ‘yaml’
     All declared Imports should be used.
Flavors: r-devel-linux-x86_64-fedora-clang, r-devel-linux-x86_64-fedora-gcc, r-patched-solaris-x86, r-release-osx-x86_64, r-oldrel-osx-x86_64