CRAN Package Check Results for Package ggraptR

Last updated on 2018-11-13 01:46:21 CET.

Flavor Version Tinstall Tcheck Ttotal Status Flags
r-devel-linux-x86_64-debian-clang 1.1 3.24 46.68 49.92 OK
r-devel-linux-x86_64-debian-gcc 1.1 2.59 37.00 39.59 OK
r-devel-linux-x86_64-fedora-clang 1.1 58.43 OK
r-devel-linux-x86_64-fedora-gcc 1.1 54.15 OK
r-devel-windows-ix86+x86_64 1.1 7.00 92.00 99.00 OK
r-patched-linux-x86_64 1.1 2.91 39.40 42.31 OK
r-patched-solaris-x86 1.1 84.20 OK
r-release-linux-x86_64 1.1 3.33 39.90 43.23 OK
r-release-windows-ix86+x86_64 1.1 14.00 62.00 76.00 OK
r-release-osx-x86_64 1.1 WARN
r-oldrel-windows-ix86+x86_64 1.1 12.00 86.00 98.00 OK
r-oldrel-osx-x86_64 1.1 OK

Check Details

Version: 1.1
Check: whether package can be installed
Result: WARN
    Found the following significant warnings:
     Warning: package ‘dplyr’ was built under R version 3.5.1
Flavor: r-release-osx-x86_64