CRAN Package Check Results for Package ggraptR

Last updated on 2019-02-18 06:46:58 CET.

Flavor Version Tinstall Tcheck Ttotal Status Flags
r-devel-linux-x86_64-debian-clang 1.1 3.25 43.58 46.83 OK
r-devel-linux-x86_64-debian-gcc 1.1 2.75 34.45 37.20 OK
r-devel-linux-x86_64-fedora-clang 1.1 57.40 OK
r-devel-linux-x86_64-fedora-gcc 1.1 52.33 OK
r-devel-windows-ix86+x86_64 1.1 13.00 68.00 81.00 OK
r-patched-linux-x86_64 1.1 2.92 40.17 43.09 OK
r-patched-solaris-x86 1.1 83.60 OK
r-release-linux-x86_64 1.1 OK
r-release-windows-ix86+x86_64 1.1 9.00 78.00 87.00 OK
r-release-osx-x86_64 1.1 WARN
r-oldrel-windows-ix86+x86_64 1.1 15.00 63.00 78.00 OK
r-oldrel-osx-x86_64 1.1 OK

Check Details

Version: 1.1
Check: whether package can be installed
Result: WARN
    Found the following significant warnings:
     Warning: package ‘dplyr’ was built under R version 3.5.1
Flavor: r-release-osx-x86_64