CRAN Package Check Results for Package ggraptR

Last updated on 2018-08-20 07:47:41 CEST.

Flavor Version Tinstall Tcheck Ttotal Status Flags
r-devel-linux-x86_64-debian-clang 1.1 3.02 45.52 48.54 OK
r-devel-linux-x86_64-debian-gcc 1.1 2.79 35.93 38.72 OK
r-devel-linux-x86_64-fedora-clang 1.1 57.50 OK
r-devel-linux-x86_64-fedora-gcc 1.1 54.13 OK
r-devel-windows-ix86+x86_64 1.1 13.00 92.00 105.00 OK
r-patched-linux-x86_64 1.1 2.23 39.78 42.01 OK
r-patched-solaris-x86 1.1 83.10 OK
r-release-linux-x86_64 1.1 2.87 39.33 42.20 OK
r-release-windows-ix86+x86_64 1.1 15.00 76.00 91.00 OK
r-release-osx-x86_64 1.1 WARN
r-oldrel-windows-ix86+x86_64 1.1 8.00 101.00 109.00 OK
r-oldrel-osx-x86_64 1.1 OK

Check Details

Version: 1.1
Check: whether package can be installed
Result: WARN
    Found the following significant warnings:
     Warning: package ‘dplyr’ was built under R version 3.5.1
Flavor: r-release-osx-x86_64