CRAN Package Check Results for Package ggraptR

Last updated on 2018-02-25 03:54:55 CET.

Flavor Version Tinstall Tcheck Ttotal Status Flags
r-devel-linux-x86_64-debian-clang 1.0 2.71 39.13 41.84 OK
r-devel-linux-x86_64-debian-gcc 1.0 2.20 31.21 33.41 OK
r-devel-linux-x86_64-fedora-clang 1.0 51.20 NOTE
r-devel-linux-x86_64-fedora-gcc 1.0 52.79 NOTE
r-devel-windows-ix86+x86_64 1.0 10.00 78.00 88.00 OK
r-patched-linux-x86_64 1.0 2.81 39.36 42.17 OK
r-patched-solaris-x86 1.0 75.40 NOTE
r-release-linux-x86_64 1.0 3.07 39.53 42.60 OK
r-release-windows-ix86+x86_64 1.0 16.00 75.00 91.00 OK
r-release-osx-x86_64 1.0 NOTE
r-oldrel-windows-ix86+x86_64 1.0 9.00 57.00 66.00 OK
r-oldrel-osx-x86_64 1.0 NOTE

Check Details

Version: 1.0
Check: dependencies in R code
Result: NOTE
    Namespaces in Imports field not imported from:
     ‘DBI’ ‘GGally’ ‘RColorBrewer’ ‘Rcpp’ ‘assertthat’ ‘backports’
     ‘colorspace’ ‘colourpicker’ ‘evaluate’ ‘futile.options’ ‘gdtools’
     ‘gtable’ ‘htmltools’ ‘htmlwidgets’ ‘httpuv’ ‘labeling’ ‘lambda.r’
     ‘lazyeval’ ‘magrittr’ ‘miniUI’ ‘munsell’ ‘plyr’ ‘reshape’ ‘rprojroot’
     ‘scales’ ‘stringi’ ‘stringr’ ‘svglite’ ‘tibble’ ‘xtable’ ‘yaml’
     All declared Imports should be used.
Flavors: r-devel-linux-x86_64-fedora-clang, r-devel-linux-x86_64-fedora-gcc, r-patched-solaris-x86, r-release-osx-x86_64, r-oldrel-osx-x86_64

Version: 1.0
Check: package dependencies
Result: NOTE
    Package suggested but not available for checking: ‘RSelenium’
Flavor: r-patched-solaris-x86