CRAN Package Check Results for Package ggrepel

Last updated on 2018-02-21 19:48:00 CET.

Flavor Version Tinstall Tcheck Ttotal Status Flags
r-devel-linux-x86_64-debian-clang 0.7.0 15.30 53.38 68.68 WARN
r-devel-linux-x86_64-debian-gcc 0.7.0 13.50 41.75 55.25 WARN
r-devel-linux-x86_64-fedora-clang 0.7.0 86.61 WARN
r-devel-linux-x86_64-fedora-gcc 0.7.0 84.26 WARN
r-devel-windows-ix86+x86_64 0.7.0 31.00 87.00 118.00 WARN
r-patched-linux-x86_64 0.7.0 15.43 85.60 101.03 WARN
r-patched-solaris-x86 0.7.0 117.20 OK
r-release-linux-x86_64 0.7.0 14.42 65.94 80.36 OK
r-release-windows-ix86+x86_64 0.7.0 46.00 135.00 181.00 OK
r-release-osx-x86_64 0.7.0 OK
r-oldrel-windows-ix86+x86_64 0.7.0 33.00 89.00 122.00 OK
r-oldrel-osx-x86_64 0.7.0 OK

Check Details

Version: 0.7.0
Check: re-building of vignette outputs
Result: WARN
    Error in re-building vignettes:
     ...
    Quitting from lines 332-362 (ggrepel.Rmd)
    Error: processing vignette ‘ggrepel.Rmd’ failed with diagnostics:
    there is no package called 'gridExtra'
    Execution halted
Flavors: r-devel-linux-x86_64-debian-clang, r-devel-linux-x86_64-debian-gcc, r-devel-linux-x86_64-fedora-clang, r-devel-linux-x86_64-fedora-gcc

Version: 0.7.0
Check: re-building of vignette outputs
Result: WARN
    Error in re-building vignettes:
     ...
     font family not found in Windows font database
    Warning in grid.Call.graphics(C_text, as.graphicsAnnot(x$label), x$x, x$y, :
     font family not found in Windows font database
    Warning in grid.Call(C_textBounds, as.graphicsAnnot(x$label), x$x, x$y, :
     font family not found in Windows font database
    Warning in grid.Call.graphics(C_text, as.graphicsAnnot(x$label), x$x, x$y, :
     font family not found in Windows font database
    Warning in grid.Call(C_textBounds, as.graphicsAnnot(x$label), x$x, x$y, :
     font family not found in Windows font database
    Warning in grid.Call.graphics(C_text, as.graphicsAnnot(x$label), x$x, x$y, :
     font family not found in Windows font database
    Warning in grid.Call(C_textBounds, as.graphicsAnnot(x$label), x$x, x$y, :
     font family not found in Windows font database
    Warning in grid.Call.graphics(C_text, as.graphicsAnnot(x$label), x$x, x$y, :
     font family not found in Windows font database
    Warning in grid.Call(C_textBounds, as.graphicsAnnot(x$label), x$x, x$y, :
     font family not found in Windows font database
    Warning in grid.Call.graphics(C_text, as.graphicsAnnot(x$label), x$x, x$y, :
     font family not found in Windows font database
    Warning in grid.Call.graphics(C_text, as.graphicsAnnot(x$label), x$x, x$y, :
     font family not found in Windows font database
    Quitting from lines 332-362 (ggrepel.Rmd)
    Error: processing vignette 'ggrepel.Rmd' failed with diagnostics:
    there is no package called 'gridExtra'
    Execution halted
Flavor: r-devel-windows-ix86+x86_64

Version: 0.7.0
Check: re-building of vignette outputs
Result: WARN
    Error in re-building vignettes:
     ...
    Session info -------------------------------------------------------------
    Packages -----------------------------------------------------------------
    make[1]: Entering directory '/home/hornik/tmp/R.check/r-patched-gcc/Work/PKGS/ggrepel.Rcheck/vign_test/ggrepel/vignettes'
    rm -rf cache/
    R --slave -e 'knitr::knit("ggrepel.Rmd")'
    
    
    processing file: ggrepel.Rmd
     inline R code fragments
    
    label: setup (with options)
    List of 6
     $ echo : logi FALSE
     $ results: chr "hide"
     $ warning: logi FALSE
     $ error : logi FALSE
     $ message: logi FALSE
     $ cache : logi FALSE
    
     ordinary text without R code
    
    label: geom_text (with options)
    List of 3
     $ echo : logi TRUE
     $ fig.width : num 9
     $ fig.height: num 7
    
     ordinary text without R code
    
    label: geom_text_repel (with options)
    List of 3
     $ echo : logi TRUE
     $ fig.width : num 9
     $ fig.height: num 7
    
     ordinary text without R code
    
    label: geom_label_repel (with options)
    List of 1
     $ echo: logi TRUE
    
     ordinary text without R code
    
    label: geom_text_repel_options (with options)
    List of 3
     $ echo : logi TRUE
     $ fig.width : num 9
     $ fig.height: num 7
    
     ordinary text without R code
    
    label: geom_text_repel_point_padding_na (with options)
    List of 3
     $ echo : logi TRUE
     $ fig.width : num 9
     $ fig.height: num 7
    
     ordinary text without R code
    
    label: geom_text_repel_empty_string (with options)
    List of 3
     $ echo : logi TRUE
     $ fig.width : num 9
     $ fig.height: num 7
    
     ordinary text without R code
    
    label: label_limits (with options)
    List of 3
     $ echo : logi TRUE
     $ fig.width : num 9
     $ fig.height: num 7
    
     ordinary text without R code
    
    label: direction_x (with options)
    List of 3
     $ echo : logi TRUE
     $ fig.width : num 9
     $ fig.height: num 7
    
     ordinary text without R code
    
    label: direction_y (with options)
    List of 3
     $ echo : logi TRUE
     $ fig.width : num 9
     $ fig.height: num 7
    
     ordinary text without R code
    
    label: line_plot (with options)
    List of 3
     $ echo : logi TRUE
     $ fig.width : num 9
     $ fig.height: num 7
    
     ordinary text without R code
    
    label: volcano (with options)
    List of 2
     $ echo: logi TRUE
     $ eval: logi FALSE
    
     ordinary text without R code
    
    label: geom_text_repel_polar (with options)
    List of 3
     $ echo : logi TRUE
     $ fig.width : num 9
     $ fig.height: num 7
    
     ordinary text without R code
    
    label: math (with options)
    List of 3
     $ echo : logi TRUE
     $ fig.width : num 12
     $ fig.height: num 7
    
     ordinary text without R code
    
    label: animated (with options)
    List of 2
     $ echo: logi TRUE
     $ eval: logi FALSE
    
     ordinary text without R code
    
    label: session_info (with options)
    List of 1
     $ echo: logi TRUE
    
    Session info -------------------------------------------------------------
    Packages -----------------------------------------------------------------
     ordinary text without R code
    
    output file: ggrepel.md
    
    [1] "ggrepel.md"
    perl -i -pe 's{src="figures/}{src="https://github.com/slowkow/ggrepel/blob/master/vignettes/figures/}' ggrepel.md
    # Check if qe have pngquant installed.
    [ -x "`which pngquant 2>/dev/null`" ] && \
    pngquant --force --speed 1 --quality 0-10 figures/ggrepel/*.png && \
    for f in figures/ggrepel/*-fs8.png; do mv -f $f ${f%-fs8.png}.png; done
    Makefile:2: recipe for target 'ggrepel.md' failed
    make[1]: *** [ggrepel.md] Error 1
    make[1]: Leaving directory '/home/hornik/tmp/R.check/r-patched-gcc/Work/PKGS/ggrepel.Rcheck/vign_test/ggrepel/vignettes'
    Error in buildVignettes(dir = "/home/hornik/tmp/R.check/r-patched-gcc/Work/PKGS/ggrepel.Rcheck/vign_test/ggrepel") :
     running ‘make’ failed
    Execution halted
Flavor: r-patched-linux-x86_64