CRAN Package Check Results for Package ggridges

Last updated on 2018-05-22 15:48:37 CEST.

Flavor Version Tinstall Tcheck Ttotal Status Flags
r-devel-linux-x86_64-debian-clang 0.5.0 4.58 81.77 86.35 OK
r-devel-linux-x86_64-debian-gcc 0.5.0 4.68 64.12 68.80 OK
r-devel-linux-x86_64-fedora-clang 0.5.0 106.03 NOTE
r-devel-linux-x86_64-fedora-gcc 0.5.0 105.00 NOTE
r-devel-windows-ix86+x86_64 0.5.0 9.00 130.00 139.00 OK
r-patched-linux-x86_64 0.5.0 5.80 78.98 84.78 OK
r-patched-solaris-x86 0.5.0 148.20 NOTE
r-release-linux-x86_64 0.5.0 4.15 78.01 82.16 OK
r-release-windows-ix86+x86_64 0.5.0 15.00 129.00 144.00 OK
r-release-osx-x86_64 0.5.0 NOTE
r-oldrel-windows-ix86+x86_64 0.5.0 8.00 152.00 160.00 OK
r-oldrel-osx-x86_64 0.5.0 NOTE

Check Details

Version: 0.5.0
Check: data for non-ASCII characters
Result: NOTE
     Note: found 6242 marked UTF-8 strings
Flavors: r-devel-linux-x86_64-fedora-clang, r-devel-linux-x86_64-fedora-gcc, r-patched-solaris-x86, r-release-osx-x86_64, r-oldrel-osx-x86_64