Last updated on 2019-02-15 22:46:40 CET.
Flavor | Version | Tinstall | Tcheck | Ttotal | Status | Flags |
---|---|---|---|---|---|---|
r-devel-linux-x86_64-debian-clang | 0.5.1 | 6.27 | 94.76 | 101.03 | OK | |
r-devel-linux-x86_64-debian-gcc | 0.5.1 | 4.38 | 71.38 | 75.76 | OK | |
r-devel-linux-x86_64-fedora-clang | 0.5.1 | 120.21 | NOTE | |||
r-devel-linux-x86_64-fedora-gcc | 0.5.1 | 112.99 | NOTE | |||
r-devel-windows-ix86+x86_64 | 0.5.1 | 15.00 | 143.00 | 158.00 | OK | |
r-patched-linux-x86_64 | 0.5.1 | 6.16 | 87.30 | 93.46 | OK | |
r-patched-solaris-x86 | 0.5.1 | 167.10 | NOTE | |||
r-release-linux-x86_64 | 0.5.1 | 5.95 | 88.14 | 94.09 | OK | |
r-release-windows-ix86+x86_64 | 0.5.1 | 13.00 | 104.00 | 117.00 | OK | |
r-release-osx-x86_64 | 0.5.1 | NOTE | ||||
r-oldrel-windows-ix86+x86_64 | 0.5.1 | 12.00 | 170.00 | 182.00 | OK | |
r-oldrel-osx-x86_64 | 0.5.1 | NOTE |
Version: 0.5.1
Check: data for non-ASCII characters
Result: NOTE
Note: found 6242 marked UTF-8 strings
Flavors: r-devel-linux-x86_64-fedora-clang, r-devel-linux-x86_64-fedora-gcc, r-patched-solaris-x86, r-release-osx-x86_64, r-oldrel-osx-x86_64