Last updated on 2019-02-22 21:57:41 CET.
Flavor | Version | Tinstall | Tcheck | Ttotal | Status | Flags |
---|---|---|---|---|---|---|
r-devel-linux-x86_64-debian-clang | 2.9 | 3.67 | 103.87 | 107.54 | OK | |
r-devel-linux-x86_64-debian-gcc | 2.9 | 2.69 | 78.02 | 80.71 | OK | |
r-devel-linux-x86_64-fedora-clang | 2.9 | 125.71 | OK | |||
r-devel-linux-x86_64-fedora-gcc | 2.9 | 115.87 | OK | |||
r-devel-windows-ix86+x86_64 | 2.9 | 11.00 | 126.00 | 137.00 | WARN | |
r-patched-linux-x86_64 | 2.9 | 3.36 | 100.21 | 103.57 | OK | |
r-patched-solaris-x86 | 2.9 | 180.50 | OK | |||
r-release-linux-x86_64 | 2.9 | OK | ||||
r-release-windows-ix86+x86_64 | 2.9 | 8.00 | 169.00 | 177.00 | WARN | |
r-release-osx-x86_64 | 2.9 | OK | ||||
r-oldrel-windows-ix86+x86_64 | 2.9 | 7.00 | 134.00 | 141.00 | OK | |
r-oldrel-osx-x86_64 | 2.9 | OK |
Version: 2.9
Check: whether package can be installed
Result: WARN
Found the following significant warnings:
Warning: S3 methods '[.fun_list', '[.grouped_df', 'all.equal.tbl_df', 'anti_join.data.frame', 'anti_join.tbl_df', 'arrange.data.frame', 'arrange.default', 'arrange.grouped_df', 'arrange.tbl_df', 'arrange_.data.frame', 'arrange_.tbl_df', 'as.data.frame.grouped_df', 'as.data.frame.rowwise_df', 'as.data.frame.tbl_cube', 'as.table.tbl_cube', 'as.tbl.data.frame', 'as.tbl.tbl', 'as.tbl_cube.array', 'as.tbl_cube.data.frame', 'as.tbl_cube.matrix', 'as.tbl_cube.table', 'as_tibble.grouped_df', 'as_tibble.tbl_cube', 'auto_copy.tbl_cube', 'auto_copy.tbl_df', 'cbind.grouped_df', 'collapse.data.frame', 'collect.data.frame', 'common_by.NULL', 'common_by.character', 'common_by.default', 'common_by.list', 'compute.data.frame', 'copy_to.DBIConnection', 'copy_to.src_local', 'default_missing.data.frame', 'default_missing.default', 'dim.tbl_cube', 'distinct.data.frame', 'distinct.default', 'distinct.grouped_df', 'distinct.tbl_df', 'distinct_.data.frame', 'distinct_.grouped_df', 'distinct_.tbl_df', 'do.NULL', 'do.da [... truncated]
Flavors: r-devel-windows-ix86+x86_64, r-release-windows-ix86+x86_64