CRAN Package Check Results for Package ggseas

Last updated on 2018-02-18 22:47:35 CET.

Flavor Version Tinstall Tcheck Ttotal Status Flags
r-devel-linux-x86_64-debian-clang 0.5.1 2.61 55.27 57.88 OK
r-devel-linux-x86_64-debian-gcc 0.5.1 1.94 44.53 46.47 OK
r-devel-linux-x86_64-fedora-clang 0.5.1 69.74 OK
r-devel-linux-x86_64-fedora-gcc 0.5.1 67.29 OK
r-devel-windows-ix86+x86_64 0.5.1 6.00 74.00 80.00 OK
r-patched-linux-x86_64 0.5.1 2.09 67.84 69.93 OK
r-patched-solaris-x86 0.5.1 87.30 WARN
r-release-linux-x86_64 0.5.1 1.80 69.13 70.93 OK
r-release-windows-ix86+x86_64 0.5.1 8.00 115.00 123.00 OK
r-release-osx-x86_64 0.5.1 OK
r-oldrel-windows-ix86+x86_64 0.5.1 5.00 96.00 101.00 OK
r-oldrel-osx-x86_64 0.5.1 OK

Check Details

Version: 0.5.1
Check: re-building of vignette outputs
Result: WARN
    Error in re-building vignettes:
     ...
    Warning in engine$weave(file, quiet = quiet, encoding = enc) :
     Pandoc (>= 1.12.3) and/or pandoc-citeproc not available. Falling back to R Markdown v1.
    Quitting from lines 125-126 (ggsdc.Rmd)
    Error: processing vignette 'ggsdc.Rmd' failed with diagnostics:
    Process terminated
    Execution halted
Flavor: r-patched-solaris-x86