CRAN Package Check Results for Package ggseas

Last updated on 2018-11-20 19:47:44 CET.

Flavor Version Tinstall Tcheck Ttotal Status Flags
r-devel-linux-x86_64-debian-clang 0.5.4 2.87 62.04 64.91 OK
r-devel-linux-x86_64-debian-gcc 0.5.4 2.30 49.00 51.30 OK
r-devel-linux-x86_64-fedora-clang 0.5.4 76.39 OK
r-devel-linux-x86_64-fedora-gcc 0.5.4 73.29 OK
r-devel-windows-ix86+x86_64 0.5.4 13.00 119.00 132.00 OK
r-patched-linux-x86_64 0.5.4 2.97 59.89 62.86 OK
r-patched-solaris-x86 0.5.4 95.80 WARN
r-release-linux-x86_64 0.5.4 2.58 60.21 62.79 OK
r-release-windows-ix86+x86_64 0.5.4 7.00 121.00 128.00 OK
r-release-osx-x86_64 0.5.4 WARN
r-oldrel-windows-ix86+x86_64 0.5.4 13.00 104.00 117.00 OK
r-oldrel-osx-x86_64 0.5.4 WARN

Check Details

Version: 0.5.4
Check: re-building of vignette outputs
Result: WARN
    Error in re-building vignettes:
     ...
    Warning in engine$weave(file, quiet = quiet, encoding = enc) :
     Pandoc (>= 1.12.3) and/or pandoc-citeproc not available. Falling back to R Markdown v1.
    Quitting from lines 125-126 (ggseas.Rmd)
    Error: processing vignette 'ggseas.Rmd' failed with diagnostics:
    Process terminated
    Execution halted
Flavor: r-patched-solaris-x86

Version: 0.5.4
Check: re-building of vignette outputs
Result: WARN
    Error in re-building vignettes:
     ...
    
    Backtrace for this error:
    #0 0x123629579
    #1 0x123628945
    #2 0x7fff93ac4529
    sh: line 1: 96924 Trace/BPT trap: 5 /Volumes/SSD-Data/Builds/R-dev-web/QA/Simon/packages/el-capitan-x86_64/Rlib/3.5/x13binary/bin/x13ashtml /tmp/RtmpLCaVyQ/x1317a8c540f25fd/iofile -n -s 2> /dev/null
    dyld: lazy symbol binding failed: Symbol not found: _mkostemp
     Referenced from: /Volumes/SSD-Data/Builds/R-dev-web/QA/Simon/packages/el-capitan-x86_64/Rlib/3.5/x13binary/bin/../lib/libgfortran.3.dylib (which was built for Mac OS X 10.12)
     Expected in: /usr/lib/libSystem.B.dylib
    
    dyld: Symbol not found: _mkostemp
     Referenced from: /Volumes/SSD-Data/Builds/R-dev-web/QA/Simon/packages/el-capitan-x86_64/Rlib/3.5/x13binary/bin/../lib/libgfortran.3.dylib (which was built for Mac OS X 10.12)
     Expected in: /usr/lib/libSystem.B.dylib
    
    
    Program received signal SIGTRAP: Trace/breakpoint trap.
    
    Backtrace for this error:
    #0 0x1235f6579
    #1 0x1235f5945
    #2 0x7fff93ac4529
    Quitting from lines 125-126 (ggseas.Rmd)
    Error: processing vignette 'ggseas.Rmd' failed with diagnostics:
    X-13 has returned a non-zero exist status, which means that the current spec file cannot be processed for an unknown reason.
    Execution halted
Flavor: r-release-osx-x86_64

Version: 0.5.4
Check: re-building of vignette outputs
Result: WARN
    Error in re-building vignettes:
     ...
    
    Backtrace for this error:
    #0 0x12cc48579
    #1 0x12cc47945
    #2 0x7fff93ac4529
    sh: line 1: 40332 Trace/BPT trap: 5 /Volumes/SSD-Data/Builds/R-dev-web/QA/Simon/packages/el-capitan-x86_64/Rlib/3.4/x13binary/bin/x13ashtml /tmp/RtmpzinqOF/x139d7e562469b7/iofile -n -s 2> /dev/null
    dyld: lazy symbol binding failed: Symbol not found: _mkostemp
     Referenced from: /Volumes/SSD-Data/Builds/R-dev-web/QA/Simon/packages/el-capitan-x86_64/Rlib/3.4/x13binary/bin/../lib/libgfortran.3.dylib (which was built for Mac OS X 10.12)
     Expected in: /usr/lib/libSystem.B.dylib
    
    dyld: Symbol not found: _mkostemp
     Referenced from: /Volumes/SSD-Data/Builds/R-dev-web/QA/Simon/packages/el-capitan-x86_64/Rlib/3.4/x13binary/bin/../lib/libgfortran.3.dylib (which was built for Mac OS X 10.12)
     Expected in: /usr/lib/libSystem.B.dylib
    
    
    Program received signal SIGTRAP: Trace/breakpoint trap.
    
    Backtrace for this error:
    #0 0x12a2a6579
    #1 0x12a2a5945
    #2 0x7fff93ac4529
    Quitting from lines 125-126 (ggseas.Rmd)
    Error: processing vignette 'ggseas.Rmd' failed with diagnostics:
    X-13 has returned a non-zero exist status, which means that the current spec file cannot be processed for an unknown reason.
    Execution halted
Flavor: r-oldrel-osx-x86_64