CRAN Package Check Results for Package ggshadow

Last updated on 2022-08-10 05:54:50 CEST.

Flavor Version Tinstall Tcheck Ttotal Status Flags
r-devel-linux-x86_64-debian-clang 0.0.2 5.89 70.96 76.85 NOTE
r-devel-linux-x86_64-debian-gcc 0.0.2 5.93 52.73 58.66 NOTE
r-devel-linux-x86_64-fedora-clang 0.0.2 103.03 NOTE
r-devel-linux-x86_64-fedora-gcc 0.0.2 97.05 NOTE
r-devel-windows-x86_64 0.0.2 29.00 110.00 139.00 NOTE
r-patched-linux-x86_64 0.0.2 6.79 64.42 71.21 NOTE
r-release-linux-x86_64 0.0.2 NOTE
r-release-macos-arm64 0.0.2 29.00 NOTE
r-release-macos-x86_64 0.0.2 53.00 NOTE
r-release-windows-x86_64 0.0.2 11.00 112.00 123.00 NOTE
r-oldrel-macos-arm64 0.0.2 35.00 NOTE
r-oldrel-macos-x86_64 0.0.2 49.00 NOTE
r-oldrel-windows-ix86+x86_64 0.0.2 22.00 104.00 126.00 NOTE

Check Details

Version: 0.0.2
Check: LazyData
Result: NOTE
     'LazyData' is specified without a 'data' directory
Flavors: r-devel-linux-x86_64-debian-clang, r-devel-linux-x86_64-debian-gcc, r-devel-linux-x86_64-fedora-clang, r-devel-linux-x86_64-fedora-gcc, r-devel-windows-x86_64, r-patched-linux-x86_64, r-release-linux-x86_64, r-release-macos-arm64, r-release-macos-x86_64, r-release-windows-x86_64, r-oldrel-macos-arm64, r-oldrel-macos-x86_64, r-oldrel-windows-ix86+x86_64

Version: 0.0.2
Check: Rd cross-references
Result: NOTE
    Undeclared package ‘RColorBrewer’ in Rd xrefs
Flavor: r-devel-linux-x86_64-fedora-clang