CRAN Package Check Results for Package ggsom

Last updated on 2022-08-15 04:50:16 CEST.

Flavor Version Tinstall Tcheck Ttotal Status Flags
r-devel-linux-x86_64-debian-clang 0.4.0 7.48 59.58 67.06 NOTE
r-devel-linux-x86_64-debian-gcc 0.4.0 5.42 43.69 49.11 NOTE
r-devel-linux-x86_64-fedora-clang 0.4.0 89.39 NOTE
r-devel-linux-x86_64-fedora-gcc 0.4.0 85.42 NOTE
r-devel-windows-x86_64 0.4.0 11.00 78.00 89.00 NOTE
r-patched-linux-x86_64 0.4.0 6.55 54.98 61.53 NOTE
r-release-linux-x86_64 0.4.0 5.49 54.11 59.60 NOTE
r-release-macos-arm64 0.4.0 25.00 NOTE
r-release-macos-x86_64 0.4.0 50.00 NOTE
r-release-windows-x86_64 0.4.0 12.00 81.00 93.00 NOTE
r-oldrel-macos-arm64 0.4.0 27.00 NOTE
r-oldrel-macos-x86_64 0.4.0 52.00 NOTE
r-oldrel-windows-ix86+x86_64 0.4.0 20.00 74.00 94.00 NOTE

Check Details

Version: 0.4.0
Check: LazyData
Result: NOTE
     'LazyData' is specified without a 'data' directory
Flavors: r-devel-linux-x86_64-debian-clang, r-devel-linux-x86_64-debian-gcc, r-devel-linux-x86_64-fedora-clang, r-devel-linux-x86_64-fedora-gcc, r-devel-windows-x86_64, r-patched-linux-x86_64, r-release-linux-x86_64, r-release-macos-arm64, r-release-macos-x86_64, r-release-windows-x86_64, r-oldrel-macos-arm64, r-oldrel-macos-x86_64, r-oldrel-windows-ix86+x86_64