CRAN Package Check Results for Package ggthemes

Last updated on 2018-10-16 09:48:39 CEST.

Flavor Version Tinstall Tcheck Ttotal Status Flags
r-devel-linux-x86_64-debian-clang 4.0.1 5.62 92.04 97.66 OK
r-devel-linux-x86_64-debian-gcc 4.0.1 4.20 72.16 76.36 OK
r-devel-linux-x86_64-fedora-clang 4.0.1 117.11 NOTE
r-devel-linux-x86_64-fedora-gcc 4.0.1 113.82 NOTE
r-devel-windows-ix86+x86_64 4.0.1 13.00 148.00 161.00 OK
r-patched-linux-x86_64 4.0.1 5.07 85.75 90.82 OK
r-patched-solaris-x86 4.0.1 149.40 NOTE
r-release-linux-x86_64 4.0.1 5.57 86.80 92.37 OK
r-release-windows-ix86+x86_64 4.0.1 17.00 98.00 115.00 OK
r-release-osx-x86_64 4.0.1 NOTE
r-oldrel-windows-ix86+x86_64 4.0.1 17.00 117.00 134.00 WARN
r-oldrel-osx-x86_64 4.0.1 NOTE

Check Details

Version: 4.0.1
Check: data for non-ASCII characters
Result: NOTE
     Note: found 138 marked UTF-8 strings
Flavors: r-devel-linux-x86_64-fedora-clang, r-devel-linux-x86_64-fedora-gcc, r-patched-solaris-x86, r-release-osx-x86_64, r-oldrel-osx-x86_64

Version: 4.0.1
Check: whether package can be installed
Result: WARN
    Found the following significant warnings:
     Warning: S3 methods '[.fun_list', '[.grouped_df', 'all.equal.tbl_df', 'anti_join.data.frame', 'anti_join.tbl_df', 'arrange.data.frame', 'arrange.default', 'arrange.grouped_df', 'arrange.tbl_df', 'arrange_.data.frame', 'arrange_.tbl_df', 'as.data.frame.grouped_df', 'as.data.frame.rowwise_df', 'as.data.frame.tbl_cube', 'as.data.frame.tbl_df', 'as.table.tbl_cube', 'as.tbl.data.frame', 'as.tbl.tbl', 'as.tbl_cube.array', 'as.tbl_cube.data.frame', 'as.tbl_cube.matrix', 'as.tbl_cube.table', 'as_data_frame.grouped_df', 'as_data_frame.tbl_cube', 'auto_copy.tbl_cube', 'auto_copy.tbl_df', 'cbind.grouped_df', 'collapse.data.frame', 'collect.data.frame', 'common_by.NULL', 'common_by.character', 'common_by.default', 'common_by.list', 'compute.data.frame', 'copy_to.DBIConnection', 'copy_to.src_local', 'default_missing.data.frame', 'default_missing.default', 'dim.tbl_cube', 'distinct.data.frame', 'distinct.default', 'distinct.grouped_df', 'distinct.tbl_df', 'distinct_.data.frame', 'distinct_.grouped_df', 'dist [... truncated]
Flavor: r-oldrel-windows-ix86+x86_64