CRAN Package Check Results for Package ggthemes

Last updated on 2018-08-17 19:49:13 CEST.

Flavor Version Tinstall Tcheck Ttotal Status Flags
r-devel-linux-x86_64-debian-clang 4.0.0 4.77 91.52 96.29 OK
r-devel-linux-x86_64-debian-gcc 4.0.0 4.40 73.19 77.59 OK
r-devel-linux-x86_64-fedora-clang 4.0.0 118.45 NOTE
r-devel-linux-x86_64-fedora-gcc 4.0.0 111.81 NOTE
r-devel-windows-ix86+x86_64 4.0.0 18.00 145.00 163.00 OK
r-patched-linux-x86_64 4.0.0 4.62 86.83 91.45 OK
r-patched-solaris-x86 4.0.0 153.90 NOTE
r-release-linux-x86_64 4.0.0 4.21 89.16 93.37 OK
r-release-windows-ix86+x86_64 4.0.0 15.00 139.00 154.00 OK
r-release-osx-x86_64 4.0.0 NOTE
r-oldrel-windows-ix86+x86_64 4.0.0 8.00 108.00 116.00 OK
r-oldrel-osx-x86_64 4.0.0 NOTE

Check Details

Version: 4.0.0
Check: data for non-ASCII characters
Result: NOTE
     Note: found 138 marked UTF-8 strings
Flavors: r-devel-linux-x86_64-fedora-clang, r-devel-linux-x86_64-fedora-gcc, r-patched-solaris-x86, r-release-osx-x86_64, r-oldrel-osx-x86_64