Last updated on 2023-06-05 02:58:20 CEST.
Flavor | Version | Tinstall | Tcheck | Ttotal | Status | Flags |
---|---|---|---|---|---|---|
r-devel-linux-x86_64-debian-clang | 4.2.4 | 11.19 | 119.63 | 130.82 | OK | |
r-devel-linux-x86_64-debian-gcc | 4.2.4 | 7.03 | 90.94 | 97.97 | OK | |
r-devel-linux-x86_64-fedora-clang | 4.2.4 | 158.86 | NOTE | |||
r-devel-linux-x86_64-fedora-gcc | 4.2.4 | 160.06 | NOTE | |||
r-devel-windows-x86_64 | 4.2.4 | 11.00 | 117.00 | 128.00 | OK | |
r-patched-linux-x86_64 | 4.2.4 | 15.51 | 115.24 | 130.75 | OK | |
r-release-linux-x86_64 | 4.2.4 | 9.74 | 114.55 | 124.29 | OK | |
r-release-macos-arm64 | 4.2.4 | 49.00 | OK | |||
r-release-macos-x86_64 | 4.2.4 | 80.00 | OK | |||
r-release-windows-x86_64 | 4.2.4 | 14.00 | 145.00 | 159.00 | OK | |
r-oldrel-macos-arm64 | 4.2.4 | 43.00 | NOTE | |||
r-oldrel-macos-x86_64 | 4.2.4 | 61.00 | NOTE | |||
r-oldrel-windows-x86_64 | 4.2.4 | 14.00 | 129.00 | 143.00 | OK |
Version: 4.2.4
Check: data for non-ASCII characters
Result: NOTE
Note: found 138 marked UTF-8 strings
Flavors: r-devel-linux-x86_64-fedora-clang, r-devel-linux-x86_64-fedora-gcc, r-oldrel-macos-arm64, r-oldrel-macos-x86_64