CRAN Package Check Results for Package ggthemes

Last updated on 2022-09-30 08:54:09 CEST.

Flavor Version Tinstall Tcheck Ttotal Status Flags
r-devel-linux-x86_64-debian-clang 4.2.4 11.49 125.47 136.96 OK
r-devel-linux-x86_64-debian-gcc 4.2.4 8.50 90.98 99.48 OK
r-devel-linux-x86_64-fedora-clang 4.2.4 180.43 NOTE
r-devel-linux-x86_64-fedora-gcc 4.2.4 177.99 NOTE
r-devel-windows-x86_64 4.2.4 127.00 169.00 296.00 OK
r-patched-linux-x86_64 4.2.4 15.32 113.59 128.91 OK
r-release-linux-x86_64 4.2.4 7.90 111.22 119.12 OK
r-release-macos-arm64 4.2.4 43.00 NOTE
r-release-macos-x86_64 4.2.4 61.00 NOTE
r-release-windows-x86_64 4.2.4 116.00 155.00 271.00 OK
r-oldrel-macos-arm64 4.2.4 52.00 NOTE
r-oldrel-macos-x86_64 4.2.4 84.00 NOTE
r-oldrel-windows-ix86+x86_64 4.2.4 23.00 146.00 169.00 OK

Check Details

Version: 4.2.4
Check: data for non-ASCII characters
Result: NOTE
     Note: found 138 marked UTF-8 strings
Flavors: r-devel-linux-x86_64-fedora-clang, r-devel-linux-x86_64-fedora-gcc, r-release-macos-arm64, r-release-macos-x86_64, r-oldrel-macos-arm64, r-oldrel-macos-x86_64