CRAN Package Check Results for Package ghcm

Last updated on 2021-05-08 09:51:09 CEST.

Flavor Version Tinstall Tcheck Ttotal Status Flags
r-devel-linux-x86_64-debian-clang 1.0.0 2.92 266.68 269.60 OK
r-devel-linux-x86_64-debian-gcc 1.0.0 2.61 194.89 197.50 OK
r-devel-linux-x86_64-fedora-clang 1.0.0 328.23 NOTE
r-devel-linux-x86_64-fedora-gcc 1.0.0 317.98 NOTE
r-devel-windows-ix86+x86_64 1.0.0 8.00 326.00 334.00 OK
r-devel-windows-x86_64-gcc10-UCRT 1.0.0 NOTE
r-patched-linux-x86_64 1.0.0 2.70 252.49 255.19 OK
r-patched-solaris-x86 1.0.0 618.10 NOTE
r-release-linux-x86_64 1.0.0 2.88 258.60 261.48 OK
r-release-macos-x86_64 1.0.0 NOTE
r-release-windows-ix86+x86_64 1.0.0 6.00 256.00 262.00 OK
r-oldrel-macos-x86_64 1.0.0 ERROR

Check Details

Version: 1.0.0
Check: dependencies in R code
Result: NOTE
    Namespace in Imports field not imported from: ‘refund’
     All declared Imports should be used.
Flavors: r-devel-linux-x86_64-fedora-clang, r-devel-linux-x86_64-fedora-gcc, r-devel-windows-x86_64-gcc10-UCRT, r-patched-solaris-x86, r-release-macos-x86_64

Version: 1.0.0
Check: whether package can be installed
Result: ERROR
    Installation failed.
Flavor: r-oldrel-macos-x86_64