CRAN Package Check Results for Package ghibli

Last updated on 2019-01-23 22:48:26 CET.

Flavor Version Tinstall Tcheck Ttotal Status Flags
r-devel-linux-x86_64-debian-clang 0.1.2 0.91 20.17 21.08 OK
r-devel-linux-x86_64-debian-gcc 0.1.2 0.68 17.07 17.75 OK
r-devel-linux-x86_64-fedora-clang 0.1.2 26.03 NOTE
r-devel-linux-x86_64-fedora-gcc 0.1.2 24.12 NOTE
r-devel-windows-ix86+x86_64 0.1.2 5.00 57.00 62.00 OK
r-patched-linux-x86_64 0.1.2 0.88 18.68 19.56 OK
r-patched-solaris-x86 0.1.2 38.50 NOTE
r-release-linux-x86_64 0.1.2 0.65 18.94 19.59 OK
r-release-windows-ix86+x86_64 0.1.2 3.00 43.00 46.00 OK
r-release-osx-x86_64 0.1.2 NOTE
r-oldrel-windows-ix86+x86_64 0.1.2 3.00 47.00 50.00 OK
r-oldrel-osx-x86_64 0.1.2 NOTE

Check Details

Version: 0.1.2
Check: dependencies in R code
Result: NOTE
    Namespace in Imports field not imported from: ‘ggplot2’
     All declared Imports should be used.
Flavors: r-devel-linux-x86_64-fedora-clang, r-devel-linux-x86_64-fedora-gcc, r-patched-solaris-x86, r-release-osx-x86_64, r-oldrel-osx-x86_64