CRAN Package Check Results for Package ghibli

Last updated on 2018-05-24 10:48:14 CEST.

Flavor Version Tinstall Tcheck Ttotal Status Flags
r-devel-linux-x86_64-debian-clang 0.1.1 0.81 17.66 18.47 OK
r-devel-linux-x86_64-debian-gcc 0.1.1 0.62 15.90 16.52 OK
r-devel-linux-x86_64-fedora-clang 0.1.1 25.06 NOTE
r-devel-linux-x86_64-fedora-gcc 0.1.1 23.44 NOTE
r-devel-windows-ix86+x86_64 0.1.1 4.00 40.00 44.00 OK
r-patched-linux-x86_64 0.1.1 0.81 18.56 19.37 OK
r-patched-solaris-x86 0.1.1 38.30 NOTE
r-release-linux-x86_64 0.1.1 0.87 18.68 19.55 OK
r-release-windows-ix86+x86_64 0.1.1 3.00 39.00 42.00 OK
r-release-osx-x86_64 0.1.1 NOTE
r-oldrel-windows-ix86+x86_64 0.1.1 6.00 61.00 67.00 OK
r-oldrel-osx-x86_64 0.1.1 NOTE

Check Details

Version: 0.1.1
Check: dependencies in R code
Result: NOTE
    Namespace in Imports field not imported from: ‘ggplot2’
     All declared Imports should be used.
Flavors: r-devel-linux-x86_64-fedora-clang, r-devel-linux-x86_64-fedora-gcc, r-patched-solaris-x86, r-release-osx-x86_64, r-oldrel-osx-x86_64