CRAN Package Check Results for Package ghibli

Last updated on 2018-10-19 22:49:40 CEST.

Flavor Version Tinstall Tcheck Ttotal Status Flags
r-devel-linux-x86_64-debian-clang 0.1.2 0.74 20.33 21.07 OK
r-devel-linux-x86_64-debian-gcc 0.1.2 0.72 16.49 17.21 OK
r-devel-linux-x86_64-fedora-clang 0.1.2 26.33 NOTE
r-devel-linux-x86_64-fedora-gcc 0.1.2 24.93 NOTE
r-devel-windows-ix86+x86_64 0.1.2 6.00 42.00 48.00 OK
r-patched-linux-x86_64 0.1.2 0.74 18.42 19.16 OK
r-patched-solaris-x86 0.1.2 37.00 NOTE
r-release-linux-x86_64 0.1.2 0.91 18.57 19.48 OK
r-release-windows-ix86+x86_64 0.1.2 4.00 45.00 49.00 OK
r-release-osx-x86_64 0.1.2 NOTE
r-oldrel-windows-ix86+x86_64 0.1.2 2.00 46.00 48.00 OK
r-oldrel-osx-x86_64 0.1.2 NOTE

Check Details

Version: 0.1.2
Check: dependencies in R code
Result: NOTE
    Namespace in Imports field not imported from: ‘ggplot2’
     All declared Imports should be used.
Flavors: r-devel-linux-x86_64-fedora-clang, r-devel-linux-x86_64-fedora-gcc, r-patched-solaris-x86, r-release-osx-x86_64, r-oldrel-osx-x86_64