CRAN Package Check Results for Package ghibli

Last updated on 2018-08-16 22:50:31 CEST.

Flavor Version Tinstall Tcheck Ttotal Status Flags
r-devel-linux-x86_64-debian-clang 0.1.1 0.98 20.95 21.93 OK
r-devel-linux-x86_64-debian-gcc 0.1.1 0.75 16.59 17.34 OK
r-devel-linux-x86_64-fedora-clang 0.1.1 26.28 NOTE
r-devel-linux-x86_64-fedora-gcc 0.1.1 24.75 NOTE
r-devel-windows-ix86+x86_64 0.1.1 5.00 45.00 50.00 OK
r-patched-linux-x86_64 0.1.1 0.86 19.23 20.09 OK
r-patched-solaris-x86 0.1.1 38.10 NOTE
r-release-linux-x86_64 0.1.1 0.82 19.09 19.91 OK
r-release-windows-ix86+x86_64 0.1.1 4.00 42.00 46.00 OK
r-release-osx-x86_64 0.1.1 NOTE
r-oldrel-windows-ix86+x86_64 0.1.1 4.00 33.00 37.00 OK
r-oldrel-osx-x86_64 0.1.1 NOTE

Check Details

Version: 0.1.1
Check: dependencies in R code
Result: NOTE
    Namespace in Imports field not imported from: ‘ggplot2’
     All declared Imports should be used.
Flavors: r-devel-linux-x86_64-fedora-clang, r-devel-linux-x86_64-fedora-gcc, r-patched-solaris-x86, r-release-osx-x86_64, r-oldrel-osx-x86_64