CRAN Package Check Results for Package ghibli

Last updated on 2018-02-21 12:47:42 CET.

Flavor Version Tinstall Tcheck Ttotal Status Flags
r-devel-linux-x86_64-debian-clang 0.1.1 0.63 18.88 19.51 OK
r-devel-linux-x86_64-debian-gcc 0.1.1 0.66 14.89 15.55 OK
r-devel-linux-x86_64-fedora-clang 0.1.1 23.10 NOTE
r-devel-linux-x86_64-fedora-gcc 0.1.1 21.99 NOTE
r-devel-windows-ix86+x86_64 0.1.1 3.00 29.00 32.00 OK
r-patched-linux-x86_64 0.1.1 0.70 21.53 22.23 OK
r-patched-solaris-x86 0.1.1 34.90 NOTE
r-release-linux-x86_64 0.1.1 0.71 21.71 22.42 OK
r-release-windows-ix86+x86_64 0.1.1 6.00 43.00 49.00 OK
r-release-osx-x86_64 0.1.1 NOTE
r-oldrel-windows-ix86+x86_64 0.1.1 3.00 28.00 31.00 OK
r-oldrel-osx-x86_64 0.1.1 NOTE

Check Details

Version: 0.1.1
Check: dependencies in R code
Result: NOTE
    Namespace in Imports field not imported from: ‘ggplot2’
     All declared Imports should be used.
Flavors: r-devel-linux-x86_64-fedora-clang, r-devel-linux-x86_64-fedora-gcc, r-patched-solaris-x86, r-release-osx-x86_64, r-oldrel-osx-x86_64