CRAN Package Check Results for Package ghibli

Last updated on 2024-02-29 22:58:45 CET.

Flavor Version Tinstall Tcheck Ttotal Status Flags
r-devel-linux-x86_64-debian-clang 0.3.3 2.33 34.28 36.61 ERROR
r-devel-linux-x86_64-debian-gcc 0.3.3 1.30 26.04 27.34 ERROR
r-devel-linux-x86_64-fedora-clang 0.3.3 45.19 ERROR
r-devel-linux-x86_64-fedora-gcc 0.3.3 59.16 ERROR
r-devel-windows-x86_64 0.3.3 4.00 48.00 52.00 OK
r-patched-linux-x86_64 0.3.3 2.40 33.31 35.71 ERROR
r-release-linux-x86_64 0.3.3 2.17 32.62 34.79 ERROR
r-release-macos-arm64 0.3.3 26.00 OK
r-release-macos-x86_64 0.3.3 36.00 OK
r-release-windows-x86_64 0.3.3 3.00 51.00 54.00 ERROR
r-oldrel-macos-arm64 0.3.3 20.00 OK
r-oldrel-windows-x86_64 0.3.3 5.00 54.00 59.00 ERROR

Check Details

Version: 0.3.3
Check: tests
Result: ERROR Running ‘testthat.R’ [2s/2s] Running the tests in ‘tests/testthat.R’ failed. Complete output: > library(testthat) > library(ghibli) > > test_check("ghibli") [ FAIL 2 | WARN 1 | SKIP 0 | PASS 8 ] ══ Failed tests ════════════════════════════════════════════════════════════════ ── Failure ('test-scales.R:40:3'): scale_colour_ghibli_d fails as expected ───── `base_color_plot + scale_colour_ghibli_d()` did not throw an error. ── Failure ('test-scales.R:67:3'): scale_fill_ghibli_d fails as expected ─────── `base_fill_plot + scale_fill_ghibli_d()` did not throw an error. [ FAIL 2 | WARN 1 | SKIP 0 | PASS 8 ] Error: Test failures Execution halted Flavor: r-devel-linux-x86_64-debian-clang

Version: 0.3.3
Check: tests
Result: ERROR Running ‘testthat.R’ [2s/3s] Running the tests in ‘tests/testthat.R’ failed. Complete output: > library(testthat) > library(ghibli) > > test_check("ghibli") [ FAIL 2 | WARN 1 | SKIP 0 | PASS 8 ] ══ Failed tests ════════════════════════════════════════════════════════════════ ── Failure ('test-scales.R:40:3'): scale_colour_ghibli_d fails as expected ───── `base_color_plot + scale_colour_ghibli_d()` did not throw an error. ── Failure ('test-scales.R:67:3'): scale_fill_ghibli_d fails as expected ─────── `base_fill_plot + scale_fill_ghibli_d()` did not throw an error. [ FAIL 2 | WARN 1 | SKIP 0 | PASS 8 ] Error: Test failures Execution halted Flavors: r-devel-linux-x86_64-debian-gcc, r-patched-linux-x86_64, r-release-linux-x86_64

Version: 0.3.3
Check: tests
Result: ERROR Running ‘testthat.R’ Running the tests in ‘tests/testthat.R’ failed. Complete output: > library(testthat) > library(ghibli) > > test_check("ghibli") [ FAIL 2 | WARN 1 | SKIP 0 | PASS 8 ] ══ Failed tests ════════════════════════════════════════════════════════════════ ── Failure ('test-scales.R:40:3'): scale_colour_ghibli_d fails as expected ───── `base_color_plot + scale_colour_ghibli_d()` did not throw an error. ── Failure ('test-scales.R:67:3'): scale_fill_ghibli_d fails as expected ─────── `base_fill_plot + scale_fill_ghibli_d()` did not throw an error. [ FAIL 2 | WARN 1 | SKIP 0 | PASS 8 ] Error: Test failures Execution halted Flavor: r-devel-linux-x86_64-fedora-clang

Version: 0.3.3
Check: tests
Result: ERROR Running ‘testthat.R’ [3s/12s] Running the tests in ‘tests/testthat.R’ failed. Complete output: > library(testthat) > library(ghibli) > > test_check("ghibli") [ FAIL 2 | WARN 1 | SKIP 0 | PASS 8 ] ══ Failed tests ════════════════════════════════════════════════════════════════ ── Failure ('test-scales.R:40:3'): scale_colour_ghibli_d fails as expected ───── `base_color_plot + scale_colour_ghibli_d()` did not throw an error. ── Failure ('test-scales.R:67:3'): scale_fill_ghibli_d fails as expected ─────── `base_fill_plot + scale_fill_ghibli_d()` did not throw an error. [ FAIL 2 | WARN 1 | SKIP 0 | PASS 8 ] Error: Test failures Execution halted Flavor: r-devel-linux-x86_64-fedora-gcc

Version: 0.3.3
Check: tests
Result: ERROR Running 'testthat.R' [2s] Running the tests in 'tests/testthat.R' failed. Complete output: > library(testthat) > library(ghibli) > > test_check("ghibli") [ FAIL 2 | WARN 1 | SKIP 0 | PASS 8 ] ══ Failed tests ════════════════════════════════════════════════════════════════ ── Failure ('test-scales.R:40:3'): scale_colour_ghibli_d fails as expected ───── `base_color_plot + scale_colour_ghibli_d()` did not throw an error. ── Failure ('test-scales.R:67:3'): scale_fill_ghibli_d fails as expected ─────── `base_fill_plot + scale_fill_ghibli_d()` did not throw an error. [ FAIL 2 | WARN 1 | SKIP 0 | PASS 8 ] Error: Test failures Execution halted Flavors: r-release-windows-x86_64, r-oldrel-windows-x86_64