CRAN Package Check Results for Package ghyp

Last updated on 2019-06-17 09:49:43 CEST.

Flavor Version Tinstall Tcheck Ttotal Status Flags
r-devel-linux-x86_64-debian-clang 1.5.7 8.14 72.33 80.47 OK
r-devel-linux-x86_64-debian-gcc 1.5.7 6.06 55.34 61.40 OK
r-devel-linux-x86_64-fedora-clang 1.5.7 98.24 NOTE
r-devel-linux-x86_64-fedora-gcc 1.5.7 95.04 NOTE
r-devel-windows-ix86+x86_64 1.5.7 24.00 125.00 149.00 OK
r-patched-linux-x86_64 1.5.7 7.23 73.29 80.52 OK
r-patched-solaris-x86 1.5.7 133.30 OK
r-release-linux-x86_64 1.5.7 7.99 73.53 81.52 OK
r-release-windows-ix86+x86_64 1.5.7 14.00 158.00 172.00 OK
r-release-osx-x86_64 1.5.7 OK
r-oldrel-windows-ix86+x86_64 1.5.7 10.00 146.00 156.00 OK
r-oldrel-osx-x86_64 1.5.7 OK

Check Details

Version: 1.5.7
Check: compiled code
Result: NOTE
    File ‘ghyp/libs/ghyp.so’:
     Found no calls to: ‘R_registerRoutines’, ‘R_useDynamicSymbols’
    
    It is good practice to register native routines and to disable symbol
    search.
    
    See ‘Writing portable packages’ in the ‘Writing R Extensions’ manual.
Flavors: r-devel-linux-x86_64-fedora-clang, r-devel-linux-x86_64-fedora-gcc