Last updated on 2022-05-26 08:52:41 CEST.
Flavor | Version | Tinstall | Tcheck | Ttotal | Status | Flags |
---|---|---|---|---|---|---|
r-devel-linux-x86_64-debian-clang | 0.1.0 | 33.47 | 83.83 | 117.30 | OK | |
r-devel-linux-x86_64-debian-gcc | 0.1.0 | 32.04 | 76.02 | 108.06 | OK | |
r-devel-linux-x86_64-fedora-clang | 0.1.0 | 156.18 | NOTE | |||
r-devel-linux-x86_64-fedora-gcc | 0.1.0 | 150.25 | OK | |||
r-devel-windows-x86_64 | 0.1.0 | 34.00 | 119.00 | 153.00 | OK | |
r-patched-linux-x86_64 | 0.1.0 | 36.40 | 83.22 | 119.62 | OK | |
r-release-linux-x86_64 | 0.1.0 | OK | ||||
r-release-macos-arm64 | 0.1.0 | 45.00 | NOTE | |||
r-release-macos-x86_64 | 0.1.0 | 59.00 | NOTE | |||
r-release-windows-x86_64 | 0.1.0 | 43.00 | 121.00 | 164.00 | OK | |
r-oldrel-macos-arm64 | 0.1.0 | 50.00 | NOTE | |||
r-oldrel-macos-x86_64 | 0.1.0 | 85.00 | NOTE | |||
r-oldrel-windows-ix86+x86_64 | 0.1.0 | 88.00 | 134.00 | 222.00 | OK |
Version: 0.1.0
Check: installed package size
Result: NOTE
installed size is 5.2Mb
sub-directories of 1Mb or more:
doc 1.1Mb
libs 3.8Mb
Flavors: r-devel-linux-x86_64-fedora-clang, r-release-macos-arm64, r-release-macos-x86_64, r-oldrel-macos-arm64, r-oldrel-macos-x86_64