Last updated on 2023-09-25 14:01:00 CEST.
Flavor | Version | Tinstall | Tcheck | Ttotal | Status | Flags |
---|---|---|---|---|---|---|
r-devel-linux-x86_64-debian-clang | 1.12.0-2 | 238.18 | 21.37 | 259.55 | OK | |
r-devel-linux-x86_64-debian-gcc | 1.12.0-2 | 169.42 | 16.89 | 186.31 | OK | |
r-devel-linux-x86_64-fedora-clang | 1.12.0-2 | 327.34 | OK | |||
r-devel-linux-x86_64-fedora-gcc | 1.12.0-2 | 326.50 | OK | |||
r-devel-windows-x86_64 | 1.12.0-2 | 92.00 | 81.00 | 173.00 | OK | |
r-patched-linux-x86_64 | 1.12.0-2 | 238.99 | 21.10 | 260.09 | OK | |
r-release-linux-x86_64 | 1.12.0-2 | 237.36 | 21.44 | 258.80 | OK | |
r-release-macos-arm64 | 1.12.0-2 | 65.00 | NOTE | |||
r-release-macos-x86_64 | 1.12.0-2 | 81.00 | NOTE | |||
r-release-windows-x86_64 | 1.12.0-2 | 99.00 | 87.00 | 186.00 | OK | |
r-oldrel-macos-arm64 | 1.12.0-2 | 82.00 | NOTE | |||
r-oldrel-macos-x86_64 | 1.12.0-2 | 111.00 | NOTE | |||
r-oldrel-windows-x86_64 | 1.12.0-2 | 136.00 | 81.00 | 217.00 | OK |
Version: 1.12.0-2
Check: installed package size
Result: NOTE
installed size is 8.8Mb
sub-directories of 1Mb or more:
libs 8.7Mb
Flavors: r-release-macos-arm64, r-release-macos-x86_64, r-oldrel-macos-arm64, r-oldrel-macos-x86_64