CRAN Package Check Results for Package gifski

Last updated on 2022-11-26 10:57:59 CET.

Flavor Version Tinstall Tcheck Ttotal Status Flags
r-devel-linux-x86_64-debian-clang 1.6.6-1 367.49 22.09 389.58 OK
r-devel-linux-x86_64-debian-gcc 1.6.6-1 286.95 17.71 304.66 OK
r-devel-linux-x86_64-fedora-clang 1.6.6-1 478.12 OK
r-devel-linux-x86_64-fedora-gcc 1.6.6-1 474.13 OK
r-devel-windows-x86_64 1.6.6-1 16.00 72.00 88.00 OK
r-patched-linux-x86_64 1.6.6-1 OK
r-release-linux-x86_64 1.6.6-1 364.08 21.81 385.89 OK
r-release-macos-arm64 1.6.6-1 103.00 NOTE
r-release-macos-x86_64 1.6.6-1 114.00 NOTE
r-release-windows-x86_64 1.6.6-1 12.00 67.00 79.00 OK
r-oldrel-macos-arm64 1.6.6-1 74.00 NOTE
r-oldrel-macos-x86_64 1.6.6-1 96.00 NOTE
r-oldrel-windows-ix86+x86_64 1.6.6-1 23.00 67.00 90.00 OK

Check Details

Version: 1.6.6-1
Check: installed package size
Result: NOTE
     installed size is 7.6Mb
     sub-directories of 1Mb or more:
     libs 7.5Mb
Flavors: r-release-macos-arm64, r-release-macos-x86_64, r-oldrel-macos-arm64, r-oldrel-macos-x86_64