CRAN Package Check Results for Package gimme

Last updated on 2019-01-23 09:50:22 CET.

Flavor Version Tinstall Tcheck Ttotal Status Flags
r-devel-linux-x86_64-debian-clang 0.4-2 11.86 107.04 118.90 OK
r-devel-linux-x86_64-debian-gcc 0.4-2 8.93 82.71 91.64 OK
r-devel-linux-x86_64-fedora-clang 0.4-2 135.91 OK
r-devel-linux-x86_64-fedora-gcc 0.4-2 129.00 OK
r-devel-windows-ix86+x86_64 0.4-2 30.00 162.00 192.00 OK
r-patched-linux-x86_64 0.4-2 9.20 98.80 108.00 OK
r-patched-solaris-x86 0.4-2 217.30 OK
r-release-linux-x86_64 0.4-2 10.89 98.94 109.83 OK
r-release-windows-ix86+x86_64 0.4-2 20.00 115.00 135.00 WARN
r-release-osx-x86_64 0.4-2 OK
r-oldrel-windows-ix86+x86_64 0.4-2 23.00 171.00 194.00 OK
r-oldrel-osx-x86_64 0.4-2 OK

Check Details

Version: 0.4-2
Check: whether package can be installed
Result: WARN
    Found the following significant warnings:
     Warning: S3 methods '[.fun_list', '[.grouped_df', 'all.equal.tbl_df', 'anti_join.data.frame', 'anti_join.tbl_df', 'arrange.data.frame', 'arrange.default', 'arrange.grouped_df', 'arrange.tbl_df', 'arrange_.data.frame', 'arrange_.tbl_df', 'as.data.frame.grouped_df', 'as.data.frame.rowwise_df', 'as.data.frame.tbl_cube', 'as.table.tbl_cube', 'as.tbl.data.frame', 'as.tbl.tbl', 'as.tbl_cube.array', 'as.tbl_cube.data.frame', 'as.tbl_cube.matrix', 'as.tbl_cube.table', 'as_tibble.grouped_df', 'as_tibble.tbl_cube', 'auto_copy.tbl_cube', 'auto_copy.tbl_df', 'cbind.grouped_df', 'collapse.data.frame', 'collect.data.frame', 'common_by.NULL', 'common_by.character', 'common_by.default', 'common_by.list', 'compute.data.frame', 'copy_to.DBIConnection', 'copy_to.src_local', 'default_missing.data.frame', 'default_missing.default', 'dim.tbl_cube', 'distinct.data.frame', 'distinct.default', 'distinct.grouped_df', 'distinct.tbl_df', 'distinct_.data.frame', 'distinct_.grouped_df', 'distinct_.tbl_df', 'do.NULL', 'do.da [... truncated]
Flavor: r-release-windows-ix86+x86_64