CRAN Package Check Results for Package gimme

Last updated on 2018-08-16 12:50:12 CEST.

Flavor Version Tinstall Tcheck Ttotal Status Flags
r-devel-linux-x86_64-debian-clang 0.4-1 11.07 116.03 127.10 OK
r-devel-linux-x86_64-debian-gcc 0.4-1 8.85 93.41 102.26 OK
r-devel-linux-x86_64-fedora-clang 0.4-1 152.82 OK
r-devel-linux-x86_64-fedora-gcc 0.4-1 142.62 OK
r-devel-windows-ix86+x86_64 0.4-1 36.00 171.00 207.00 OK
r-patched-linux-x86_64 0.4-1 9.45 94.89 104.34 OK
r-patched-solaris-x86 0.4-1 201.90 OK
r-release-linux-x86_64 0.4-1 8.27 94.54 102.81 OK
r-release-windows-ix86+x86_64 0.4-1 29.00 152.00 181.00 OK
r-release-osx-x86_64 0.4-1 OK
r-oldrel-windows-ix86+x86_64 0.4-1 26.00 147.00 173.00 WARN
r-oldrel-osx-x86_64 0.4-1 OK

Check Details

Version: 0.4-1
Check: whether package can be installed
Result: WARN
    Found the following significant warnings:
     Warning: S3 methods '[.fun_list', '[.grouped_df', 'all.equal.tbl_df', 'anti_join.data.frame', 'anti_join.tbl_df', 'arrange.data.frame', 'arrange.default', 'arrange.grouped_df', 'arrange.tbl_df', 'arrange_.data.frame', 'arrange_.tbl_df', 'as.data.frame.grouped_df', 'as.data.frame.rowwise_df', 'as.data.frame.tbl_cube', 'as.data.frame.tbl_df', 'as.table.tbl_cube', 'as.tbl.data.frame', 'as.tbl.tbl', 'as.tbl_cube.array', 'as.tbl_cube.data.frame', 'as.tbl_cube.matrix', 'as.tbl_cube.table', 'as_data_frame.grouped_df', 'as_data_frame.tbl_cube', 'auto_copy.tbl_cube', 'auto_copy.tbl_df', 'cbind.grouped_df', 'collapse.data.frame', 'collect.data.frame', 'common_by.NULL', 'common_by.character', 'common_by.default', 'common_by.list', 'compute.data.frame', 'copy_to.DBIConnection', 'copy_to.src_local', 'default_missing.data.frame', 'default_missing.default', 'dim.tbl_cube', 'distinct.data.frame', 'distinct.default', 'distinct.grouped_df', 'distinct.tbl_df', 'distinct_.data.frame', 'distinct_.grouped_df', 'dist [... truncated]
Flavor: r-oldrel-windows-ix86+x86_64