Last updated on 2021-01-20 22:48:13 CET.
Flavor | Version | Tinstall | Tcheck | Ttotal | Status | Flags |
---|---|---|---|---|---|---|
r-devel-linux-x86_64-debian-clang | 0.28.0 | 18.12 | 61.93 | 80.05 | OK | |
r-devel-linux-x86_64-debian-gcc | 0.28.0 | 11.38 | 48.17 | 59.55 | OK | |
r-devel-linux-x86_64-fedora-clang | 0.28.0 | 104.45 | OK | |||
r-devel-linux-x86_64-fedora-gcc | 0.28.0 | 93.66 | OK | |||
r-devel-windows-ix86+x86_64 | 0.28.0 | 52.00 | 150.00 | 202.00 | NOTE | |
r-patched-linux-x86_64 | 0.28.0 | 13.63 | 60.74 | 74.37 | OK | |
r-patched-solaris-x86 | 0.28.0 | 350.10 | OK | |||
r-release-linux-x86_64 | 0.28.0 | 14.00 | 59.93 | 73.93 | OK | |
r-release-macos-x86_64 | 0.28.0 | OK | ||||
r-release-windows-ix86+x86_64 | 0.28.0 | 52.00 | 170.00 | 222.00 | NOTE | |
r-oldrel-macos-x86_64 | 0.28.0 | OK | ||||
r-oldrel-windows-ix86+x86_64 | 0.28.0 | 45.00 | 144.00 | 189.00 | NOTE |
Version: 0.28.0
Check: installed package size
Result: NOTE
installed size is 7.8Mb
sub-directories of 1Mb or more:
libs 7.2Mb
Flavors: r-devel-windows-ix86+x86_64, r-release-windows-ix86+x86_64, r-oldrel-windows-ix86+x86_64