CRAN Package Check Results for Package githubinstall

Last updated on 2018-11-21 13:48:27 CET.

Flavor Version Tinstall Tcheck Ttotal Status Flags
r-devel-linux-x86_64-debian-clang 0.2.2 3.88 60.08 63.96 OK
r-devel-linux-x86_64-debian-gcc 0.2.2 3.64 46.98 50.62 OK
r-devel-linux-x86_64-fedora-clang 0.2.2 74.58 NOTE
r-devel-linux-x86_64-fedora-gcc 0.2.2 73.02 NOTE
r-devel-windows-ix86+x86_64 0.2.2 14.00 73.00 87.00 OK
r-patched-linux-x86_64 0.2.2 4.96 57.41 62.37 OK
r-patched-solaris-x86 0.2.2 108.20 NOTE
r-release-linux-x86_64 0.2.2 4.10 57.84 61.94 OK
r-release-windows-ix86+x86_64 0.2.2 8.00 107.00 115.00 OK
r-release-osx-x86_64 0.2.2 NOTE
r-oldrel-windows-ix86+x86_64 0.2.2 10.00 84.00 94.00 OK
r-oldrel-osx-x86_64 0.2.2 NOTE

Check Details

Version: 0.2.2
Check: dependencies in R code
Result: NOTE
    Namespace in Imports field not imported from: ‘mockery’
     All declared Imports should be used.
Flavors: r-devel-linux-x86_64-fedora-clang, r-devel-linux-x86_64-fedora-gcc, r-patched-solaris-x86, r-release-osx-x86_64, r-oldrel-osx-x86_64