CRAN Package Check Results for Package githubinstall

Last updated on 2018-05-28 10:48:50 CEST.

Flavor Version Tinstall Tcheck Ttotal Status Flags
r-devel-linux-x86_64-debian-clang 0.2.2 3.06 39.40 42.46 OK
r-devel-linux-x86_64-debian-gcc 0.2.2 2.23 35.86 38.09 OK
r-devel-linux-x86_64-fedora-clang 0.2.2 57.95 NOTE
r-devel-linux-x86_64-fedora-gcc 0.2.2 60.85 NOTE
r-devel-windows-ix86+x86_64 0.2.2 5.00 82.00 87.00 OK
r-patched-linux-x86_64 0.2.2 1.99 43.23 45.22 OK
r-patched-solaris-x86 0.2.2 78.80 NOTE
r-release-linux-x86_64 0.2.2 2.10 43.44 45.54 OK
r-release-windows-ix86+x86_64 0.2.2 8.00 77.00 85.00 OK
r-release-osx-x86_64 0.2.2 NOTE
r-oldrel-windows-ix86+x86_64 0.2.2 8.00 63.00 71.00 OK
r-oldrel-osx-x86_64 0.2.2 NOTE

Check Details

Version: 0.2.2
Check: dependencies in R code
Result: NOTE
    Namespace in Imports field not imported from: ‘mockery’
     All declared Imports should be used.
Flavors: r-devel-linux-x86_64-fedora-clang, r-devel-linux-x86_64-fedora-gcc, r-patched-solaris-x86, r-release-osx-x86_64, r-oldrel-osx-x86_64