CRAN Package Check Results for Package githubinstall

Last updated on 2018-08-20 23:47:58 CEST.

Flavor Version Tinstall Tcheck Ttotal Status Flags
r-devel-linux-x86_64-debian-clang 0.2.2 3.03 47.10 50.13 OK
r-devel-linux-x86_64-debian-gcc 0.2.2 1.79 37.13 38.92 OK
r-devel-linux-x86_64-fedora-clang 0.2.2 59.83 NOTE
r-devel-linux-x86_64-fedora-gcc 0.2.2 57.56 NOTE
r-devel-windows-ix86+x86_64 0.2.2 7.00 80.00 87.00 OK
r-patched-linux-x86_64 0.2.2 2.68 43.86 46.54 OK
r-patched-solaris-x86 0.2.2 81.20 NOTE
r-release-linux-x86_64 0.2.2 2.75 44.14 46.89 OK
r-release-windows-ix86+x86_64 0.2.2 7.00 80.00 87.00 OK
r-release-osx-x86_64 0.2.2 NOTE
r-oldrel-windows-ix86+x86_64 0.2.2 4.00 91.00 95.00 OK
r-oldrel-osx-x86_64 0.2.2 NOTE

Check Details

Version: 0.2.2
Check: dependencies in R code
Result: NOTE
    Namespace in Imports field not imported from: ‘mockery’
     All declared Imports should be used.
Flavors: r-devel-linux-x86_64-fedora-clang, r-devel-linux-x86_64-fedora-gcc, r-patched-solaris-x86, r-release-osx-x86_64, r-oldrel-osx-x86_64