CRAN Package Check Results for Package gjam

Last updated on 2018-08-17 00:49:47 CEST.

Flavor Version Tinstall Tcheck Ttotal Status Flags
r-devel-linux-x86_64-debian-clang 2.2.5 39.03 80.55 119.58 OK
r-devel-linux-x86_64-debian-gcc 2.2.5 34.21 62.72 96.93 OK
r-devel-linux-x86_64-fedora-clang 2.2.5 161.18 NOTE
r-devel-linux-x86_64-fedora-gcc 2.2.5 155.98 NOTE
r-devel-windows-ix86+x86_64 2.2.5 99.00 137.00 236.00 OK
r-patched-linux-x86_64 2.2.5 43.80 76.79 120.59 OK
r-patched-solaris-x86 2.2.5 177.50 OK
r-release-linux-x86_64 2.2.5 48.02 76.97 124.99 OK
r-release-windows-ix86+x86_64 2.2.5 110.00 134.00 244.00 OK
r-release-osx-x86_64 2.2.5 OK
r-oldrel-windows-ix86+x86_64 2.2.5 79.00 108.00 187.00 OK
r-oldrel-osx-x86_64 2.2.5 OK

Check Details

Version: 2.2.5
Check: use of SHLIB_OPENMP_*FLAGS in Makefiles
Result: NOTE
     src/Makevars: SHLIB_OPENMP_CXXFLAGS is included in PKG_CXXFLAGS but not in PKG_LIBS
     src/Makevars: SHLIB_OPENMP_CFLAGS is included in PKG_LIBS but not in PKG_CFLAGS
     src/Makevars.win: SHLIB_OPENMP_CXXFLAGS is included in PKG_CXXFLAGS but not in PKG_LIBS
     src/Makevars.win: SHLIB_OPENMP_CFLAGS is included in PKG_LIBS but not in PKG_CFLAGS
    Use of these macros is discussed in sect 1.2.1.1 of ‘Writing R
    Extensions’. The macros for different languages may differ so the
    matching macro must be used in PKG_CXXFLAGS (etc) and match that used
    in PKG_LIBS (except for F77: see the manual).
Flavors: r-devel-linux-x86_64-fedora-clang, r-devel-linux-x86_64-fedora-gcc