CRAN Package Check Results for Package gkmSVM

Last updated on 2022-05-19 08:52:07 CEST.

Flavor Version Tinstall Tcheck Ttotal Status Flags
r-devel-linux-x86_64-debian-clang 0.81.0 56.95 57.16 114.11 OK
r-devel-linux-x86_64-debian-gcc 0.81.0 46.97 44.16 91.13 OK
r-devel-linux-x86_64-fedora-clang 0.81.0 194.57 OK
r-devel-linux-x86_64-fedora-gcc 0.81.0 146.87 OK
r-devel-windows-x86_64 0.81.0 65.00 92.00 157.00 OK
r-patched-linux-x86_64 0.81.0 48.20 55.37 103.57 OK
r-release-linux-x86_64 0.81.0 53.40 55.75 109.15 OK
r-release-macos-arm64 0.81.0 39.00 NOTE
r-release-macos-x86_64 0.81.0 56.00 NOTE
r-release-windows-x86_64 0.81.0 74.00 92.00 166.00 OK
r-oldrel-macos-arm64 0.81.0 46.00 NOTE
r-oldrel-macos-x86_64 0.81.0 78.00 NOTE
r-oldrel-windows-ix86+x86_64 0.81.0 156.00 86.00 242.00 OK

Check Details

Version: 0.81.0
Check: package dependencies
Result: NOTE
    Packages suggested but not available for checking:
     'rtracklayer', 'GenomicRanges', 'BSgenome',
     'BSgenome.Hsapiens.UCSC.hg18.masked',
     'BSgenome.Hsapiens.UCSC.hg19.masked', 'BiocGenerics', 'Biostrings',
     'GenomeInfoDb', 'IRanges', 'S4Vectors'
Flavor: r-release-macos-arm64

Version: 0.81.0
Check: package dependencies
Result: NOTE
    Packages suggested but not available for checking:
     'BSgenome.Hsapiens.UCSC.hg18.masked',
     'BSgenome.Hsapiens.UCSC.hg19.masked'
Flavors: r-release-macos-x86_64, r-oldrel-macos-x86_64

Version: 0.81.0
Check: package dependencies
Result: NOTE
    Packages suggested but not available for checking:
     'rtracklayer', 'GenomicRanges', 'BSgenome',
     'BSgenome.Hsapiens.UCSC.hg18.masked',
     'BSgenome.Hsapiens.UCSC.hg19.masked'
Flavor: r-oldrel-macos-arm64