CRAN Package Check Results for Package glamlasso

Last updated on 2019-04-23 02:47:10 CEST.

Flavor Version Tinstall Tcheck Ttotal Status Flags
r-devel-linux-x86_64-debian-clang 3.0 110.91 27.71 138.62 OK
r-devel-linux-x86_64-debian-gcc 3.0 66.20 22.90 89.10 OK
r-devel-linux-x86_64-fedora-clang 3.0 215.99 NOTE
r-devel-linux-x86_64-fedora-gcc 3.0 136.41 OK
r-devel-windows-ix86+x86_64 3.0 166.00 67.00 233.00 OK
r-patched-linux-x86_64 3.0 68.43 28.42 96.85 OK
r-patched-solaris-x86 3.0 185.90 OK
r-release-linux-x86_64 3.0 68.95 27.25 96.20 OK
r-release-windows-ix86+x86_64 3.0 114.00 87.00 201.00 OK
r-release-osx-x86_64 3.0 NOTE
r-oldrel-windows-ix86+x86_64 3.0 123.00 75.00 198.00 OK
r-oldrel-osx-x86_64 3.0 NOTE

Additional issues

valgrind

Check Details

Version: 3.0
Check: installed package size
Result: NOTE
     installed size is 8.7Mb
     sub-directories of 1Mb or more:
     libs 8.6Mb
Flavors: r-devel-linux-x86_64-fedora-clang, r-release-osx-x86_64, r-oldrel-osx-x86_64