CRAN Package Check Results for Package glamlasso

Last updated on 2019-02-23 15:52:45 CET.

Flavor Version Tinstall Tcheck Ttotal Status Flags
r-devel-linux-x86_64-debian-clang 3.0 117.91 27.98 145.89 OK
r-devel-linux-x86_64-debian-gcc 3.0 68.06 22.52 90.58 OK
r-devel-linux-x86_64-fedora-clang 3.0 217.81 NOTE
r-devel-linux-x86_64-fedora-gcc 3.0 139.48 OK
r-devel-windows-ix86+x86_64 3.0 170.00 82.00 252.00 OK
r-patched-linux-x86_64 3.0 67.15 27.18 94.33 OK
r-patched-solaris-x86 3.0 185.40 OK
r-release-linux-x86_64 3.0 72.37 26.76 99.13 OK
r-release-windows-ix86+x86_64 3.0 170.00 72.00 242.00 OK
r-release-osx-x86_64 3.0 NOTE
r-oldrel-windows-ix86+x86_64 3.0 131.00 81.00 212.00 OK
r-oldrel-osx-x86_64 3.0 NOTE

Additional issues

valgrind

Check Details

Version: 3.0
Check: installed package size
Result: NOTE
     installed size is 8.6Mb
     sub-directories of 1Mb or more:
     libs 8.5Mb
Flavors: r-devel-linux-x86_64-fedora-clang, r-release-osx-x86_64, r-oldrel-osx-x86_64