Last updated on 2022-07-03 03:49:56 CEST.
Flavor | Version | Tinstall | Tcheck | Ttotal | Status | Flags |
---|---|---|---|---|---|---|
r-devel-linux-x86_64-debian-clang | 1.0.1 | 6.68 | 95.83 | 102.51 | NOTE | |
r-devel-linux-x86_64-debian-gcc | 1.0.1 | 4.98 | 70.62 | 75.60 | NOTE | |
r-devel-linux-x86_64-fedora-clang | 1.0.1 | 129.72 | NOTE | |||
r-devel-linux-x86_64-fedora-gcc | 1.0.1 | 126.67 | NOTE | |||
r-devel-windows-x86_64 | 1.0.1 | 20.00 | 126.00 | 146.00 | NOTE | |
r-patched-linux-x86_64 | 1.0.1 | 5.88 | 90.09 | 95.97 | NOTE | |
r-release-linux-x86_64 | 1.0.1 | 6.57 | 90.44 | 97.01 | NOTE | |
r-release-macos-arm64 | 1.0.1 | 37.00 | NOTE | |||
r-release-macos-x86_64 | 1.0.1 | 74.00 | NOTE | |||
r-release-windows-x86_64 | 1.0.1 | 34.00 | 131.00 | 165.00 | NOTE | |
r-oldrel-macos-arm64 | 1.0.1 | 36.00 | NOTE | |||
r-oldrel-macos-x86_64 | 1.0.1 | 62.00 | NOTE | |||
r-oldrel-windows-ix86+x86_64 | 1.0.1 | 18.00 | 105.00 | 123.00 | NOTE |
Version: 1.0.1
Check: LazyData
Result: NOTE
'LazyData' is specified without a 'data' directory
Flavors: r-devel-linux-x86_64-debian-clang, r-devel-linux-x86_64-debian-gcc, r-devel-linux-x86_64-fedora-clang, r-devel-linux-x86_64-fedora-gcc, r-devel-windows-x86_64, r-patched-linux-x86_64, r-release-linux-x86_64, r-release-macos-arm64, r-release-macos-x86_64, r-release-windows-x86_64, r-oldrel-macos-arm64, r-oldrel-macos-x86_64, r-oldrel-windows-ix86+x86_64