CRAN Package Check Results for Package glassdoor

Last updated on 2018-10-16 11:48:04 CEST.

Flavor Version Tinstall Tcheck Ttotal Status Flags
r-devel-linux-x86_64-debian-clang 0.7.6 1.25 21.90 23.15 OK
r-devel-linux-x86_64-debian-gcc 0.7.6 1.02 17.70 18.72 OK
r-devel-linux-x86_64-fedora-clang 0.7.6 27.44 NOTE
r-devel-linux-x86_64-fedora-gcc 0.7.6 26.58 NOTE
r-devel-windows-ix86+x86_64 0.7.6 3.00 54.00 57.00 OK
r-patched-linux-x86_64 0.7.6 1.12 19.95 21.07 OK
r-patched-solaris-x86 0.7.6 38.00 NOTE
r-release-linux-x86_64 0.7.6 0.99 20.42 21.41 OK
r-release-windows-ix86+x86_64 0.7.6 3.00 32.00 35.00 OK
r-release-osx-x86_64 0.7.6 NOTE
r-oldrel-windows-ix86+x86_64 0.7.6 4.00 38.00 42.00 OK
r-oldrel-osx-x86_64 0.7.6 NOTE

Check Details

Version: 0.7.6
Check: dependencies in R code
Result: NOTE
    Namespace in Imports field not imported from: ‘xml2’
     All declared Imports should be used.
Flavors: r-devel-linux-x86_64-fedora-clang, r-devel-linux-x86_64-fedora-gcc, r-patched-solaris-x86, r-release-osx-x86_64, r-oldrel-osx-x86_64