CRAN Package Check Results for Package glassdoor

Last updated on 2024-07-14 21:48:12 CEST.

Flavor Version Tinstall Tcheck Ttotal Status Flags
r-devel-linux-x86_64-debian-clang 0.8.1 2.50 30.69 33.19 NOTE
r-devel-linux-x86_64-debian-gcc 0.8.1 2.02 23.06 25.08 NOTE
r-devel-linux-x86_64-fedora-clang 0.8.1 42.33 NOTE
r-devel-linux-x86_64-fedora-gcc 0.8.1 52.91 NOTE
r-devel-windows-x86_64 0.8.1 4.00 48.00 52.00 NOTE
r-patched-linux-x86_64 0.8.1 5.86 28.33 34.19 NOTE
r-release-linux-x86_64 0.8.1 2.23 28.46 30.69 NOTE
r-release-macos-arm64 0.8.1 24.00 NOTE
r-release-macos-x86_64 0.8.1 44.00 NOTE
r-release-windows-x86_64 0.8.1 3.00 48.00 51.00 NOTE
r-oldrel-macos-arm64 0.8.1 27.00 NOTE
r-oldrel-macos-x86_64 0.8.1 34.00 NOTE
r-oldrel-windows-x86_64 0.8.1 4.00 47.00 51.00 NOTE

Check Details

Version: 0.8.1
Check: LazyData
Result: NOTE 'LazyData' is specified without a 'data' directory Flavors: r-devel-linux-x86_64-debian-clang, r-devel-linux-x86_64-debian-gcc, r-devel-linux-x86_64-fedora-clang, r-devel-linux-x86_64-fedora-gcc, r-devel-windows-x86_64, r-patched-linux-x86_64, r-release-linux-x86_64, r-release-macos-arm64, r-release-macos-x86_64, r-release-windows-x86_64, r-oldrel-macos-arm64, r-oldrel-macos-x86_64, r-oldrel-windows-x86_64

Version: 0.8.1
Check: Rd cross-references
Result: NOTE Found the following Rd file(s) with Rd \link{} targets missing package anchors: gd_api.Rd: GET Please provide package anchors for all Rd \link{} targets not in the package itself and the base packages. Flavor: r-devel-windows-x86_64