CRAN Package Check Results for Package glassdoor

Last updated on 2018-02-20 07:48:10 CET.

Flavor Version Tinstall Tcheck Ttotal Status Flags
r-devel-linux-x86_64-debian-clang 0.7.6 1.21 18.19 19.40 OK
r-devel-linux-x86_64-debian-gcc 0.7.6 0.86 16.05 16.91 OK
r-devel-linux-x86_64-fedora-clang 0.7.6 25.04 NOTE
r-devel-linux-x86_64-fedora-gcc 0.7.6 24.15 NOTE
r-devel-windows-ix86+x86_64 0.7.6 2.00 32.00 34.00 OK
r-patched-linux-x86_64 0.7.6 0.81 20.94 21.75 OK
r-patched-solaris-x86 0.7.6 37.80 NOTE
r-release-linux-x86_64 0.7.6 0.92 21.11 22.03 OK
r-release-windows-ix86+x86_64 0.7.6 3.00 86.00 89.00 OK
r-release-osx-x86_64 0.7.6 NOTE
r-oldrel-windows-ix86+x86_64 0.7.6 4.00 43.00 47.00 OK
r-oldrel-osx-x86_64 0.7.6 NOTE

Check Details

Version: 0.7.6
Check: dependencies in R code
Result: NOTE
    Namespace in Imports field not imported from: ‘xml2’
     All declared Imports should be used.
Flavors: r-devel-linux-x86_64-fedora-clang, r-devel-linux-x86_64-fedora-gcc, r-patched-solaris-x86, r-release-osx-x86_64, r-oldrel-osx-x86_64