CRAN Package Check Results for Package glassdoor

Last updated on 2018-08-17 07:47:32 CEST.

Flavor Version Tinstall Tcheck Ttotal Status Flags
r-devel-linux-x86_64-debian-clang 0.7.6 1.17 21.77 22.94 OK
r-devel-linux-x86_64-debian-gcc 0.7.6 0.82 17.93 18.75 OK
r-devel-linux-x86_64-fedora-clang 0.7.6 28.09 NOTE
r-devel-linux-x86_64-fedora-gcc 0.7.6 26.12 NOTE
r-devel-windows-ix86+x86_64 0.7.6 4.00 43.00 47.00 OK
r-patched-linux-x86_64 0.7.6 1.05 20.22 21.27 OK
r-patched-solaris-x86 0.7.6 39.40 NOTE
r-release-linux-x86_64 0.7.6 1.15 19.98 21.13 OK
r-release-windows-ix86+x86_64 0.7.6 4.00 47.00 51.00 OK
r-release-osx-x86_64 0.7.6 NOTE
r-oldrel-windows-ix86+x86_64 0.7.6 3.00 33.00 36.00 OK
r-oldrel-osx-x86_64 0.7.6 NOTE

Check Details

Version: 0.7.6
Check: dependencies in R code
Result: NOTE
    Namespace in Imports field not imported from: ‘xml2’
     All declared Imports should be used.
Flavors: r-devel-linux-x86_64-fedora-clang, r-devel-linux-x86_64-fedora-gcc, r-patched-solaris-x86, r-release-osx-x86_64, r-oldrel-osx-x86_64