CRAN Package Check Results for Package glassdoor

Last updated on 2018-05-27 21:47:44 CEST.

Flavor Version Tinstall Tcheck Ttotal Status Flags
r-devel-linux-x86_64-debian-clang 0.7.6 1.20 21.47 22.67 OK
r-devel-linux-x86_64-debian-gcc 0.7.6 0.95 16.96 17.91 OK
r-devel-linux-x86_64-fedora-clang 0.7.6 26.91 NOTE
r-devel-linux-x86_64-fedora-gcc 0.7.6 25.36 NOTE
r-devel-windows-ix86+x86_64 0.7.6 3.00 70.00 73.00 OK
r-patched-linux-x86_64 0.7.6 0.96 20.18 21.14 OK
r-patched-solaris-x86 0.7.6 38.20 NOTE
r-release-linux-x86_64 0.7.6 0.96 20.32 21.28 OK
r-release-windows-ix86+x86_64 0.7.6 4.00 44.00 48.00 OK
r-release-osx-x86_64 0.7.6 NOTE
r-oldrel-windows-ix86+x86_64 0.7.6 4.00 33.00 37.00 OK
r-oldrel-osx-x86_64 0.7.6 NOTE

Check Details

Version: 0.7.6
Check: dependencies in R code
Result: NOTE
    Namespace in Imports field not imported from: ‘xml2’
     All declared Imports should be used.
Flavors: r-devel-linux-x86_64-fedora-clang, r-devel-linux-x86_64-fedora-gcc, r-patched-solaris-x86, r-release-osx-x86_64, r-oldrel-osx-x86_64