CRAN Package Check Results for Package gld

Last updated on 2019-02-21 01:50:44 CET.

Flavor Version Tinstall Tcheck Ttotal Status Flags
r-devel-linux-x86_64-debian-clang 2.4.1 5.14 32.31 37.45 OK
r-devel-linux-x86_64-debian-gcc 2.4.1 4.06 25.56 29.62 OK
r-devel-linux-x86_64-fedora-clang 2.4.1 46.48 NOTE
r-devel-linux-x86_64-fedora-gcc 2.4.1 43.78 NOTE
r-devel-windows-ix86+x86_64 2.4.1 17.00 54.00 71.00 OK
r-patched-linux-x86_64 2.4.1 OK
r-patched-solaris-x86 2.4.1 60.10 OK
r-release-linux-x86_64 2.4.1 OK
r-release-windows-ix86+x86_64 2.4.1 13.00 73.00 86.00 OK
r-release-osx-x86_64 2.4.1 OK
r-oldrel-windows-ix86+x86_64 2.4.1 10.00 73.00 83.00 OK
r-oldrel-osx-x86_64 2.4.1 OK

Check Details

Version: 2.4.1
Check: compiled code
Result: NOTE
    File ‘gld/libs/gld.so’:
     Found no calls to: ‘R_registerRoutines’, ‘R_useDynamicSymbols’
    
    It is good practice to register native routines and to disable symbol
    search.
    
    See ‘Writing portable packages’ in the ‘Writing R Extensions’ manual.
Flavors: r-devel-linux-x86_64-fedora-clang, r-devel-linux-x86_64-fedora-gcc