CRAN Package Check Results for Package gld

Last updated on 2018-11-18 23:49:52 CET.

Flavor Version Tinstall Tcheck Ttotal Status Flags
r-devel-linux-x86_64-debian-clang 2.4.1 4.92 32.85 37.77 OK
r-devel-linux-x86_64-debian-gcc 2.4.1 4.31 27.03 31.34 OK
r-devel-linux-x86_64-fedora-clang 2.4.1 44.14 NOTE
r-devel-linux-x86_64-fedora-gcc 2.4.1 42.98 NOTE
r-devel-windows-ix86+x86_64 2.4.1 16.00 54.00 70.00 OK
r-patched-linux-x86_64 2.4.1 4.25 31.44 35.69 OK
r-patched-solaris-x86 2.4.1 59.80 OK
r-release-linux-x86_64 2.4.1 4.22 31.52 35.74 OK
r-release-windows-ix86+x86_64 2.4.1 16.00 70.00 86.00 OK
r-release-osx-x86_64 2.4.1 OK
r-oldrel-windows-ix86+x86_64 2.4.1 13.00 71.00 84.00 OK
r-oldrel-osx-x86_64 2.4.1 OK

Check Details

Version: 2.4.1
Check: compiled code
Result: NOTE
    File ‘gld/libs/gld.so’:
     Found no calls to: ‘R_registerRoutines’, ‘R_useDynamicSymbols’
    
    It is good practice to register native routines and to disable symbol
    search.
    
    See ‘Writing portable packages’ in the ‘Writing R Extensions’ manual.
Flavors: r-devel-linux-x86_64-fedora-clang, r-devel-linux-x86_64-fedora-gcc