CRAN Package Check Results for Package gld

Last updated on 2018-08-20 07:47:41 CEST.

Flavor Version Tinstall Tcheck Ttotal Status Flags
r-devel-linux-x86_64-debian-clang 2.4.1 4.42 32.63 37.05 NOTE
r-devel-linux-x86_64-debian-gcc 2.4.1 3.24 26.47 29.71 NOTE
r-devel-linux-x86_64-fedora-clang 2.4.1 44.92 NOTE
r-devel-linux-x86_64-fedora-gcc 2.4.1 43.89 NOTE
r-devel-windows-ix86+x86_64 2.4.1 15.00 68.00 83.00 OK
r-patched-linux-x86_64 2.4.1 5.08 31.60 36.68 NOTE
r-patched-solaris-x86 2.4.1 59.90 OK
r-release-linux-x86_64 2.4.1 4.89 31.59 36.48 NOTE
r-release-windows-ix86+x86_64 2.4.1 20.00 52.00 72.00 OK
r-release-osx-x86_64 2.4.1 OK
r-oldrel-windows-ix86+x86_64 2.4.1 10.00 67.00 77.00 OK
r-oldrel-osx-x86_64 2.4.1 OK

Check Details

Version: 2.4.1
Check: compiled code
Result: NOTE
    File ‘gld/libs/gld.so’:
     Found no calls to: ‘R_registerRoutines’, ‘R_useDynamicSymbols’
    
    It is good practice to register native routines and to disable symbol
    search.
    
    See ‘Writing portable packages’ in the ‘Writing R Extensions’ manual.
Flavors: r-devel-linux-x86_64-debian-clang, r-devel-linux-x86_64-debian-gcc, r-devel-linux-x86_64-fedora-clang, r-devel-linux-x86_64-fedora-gcc, r-patched-linux-x86_64, r-release-linux-x86_64