Last updated on 2022-05-27 22:51:56 CEST.
Flavor | Version | Tinstall | Tcheck | Ttotal | Status | Flags |
---|---|---|---|---|---|---|
r-devel-linux-x86_64-debian-clang | 1.0.4 | 21.26 | 40.98 | 62.24 | NOTE | |
r-devel-linux-x86_64-debian-gcc | 1.0.4 | 17.20 | 31.03 | 48.23 | NOTE | |
r-devel-linux-x86_64-fedora-clang | 1.0.4 | 82.08 | NOTE | |||
r-devel-linux-x86_64-fedora-gcc | 1.0.4 | 75.14 | NOTE | |||
r-devel-windows-x86_64 | 1.0.4 | 33.00 | 74.00 | 107.00 | NOTE | |
r-patched-linux-x86_64 | 1.0.4 | 16.07 | 39.30 | 55.37 | NOTE | |
r-release-linux-x86_64 | 1.0.4 | 15.83 | 38.72 | 54.55 | NOTE | |
r-release-macos-arm64 | 1.0.4 | 24.00 | NOTE | |||
r-release-macos-x86_64 | 1.0.4 | 32.00 | NOTE | |||
r-release-windows-x86_64 | 1.0.4 | 29.00 | 78.00 | 107.00 | NOTE | |
r-oldrel-macos-arm64 | 1.0.4 | 27.00 | NOTE | |||
r-oldrel-macos-x86_64 | 1.0.4 | 42.00 | NOTE | |||
r-oldrel-windows-ix86+x86_64 | 1.0.4 | 53.00 | 80.00 | 133.00 | NOTE |
Version: 1.0.4
Check: LazyData
Result: NOTE
'LazyData' is specified without a 'data' directory
Flavors: r-devel-linux-x86_64-debian-clang, r-devel-linux-x86_64-debian-gcc, r-devel-linux-x86_64-fedora-clang, r-devel-linux-x86_64-fedora-gcc, r-devel-windows-x86_64, r-patched-linux-x86_64, r-release-linux-x86_64, r-release-macos-arm64, r-release-macos-x86_64, r-release-windows-x86_64, r-oldrel-macos-arm64, r-oldrel-macos-x86_64, r-oldrel-windows-ix86+x86_64