CRAN Package Check Results for Package glme

Last updated on 2022-12-07 10:49:59 CET.

Flavor Version Tinstall Tcheck Ttotal Status Flags
r-devel-linux-x86_64-debian-clang 0.1.0 6.05 54.14 60.19 NOTE
r-devel-linux-x86_64-debian-gcc 0.1.0 4.58 40.68 45.26 NOTE
r-devel-linux-x86_64-fedora-clang 0.1.0 88.05 NOTE
r-devel-linux-x86_64-fedora-gcc 0.1.0 83.05 NOTE
r-devel-windows-x86_64 0.1.0 10.00 77.00 87.00 NOTE
r-patched-linux-x86_64 0.1.0 4.81 51.58 56.39 NOTE
r-release-linux-x86_64 0.1.0 6.83 51.69 58.52 NOTE
r-release-macos-arm64 0.1.0 26.00 NOTE
r-release-macos-x86_64 0.1.0 39.00 NOTE
r-release-windows-x86_64 0.1.0 10.00 80.00 90.00 NOTE
r-oldrel-macos-arm64 0.1.0 38.00 NOTE
r-oldrel-macos-x86_64 0.1.0 40.00 NOTE
r-oldrel-windows-ix86+x86_64 0.1.0 15.00 73.00 88.00 NOTE

Check Details

Version: 0.1.0
Check: LazyData
Result: NOTE
     'LazyData' is specified without a 'data' directory
Flavors: r-devel-linux-x86_64-debian-clang, r-devel-linux-x86_64-debian-gcc, r-devel-linux-x86_64-fedora-clang, r-devel-linux-x86_64-fedora-gcc, r-devel-windows-x86_64, r-patched-linux-x86_64, r-release-linux-x86_64, r-release-macos-arm64, r-release-macos-x86_64, r-release-windows-x86_64, r-oldrel-macos-arm64, r-oldrel-macos-x86_64, r-oldrel-windows-ix86+x86_64