CRAN Package Check Results for Package glmmPen

Last updated on 2022-12-09 22:55:52 CET.

Flavor Version Tinstall Tcheck Ttotal Status Flags
r-devel-linux-x86_64-debian-clang 1.5.1.10 444.75 191.74 636.49 ERROR
r-devel-linux-x86_64-debian-gcc 1.5.1.10 410.73 168.76 579.49 ERROR
r-devel-linux-x86_64-fedora-clang 1.5.1.10 931.19 ERROR
r-devel-linux-x86_64-fedora-gcc 1.5.1.10 959.98 ERROR
r-devel-windows-x86_64 1.5.1.10 359.00 291.00 650.00 ERROR
r-patched-linux-x86_64 1.5.1.10 420.90 194.33 615.23 ERROR
r-release-linux-x86_64 1.5.1.10 422.98 193.12 616.10 ERROR
r-release-macos-arm64 1.5.1.10 194.00 NOTE
r-release-macos-x86_64 1.5.1.10 293.00 NOTE
r-release-windows-x86_64 1.5.1.10 341.00 259.00 600.00 ERROR
r-oldrel-macos-arm64 1.5.1.10 227.00 NOTE
r-oldrel-macos-x86_64 1.5.1.10 271.00 NOTE
r-oldrel-windows-ix86+x86_64 1.5.1.10 1077.00 306.00 1383.00 ERROR

Check Details

Version: 1.5.1.10
Check: Rd files
Result: NOTE
    checkRd: (-1) basal.Rd:32: Escaped LaTeX specials: \_
    checkRd: (-1) basal.Rd:33: Escaped LaTeX specials: \_ \_ \_
Flavors: r-devel-linux-x86_64-debian-clang, r-devel-linux-x86_64-debian-gcc, r-devel-linux-x86_64-fedora-clang, r-devel-linux-x86_64-fedora-gcc, r-devel-windows-x86_64

Version: 1.5.1.10
Check: tests
Result: ERROR
     Running 'testthat.R' [9s/11s]
    Running the tests in 'tests/testthat.R' failed.
    Complete output:
     > library(testthat)
     > library(glmmPen)
     Loading required package: lme4
     Loading required package: Matrix
     Loading required package: bigmemory
     Loading required package: Rcpp
     >
     > test_check("glmmPen")
     [ FAIL 4 | WARN 0 | SKIP 0 | PASS 6 ]
    
     == Failed tests ================================================================
     -- Error ('test-args-input.R:13'): test mis-specification of glmmPen arguments --
     <vctrs_error_incompatible_size/vctrs_error_incompatible/vctrs_error/rlang_error/error/condition>
     Error in `str_c(rep(colnames(X), each = d), ":", 1:d)`: Can't recycle `..1` (size 25) to match `..3` (size 5).
     Backtrace:
     x
     1. +-glmmPen::sim.data(...) at test-args-input.R:13:2
     2. | \-stringr::str_c(rep(colnames(X), each = d), ":", 1:d)
     3. | \-vctrs::vec_size_common(!!!dots)
     4. \-vctrs::stop_incompatible_size(...)
     5. \-vctrs:::stop_incompatible(...)
     6. \-vctrs:::stop_vctrs(...)
     7. \-rlang::abort(message, class = c(class, "vctrs_error"), ..., call = vctrs_error_call(call))
     -- Error ('test-args-input.R:50'): test mis-specification of optimControl arguments --
     <vctrs_error_incompatible_size/vctrs_error_incompatible/vctrs_error/rlang_error/error/condition>
     Error in `str_c(rep(colnames(X), each = d), ":", 1:d)`: Can't recycle `..1` (size 25) to match `..3` (size 5).
     Backtrace:
     x
     1. +-glmmPen::sim.data(...) at test-args-input.R:50:2
     2. | \-stringr::str_c(rep(colnames(X), each = d), ":", 1:d)
     3. | \-vctrs::vec_size_common(!!!dots)
     4. \-vctrs::stop_incompatible_size(...)
     5. \-vctrs:::stop_incompatible(...)
     6. \-vctrs:::stop_vctrs(...)
     7. \-rlang::abort(message, class = c(class, "vctrs_error"), ..., call = vctrs_error_call(call))
     -- Error ('test-args-input.R:83'): test mis-specification of selectControl arguments --
     <vctrs_error_incompatible_size/vctrs_error_incompatible/vctrs_error/rlang_error/error/condition>
     Error in `str_c(rep(colnames(X), each = d), ":", 1:d)`: Can't recycle `..1` (size 25) to match `..3` (size 5).
     Backtrace:
     x
     1. +-glmmPen::sim.data(...) at test-args-input.R:83:2
     2. | \-stringr::str_c(rep(colnames(X), each = d), ":", 1:d)
     3. | \-vctrs::vec_size_common(!!!dots)
     4. \-vctrs::stop_incompatible_size(...)
     5. \-vctrs:::stop_incompatible(...)
     6. \-vctrs:::stop_vctrs(...)
     7. \-rlang::abort(message, class = c(class, "vctrs_error"), ..., call = vctrs_error_call(call))
     -- Failure ('test-data-input.R:62'): test random effects specifications meet model assumptions --
     `glmmPen(...)` threw an error with unexpected message.
     Expected match: "random effects must be a subset of fixed effects"
     Actual message: "Can't recycle `..1` (size 15) to match `..3` (size 5)."
     Backtrace:
     x
     1. +-testthat::expect_error(...) at test-data-input.R:62:2
     2. | \-testthat:::quasi_capture(...)
     3. | +-testthat (local) .capture(...)
     4. | | \-base::withCallingHandlers(...)
     5. | \-rlang::eval_bare(quo_get_expr(.quo), quo_get_env(.quo))
     6. +-glmmPen::glmmPen(...)
     7. | \-glmmPen:::fD_adj(out = fD_out0)
     8. | \-stringr::str_c(rep(cnms, each = d), ":", levels(group))
     9. | \-vctrs::vec_size_common(!!!dots)
     10. \-vctrs::stop_incompatible_size(...)
     11. \-vctrs:::stop_incompatible(...)
     12. \-vctrs:::stop_vctrs(...)
     13. \-rlang::abort(message, class = c(class, "vctrs_error"), ..., call = vctrs_error_call(call))
    
     [ FAIL 4 | WARN 0 | SKIP 0 | PASS 6 ]
     Error: Test failures
     Execution halted
Flavor: r-devel-linux-x86_64-debian-clang

Version: 1.5.1.10
Check: tests
Result: ERROR
     Running ‘testthat.R’ [6s/10s]
    Running the tests in ‘tests/testthat.R’ failed.
    Complete output:
     > library(testthat)
     > library(glmmPen)
     Loading required package: lme4
     Loading required package: Matrix
     Loading required package: bigmemory
     Loading required package: Rcpp
     >
     > test_check("glmmPen")
     [ FAIL 4 | WARN 0 | SKIP 0 | PASS 6 ]
    
     ══ Failed tests ════════════════════════════════════════════════════════════════
     ── Error ('test-args-input.R:13'): test mis-specification of glmmPen arguments ──
     <vctrs_error_incompatible_size/vctrs_error_incompatible/vctrs_error/rlang_error/error/condition>
     Error in `str_c(rep(colnames(X), each = d), ":", 1:d)`: Can't recycle `..1` (size 25) to match `..3` (size 5).
     Backtrace:
     ▆
     1. ├─glmmPen::sim.data(...) at test-args-input.R:13:2
     2. │ └─stringr::str_c(rep(colnames(X), each = d), ":", 1:d)
     3. │ └─vctrs::vec_size_common(!!!dots)
     4. └─vctrs::stop_incompatible_size(...)
     5. └─vctrs:::stop_incompatible(...)
     6. └─vctrs:::stop_vctrs(...)
     7. └─rlang::abort(message, class = c(class, "vctrs_error"), ..., call = vctrs_error_call(call))
     ── Error ('test-args-input.R:50'): test mis-specification of optimControl arguments ──
     <vctrs_error_incompatible_size/vctrs_error_incompatible/vctrs_error/rlang_error/error/condition>
     Error in `str_c(rep(colnames(X), each = d), ":", 1:d)`: Can't recycle `..1` (size 25) to match `..3` (size 5).
     Backtrace:
     ▆
     1. ├─glmmPen::sim.data(...) at test-args-input.R:50:2
     2. │ └─stringr::str_c(rep(colnames(X), each = d), ":", 1:d)
     3. │ └─vctrs::vec_size_common(!!!dots)
     4. └─vctrs::stop_incompatible_size(...)
     5. └─vctrs:::stop_incompatible(...)
     6. └─vctrs:::stop_vctrs(...)
     7. └─rlang::abort(message, class = c(class, "vctrs_error"), ..., call = vctrs_error_call(call))
     ── Error ('test-args-input.R:83'): test mis-specification of selectControl arguments ──
     <vctrs_error_incompatible_size/vctrs_error_incompatible/vctrs_error/rlang_error/error/condition>
     Error in `str_c(rep(colnames(X), each = d), ":", 1:d)`: Can't recycle `..1` (size 25) to match `..3` (size 5).
     Backtrace:
     ▆
     1. ├─glmmPen::sim.data(...) at test-args-input.R:83:2
     2. │ └─stringr::str_c(rep(colnames(X), each = d), ":", 1:d)
     3. │ └─vctrs::vec_size_common(!!!dots)
     4. └─vctrs::stop_incompatible_size(...)
     5. └─vctrs:::stop_incompatible(...)
     6. └─vctrs:::stop_vctrs(...)
     7. └─rlang::abort(message, class = c(class, "vctrs_error"), ..., call = vctrs_error_call(call))
     ── Failure ('test-data-input.R:62'): test random effects specifications meet model assumptions ──
     `glmmPen(...)` threw an error with unexpected message.
     Expected match: "random effects must be a subset of fixed effects"
     Actual message: "Can't recycle `..1` (size 15) to match `..3` (size 5)."
     Backtrace:
     ▆
     1. ├─testthat::expect_error(...) at test-data-input.R:62:2
     2. │ └─testthat:::quasi_capture(...)
     3. │ ├─testthat (local) .capture(...)
     4. │ │ └─base::withCallingHandlers(...)
     5. │ └─rlang::eval_bare(quo_get_expr(.quo), quo_get_env(.quo))
     6. ├─glmmPen::glmmPen(...)
     7. │ └─glmmPen:::fD_adj(out = fD_out0)
     8. │ └─stringr::str_c(rep(cnms, each = d), ":", levels(group))
     9. │ └─vctrs::vec_size_common(!!!dots)
     10. └─vctrs::stop_incompatible_size(...)
     11. └─vctrs:::stop_incompatible(...)
     12. └─vctrs:::stop_vctrs(...)
     13. └─rlang::abort(message, class = c(class, "vctrs_error"), ..., call = vctrs_error_call(call))
    
     [ FAIL 4 | WARN 0 | SKIP 0 | PASS 6 ]
     Error: Test failures
     Execution halted
Flavor: r-devel-linux-x86_64-debian-gcc

Version: 1.5.1.10
Check: dependencies in R code
Result: NOTE
    Namespace in Imports field not imported from: ‘rstantools’
     All declared Imports should be used.
Flavors: r-devel-linux-x86_64-fedora-clang, r-devel-linux-x86_64-fedora-gcc, r-release-macos-arm64, r-release-macos-x86_64, r-oldrel-macos-arm64, r-oldrel-macos-x86_64

Version: 1.5.1.10
Check: tests
Result: ERROR
     Running ‘testthat.R’ [10s/27s]
    Running the tests in ‘tests/testthat.R’ failed.
    Complete output:
     > library(testthat)
     > library(glmmPen)
     Loading required package: lme4
     Loading required package: Matrix
     Loading required package: bigmemory
     Loading required package: Rcpp
     >
     > test_check("glmmPen")
     [ FAIL 4 | WARN 0 | SKIP 0 | PASS 6 ]
    
     ══ Failed tests ════════════════════════════════════════════════════════════════
     ── Error ('test-args-input.R:13'): test mis-specification of glmmPen arguments ──
     <vctrs_error_incompatible_size/vctrs_error_incompatible/vctrs_error/rlang_error/error/condition>
     Error in `str_c(rep(colnames(X), each = d), ":", 1:d)`: Can't recycle `..1` (size 25) to match `..3` (size 5).
     Backtrace:
     ▆
     1. ├─glmmPen::sim.data(...) at test-args-input.R:13:2
     2. │ └─stringr::str_c(rep(colnames(X), each = d), ":", 1:d)
     3. │ └─vctrs::vec_size_common(!!!dots)
     4. └─vctrs::stop_incompatible_size(...)
     5. └─vctrs:::stop_incompatible(...)
     6. └─vctrs:::stop_vctrs(...)
     7. └─rlang::abort(message, class = c(class, "vctrs_error"), ..., call = vctrs_error_call(call))
     ── Error ('test-args-input.R:50'): test mis-specification of optimControl arguments ──
     <vctrs_error_incompatible_size/vctrs_error_incompatible/vctrs_error/rlang_error/error/condition>
     Error in `str_c(rep(colnames(X), each = d), ":", 1:d)`: Can't recycle `..1` (size 25) to match `..3` (size 5).
     Backtrace:
     ▆
     1. ├─glmmPen::sim.data(...) at test-args-input.R:50:2
     2. │ └─stringr::str_c(rep(colnames(X), each = d), ":", 1:d)
     3. │ └─vctrs::vec_size_common(!!!dots)
     4. └─vctrs::stop_incompatible_size(...)
     5. └─vctrs:::stop_incompatible(...)
     6. └─vctrs:::stop_vctrs(...)
     7. └─rlang::abort(message, class = c(class, "vctrs_error"), ..., call = vctrs_error_call(call))
     ── Error ('test-args-input.R:83'): test mis-specification of selectControl arguments ──
     <vctrs_error_incompatible_size/vctrs_error_incompatible/vctrs_error/rlang_error/error/condition>
     Error in `str_c(rep(colnames(X), each = d), ":", 1:d)`: Can't recycle `..1` (size 25) to match `..3` (size 5).
     Backtrace:
     ▆
     1. ├─glmmPen::sim.data(...) at test-args-input.R:83:2
     2. │ └─stringr::str_c(rep(colnames(X), each = d), ":", 1:d)
     3. │ └─vctrs::vec_size_common(!!!dots)
     4. └─vctrs::stop_incompatible_size(...)
     5. └─vctrs:::stop_incompatible(...)
     6. └─vctrs:::stop_vctrs(...)
     7. └─rlang::abort(message, class = c(class, "vctrs_error"), ..., call = vctrs_error_call(call))
     ── Failure ('test-data-input.R:62'): test random effects specifications meet model assumptions ──
     `glmmPen(...)` threw an error with unexpected message.
     Expected match: "random effects must be a subset of fixed effects"
     Actual message: "Can't recycle `..1` (size 15) to match `..3` (size 5)."
     Backtrace:
     ▆
     1. ├─testthat::expect_error(...) at test-data-input.R:62:2
     2. │ └─testthat:::quasi_capture(...)
     3. │ ├─testthat (local) .capture(...)
     4. │ │ └─base::withCallingHandlers(...)
     5. │ └─rlang::eval_bare(quo_get_expr(.quo), quo_get_env(.quo))
     6. ├─glmmPen::glmmPen(...)
     7. │ └─glmmPen:::fD_adj(out = fD_out0)
     8. │ └─stringr::str_c(rep(cnms, each = d), ":", levels(group))
     9. │ └─vctrs::vec_size_common(!!!dots)
     10. └─vctrs::stop_incompatible_size(...)
     11. └─vctrs:::stop_incompatible(...)
     12. └─vctrs:::stop_vctrs(...)
     13. └─rlang::abort(message, class = c(class, "vctrs_error"), ..., call = vctrs_error_call(call))
    
     [ FAIL 4 | WARN 0 | SKIP 0 | PASS 6 ]
     Error: Test failures
     Execution halted
Flavor: r-devel-linux-x86_64-fedora-clang

Version: 1.5.1.10
Check: tests
Result: ERROR
     Running ‘testthat.R’ [11s/13s]
    Running the tests in ‘tests/testthat.R’ failed.
    Complete output:
     > library(testthat)
     > library(glmmPen)
     Loading required package: lme4
     Loading required package: Matrix
     Loading required package: bigmemory
     Loading required package: Rcpp
     >
     > test_check("glmmPen")
     [ FAIL 4 | WARN 0 | SKIP 0 | PASS 6 ]
    
     ══ Failed tests ════════════════════════════════════════════════════════════════
     ── Error ('test-args-input.R:13'): test mis-specification of glmmPen arguments ──
     <vctrs_error_incompatible_size/vctrs_error_incompatible/vctrs_error/rlang_error/error/condition>
     Error in `str_c(rep(colnames(X), each = d), ":", 1:d)`: Can't recycle `..1` (size 25) to match `..3` (size 5).
     Backtrace:
     ▆
     1. ├─glmmPen::sim.data(...) at test-args-input.R:13:2
     2. │ └─stringr::str_c(rep(colnames(X), each = d), ":", 1:d)
     3. │ └─vctrs::vec_size_common(!!!dots)
     4. └─vctrs::stop_incompatible_size(...)
     5. └─vctrs:::stop_incompatible(...)
     6. └─vctrs:::stop_vctrs(...)
     7. └─rlang::abort(message, class = c(class, "vctrs_error"), ..., call = vctrs_error_call(call))
     ── Error ('test-args-input.R:50'): test mis-specification of optimControl arguments ──
     <vctrs_error_incompatible_size/vctrs_error_incompatible/vctrs_error/rlang_error/error/condition>
     Error in `str_c(rep(colnames(X), each = d), ":", 1:d)`: Can't recycle `..1` (size 25) to match `..3` (size 5).
     Backtrace:
     ▆
     1. ├─glmmPen::sim.data(...) at test-args-input.R:50:2
     2. │ └─stringr::str_c(rep(colnames(X), each = d), ":", 1:d)
     3. │ └─vctrs::vec_size_common(!!!dots)
     4. └─vctrs::stop_incompatible_size(...)
     5. └─vctrs:::stop_incompatible(...)
     6. └─vctrs:::stop_vctrs(...)
     7. └─rlang::abort(message, class = c(class, "vctrs_error"), ..., call = vctrs_error_call(call))
     ── Error ('test-args-input.R:83'): test mis-specification of selectControl arguments ──
     <vctrs_error_incompatible_size/vctrs_error_incompatible/vctrs_error/rlang_error/error/condition>
     Error in `str_c(rep(colnames(X), each = d), ":", 1:d)`: Can't recycle `..1` (size 25) to match `..3` (size 5).
     Backtrace:
     ▆
     1. ├─glmmPen::sim.data(...) at test-args-input.R:83:2
     2. │ └─stringr::str_c(rep(colnames(X), each = d), ":", 1:d)
     3. │ └─vctrs::vec_size_common(!!!dots)
     4. └─vctrs::stop_incompatible_size(...)
     5. └─vctrs:::stop_incompatible(...)
     6. └─vctrs:::stop_vctrs(...)
     7. └─rlang::abort(message, class = c(class, "vctrs_error"), ..., call = vctrs_error_call(call))
     ── Failure ('test-data-input.R:62'): test random effects specifications meet model assumptions ──
     `glmmPen(...)` threw an error with unexpected message.
     Expected match: "random effects must be a subset of fixed effects"
     Actual message: "Can't recycle `..1` (size 15) to match `..3` (size 5)."
     Backtrace:
     ▆
     1. ├─testthat::expect_error(...) at test-data-input.R:62:2
     2. │ └─testthat:::quasi_capture(...)
     3. │ ├─testthat (local) .capture(...)
     4. │ │ └─base::withCallingHandlers(...)
     5. │ └─rlang::eval_bare(quo_get_expr(.quo), quo_get_env(.quo))
     6. ├─glmmPen::glmmPen(...)
     7. │ └─glmmPen:::fD_adj(out = fD_out0)
     8. │ └─stringr::str_c(rep(cnms, each = d), ":", levels(group))
     9. │ └─vctrs::vec_size_common(!!!dots)
     10. └─vctrs::stop_incompatible_size(...)
     11. └─vctrs:::stop_incompatible(...)
     12. └─vctrs:::stop_vctrs(...)
     13. └─rlang::abort(message, class = c(class, "vctrs_error"), ..., call = vctrs_error_call(call))
    
     [ FAIL 4 | WARN 0 | SKIP 0 | PASS 6 ]
     Error: Test failures
     Execution halted
Flavor: r-devel-linux-x86_64-fedora-gcc

Version: 1.5.1.10
Check: tests
Result: ERROR
     Running 'testthat.R' [9s]
    Running the tests in 'tests/testthat.R' failed.
    Complete output:
     > library(testthat)
     > library(glmmPen)
     Loading required package: lme4
     Loading required package: Matrix
     Loading required package: bigmemory
     Loading required package: Rcpp
     >
     > test_check("glmmPen")
     [ FAIL 4 | WARN 0 | SKIP 0 | PASS 6 ]
    
     ══ Failed tests ════════════════════════════════════════════════════════════════
     ── Error ('test-args-input.R:13'): test mis-specification of glmmPen arguments ──
     <vctrs_error_incompatible_size/vctrs_error_incompatible/vctrs_error/rlang_error/error/condition>
     Error in `str_c(rep(colnames(X), each = d), ":", 1:d)`: Can't recycle `..1` (size 25) to match `..3` (size 5).
     Backtrace:
     ▆
     1. ├─glmmPen::sim.data(...) at test-args-input.R:13:2
     2. │ └─stringr::str_c(rep(colnames(X), each = d), ":", 1:d)
     3. │ └─vctrs::vec_size_common(!!!dots)
     4. └─vctrs::stop_incompatible_size(...)
     5. └─vctrs:::stop_incompatible(...)
     6. └─vctrs:::stop_vctrs(...)
     7. └─rlang::abort(message, class = c(class, "vctrs_error"), ..., call = vctrs_error_call(call))
     ── Error ('test-args-input.R:50'): test mis-specification of optimControl arguments ──
     <vctrs_error_incompatible_size/vctrs_error_incompatible/vctrs_error/rlang_error/error/condition>
     Error in `str_c(rep(colnames(X), each = d), ":", 1:d)`: Can't recycle `..1` (size 25) to match `..3` (size 5).
     Backtrace:
     ▆
     1. ├─glmmPen::sim.data(...) at test-args-input.R:50:2
     2. │ └─stringr::str_c(rep(colnames(X), each = d), ":", 1:d)
     3. │ └─vctrs::vec_size_common(!!!dots)
     4. └─vctrs::stop_incompatible_size(...)
     5. └─vctrs:::stop_incompatible(...)
     6. └─vctrs:::stop_vctrs(...)
     7. └─rlang::abort(message, class = c(class, "vctrs_error"), ..., call = vctrs_error_call(call))
     ── Error ('test-args-input.R:83'): test mis-specification of selectControl arguments ──
     <vctrs_error_incompatible_size/vctrs_error_incompatible/vctrs_error/rlang_error/error/condition>
     Error in `str_c(rep(colnames(X), each = d), ":", 1:d)`: Can't recycle `..1` (size 25) to match `..3` (size 5).
     Backtrace:
     ▆
     1. ├─glmmPen::sim.data(...) at test-args-input.R:83:2
     2. │ └─stringr::str_c(rep(colnames(X), each = d), ":", 1:d)
     3. │ └─vctrs::vec_size_common(!!!dots)
     4. └─vctrs::stop_incompatible_size(...)
     5. └─vctrs:::stop_incompatible(...)
     6. └─vctrs:::stop_vctrs(...)
     7. └─rlang::abort(message, class = c(class, "vctrs_error"), ..., call = vctrs_error_call(call))
     ── Failure ('test-data-input.R:62'): test random effects specifications meet model assumptions ──
     `glmmPen(...)` threw an error with unexpected message.
     Expected match: "random effects must be a subset of fixed effects"
     Actual message: "Can't recycle `..1` (size 15) to match `..3` (size 5)."
     Backtrace:
     ▆
     1. ├─testthat::expect_error(...) at test-data-input.R:62:2
     2. │ └─testthat:::quasi_capture(...)
     3. │ ├─testthat (local) .capture(...)
     4. │ │ └─base::withCallingHandlers(...)
     5. │ └─rlang::eval_bare(quo_get_expr(.quo), quo_get_env(.quo))
     6. ├─glmmPen::glmmPen(...)
     7. │ └─glmmPen:::fD_adj(out = fD_out0)
     8. │ └─stringr::str_c(rep(cnms, each = d), ":", levels(group))
     9. │ └─vctrs::vec_size_common(!!!dots)
     10. └─vctrs::stop_incompatible_size(...)
     11. └─vctrs:::stop_incompatible(...)
     12. └─vctrs:::stop_vctrs(...)
     13. └─rlang::abort(message, class = c(class, "vctrs_error"), ..., call = vctrs_error_call(call))
    
     [ FAIL 4 | WARN 0 | SKIP 0 | PASS 6 ]
     Error: Test failures
     Execution halted
Flavor: r-devel-windows-x86_64

Version: 1.5.1.10
Check: tests
Result: ERROR
     Running ‘testthat.R’ [8s/10s]
    Running the tests in ‘tests/testthat.R’ failed.
    Complete output:
     > library(testthat)
     > library(glmmPen)
     Loading required package: lme4
     Loading required package: Matrix
     Loading required package: bigmemory
     Loading required package: Rcpp
     >
     > test_check("glmmPen")
     [ FAIL 4 | WARN 0 | SKIP 0 | PASS 6 ]
    
     ══ Failed tests ════════════════════════════════════════════════════════════════
     ── Error ('test-args-input.R:13'): test mis-specification of glmmPen arguments ──
     <vctrs_error_incompatible_size/vctrs_error_incompatible/vctrs_error/rlang_error/error/condition>
     Error in `str_c(rep(colnames(X), each = d), ":", 1:d)`: Can't recycle `..1` (size 25) to match `..3` (size 5).
     Backtrace:
     ▆
     1. ├─glmmPen::sim.data(...) at test-args-input.R:13:2
     2. │ └─stringr::str_c(rep(colnames(X), each = d), ":", 1:d)
     3. │ └─vctrs::vec_size_common(!!!dots)
     4. └─vctrs::stop_incompatible_size(...)
     5. └─vctrs:::stop_incompatible(...)
     6. └─vctrs:::stop_vctrs(...)
     7. └─rlang::abort(message, class = c(class, "vctrs_error"), ..., call = vctrs_error_call(call))
     ── Error ('test-args-input.R:50'): test mis-specification of optimControl arguments ──
     <vctrs_error_incompatible_size/vctrs_error_incompatible/vctrs_error/rlang_error/error/condition>
     Error in `str_c(rep(colnames(X), each = d), ":", 1:d)`: Can't recycle `..1` (size 25) to match `..3` (size 5).
     Backtrace:
     ▆
     1. ├─glmmPen::sim.data(...) at test-args-input.R:50:2
     2. │ └─stringr::str_c(rep(colnames(X), each = d), ":", 1:d)
     3. │ └─vctrs::vec_size_common(!!!dots)
     4. └─vctrs::stop_incompatible_size(...)
     5. └─vctrs:::stop_incompatible(...)
     6. └─vctrs:::stop_vctrs(...)
     7. └─rlang::abort(message, class = c(class, "vctrs_error"), ..., call = vctrs_error_call(call))
     ── Error ('test-args-input.R:83'): test mis-specification of selectControl arguments ──
     <vctrs_error_incompatible_size/vctrs_error_incompatible/vctrs_error/rlang_error/error/condition>
     Error in `str_c(rep(colnames(X), each = d), ":", 1:d)`: Can't recycle `..1` (size 25) to match `..3` (size 5).
     Backtrace:
     ▆
     1. ├─glmmPen::sim.data(...) at test-args-input.R:83:2
     2. │ └─stringr::str_c(rep(colnames(X), each = d), ":", 1:d)
     3. │ └─vctrs::vec_size_common(!!!dots)
     4. └─vctrs::stop_incompatible_size(...)
     5. └─vctrs:::stop_incompatible(...)
     6. └─vctrs:::stop_vctrs(...)
     7. └─rlang::abort(message, class = c(class, "vctrs_error"), ..., call = vctrs_error_call(call))
     ── Failure ('test-data-input.R:62'): test random effects specifications meet model assumptions ──
     `glmmPen(...)` threw an error with unexpected message.
     Expected match: "random effects must be a subset of fixed effects"
     Actual message: "Can't recycle `..1` (size 15) to match `..3` (size 5)."
     Backtrace:
     ▆
     1. ├─testthat::expect_error(...) at test-data-input.R:62:2
     2. │ └─testthat:::quasi_capture(...)
     3. │ ├─testthat (local) .capture(...)
     4. │ │ └─base::withCallingHandlers(...)
     5. │ └─rlang::eval_bare(quo_get_expr(.quo), quo_get_env(.quo))
     6. ├─glmmPen::glmmPen(...)
     7. │ └─glmmPen:::fD_adj(out = fD_out0)
     8. │ └─stringr::str_c(rep(cnms, each = d), ":", levels(group))
     9. │ └─vctrs::vec_size_common(!!!dots)
     10. └─vctrs::stop_incompatible_size(...)
     11. └─vctrs:::stop_incompatible(...)
     12. └─vctrs:::stop_vctrs(...)
     13. └─rlang::abort(message, class = c(class, "vctrs_error"), ..., call = vctrs_error_call(call))
    
     [ FAIL 4 | WARN 0 | SKIP 0 | PASS 6 ]
     Error: Test failures
     Execution halted
Flavor: r-patched-linux-x86_64

Version: 1.5.1.10
Check: tests
Result: ERROR
     Running ‘testthat.R’ [8s/8s]
    Running the tests in ‘tests/testthat.R’ failed.
    Complete output:
     > library(testthat)
     > library(glmmPen)
     Loading required package: lme4
     Loading required package: Matrix
     Loading required package: bigmemory
     Loading required package: Rcpp
     >
     > test_check("glmmPen")
     [ FAIL 4 | WARN 0 | SKIP 0 | PASS 6 ]
    
     ══ Failed tests ════════════════════════════════════════════════════════════════
     ── Error ('test-args-input.R:13'): test mis-specification of glmmPen arguments ──
     <vctrs_error_incompatible_size/vctrs_error_incompatible/vctrs_error/rlang_error/error/condition>
     Error in `str_c(rep(colnames(X), each = d), ":", 1:d)`: Can't recycle `..1` (size 25) to match `..3` (size 5).
     Backtrace:
     ▆
     1. ├─glmmPen::sim.data(...) at test-args-input.R:13:2
     2. │ └─stringr::str_c(rep(colnames(X), each = d), ":", 1:d)
     3. │ └─vctrs::vec_size_common(!!!dots)
     4. └─vctrs::stop_incompatible_size(...)
     5. └─vctrs:::stop_incompatible(...)
     6. └─vctrs:::stop_vctrs(...)
     7. └─rlang::abort(message, class = c(class, "vctrs_error"), ..., call = vctrs_error_call(call))
     ── Error ('test-args-input.R:50'): test mis-specification of optimControl arguments ──
     <vctrs_error_incompatible_size/vctrs_error_incompatible/vctrs_error/rlang_error/error/condition>
     Error in `str_c(rep(colnames(X), each = d), ":", 1:d)`: Can't recycle `..1` (size 25) to match `..3` (size 5).
     Backtrace:
     ▆
     1. ├─glmmPen::sim.data(...) at test-args-input.R:50:2
     2. │ └─stringr::str_c(rep(colnames(X), each = d), ":", 1:d)
     3. │ └─vctrs::vec_size_common(!!!dots)
     4. └─vctrs::stop_incompatible_size(...)
     5. └─vctrs:::stop_incompatible(...)
     6. └─vctrs:::stop_vctrs(...)
     7. └─rlang::abort(message, class = c(class, "vctrs_error"), ..., call = vctrs_error_call(call))
     ── Error ('test-args-input.R:83'): test mis-specification of selectControl arguments ──
     <vctrs_error_incompatible_size/vctrs_error_incompatible/vctrs_error/rlang_error/error/condition>
     Error in `str_c(rep(colnames(X), each = d), ":", 1:d)`: Can't recycle `..1` (size 25) to match `..3` (size 5).
     Backtrace:
     ▆
     1. ├─glmmPen::sim.data(...) at test-args-input.R:83:2
     2. │ └─stringr::str_c(rep(colnames(X), each = d), ":", 1:d)
     3. │ └─vctrs::vec_size_common(!!!dots)
     4. └─vctrs::stop_incompatible_size(...)
     5. └─vctrs:::stop_incompatible(...)
     6. └─vctrs:::stop_vctrs(...)
     7. └─rlang::abort(message, class = c(class, "vctrs_error"), ..., call = vctrs_error_call(call))
     ── Failure ('test-data-input.R:62'): test random effects specifications meet model assumptions ──
     `glmmPen(...)` threw an error with unexpected message.
     Expected match: "random effects must be a subset of fixed effects"
     Actual message: "Can't recycle `..1` (size 15) to match `..3` (size 5)."
     Backtrace:
     ▆
     1. ├─testthat::expect_error(...) at test-data-input.R:62:2
     2. │ └─testthat:::quasi_capture(...)
     3. │ ├─testthat (local) .capture(...)
     4. │ │ └─base::withCallingHandlers(...)
     5. │ └─rlang::eval_bare(quo_get_expr(.quo), quo_get_env(.quo))
     6. ├─glmmPen::glmmPen(...)
     7. │ └─glmmPen:::fD_adj(out = fD_out0)
     8. │ └─stringr::str_c(rep(cnms, each = d), ":", levels(group))
     9. │ └─vctrs::vec_size_common(!!!dots)
     10. └─vctrs::stop_incompatible_size(...)
     11. └─vctrs:::stop_incompatible(...)
     12. └─vctrs:::stop_vctrs(...)
     13. └─rlang::abort(message, class = c(class, "vctrs_error"), ..., call = vctrs_error_call(call))
    
     [ FAIL 4 | WARN 0 | SKIP 0 | PASS 6 ]
     Error: Test failures
     Execution halted
Flavor: r-release-linux-x86_64

Version: 1.5.1.10
Check: installed package size
Result: NOTE
     installed size is 53.9Mb
     sub-directories of 1Mb or more:
     libs 52.9Mb
Flavors: r-release-macos-arm64, r-release-macos-x86_64, r-oldrel-macos-arm64, r-oldrel-macos-x86_64, r-oldrel-windows-ix86+x86_64

Version: 1.5.1.10
Check: tests
Result: ERROR
     Running 'testthat.R' [8s]
    Running the tests in 'tests/testthat.R' failed.
    Complete output:
     > library(testthat)
     > library(glmmPen)
     Loading required package: lme4
     Loading required package: Matrix
     Loading required package: bigmemory
     Loading required package: Rcpp
     >
     > test_check("glmmPen")
     [ FAIL 4 | WARN 0 | SKIP 0 | PASS 6 ]
    
     ══ Failed tests ════════════════════════════════════════════════════════════════
     ── Error ('test-args-input.R:13'): test mis-specification of glmmPen arguments ──
     <vctrs_error_incompatible_size/vctrs_error_incompatible/vctrs_error/rlang_error/error/condition>
     Error in `str_c(rep(colnames(X), each = d), ":", 1:d)`: Can't recycle `..1` (size 25) to match `..3` (size 5).
     Backtrace:
     ▆
     1. ├─glmmPen::sim.data(...) at test-args-input.R:13:2
     2. │ └─stringr::str_c(rep(colnames(X), each = d), ":", 1:d)
     3. │ └─vctrs::vec_size_common(!!!dots)
     4. └─vctrs::stop_incompatible_size(...)
     5. └─vctrs:::stop_incompatible(...)
     6. └─vctrs:::stop_vctrs(...)
     7. └─rlang::abort(message, class = c(class, "vctrs_error"), ..., call = vctrs_error_call(call))
     ── Error ('test-args-input.R:50'): test mis-specification of optimControl arguments ──
     <vctrs_error_incompatible_size/vctrs_error_incompatible/vctrs_error/rlang_error/error/condition>
     Error in `str_c(rep(colnames(X), each = d), ":", 1:d)`: Can't recycle `..1` (size 25) to match `..3` (size 5).
     Backtrace:
     ▆
     1. ├─glmmPen::sim.data(...) at test-args-input.R:50:2
     2. │ └─stringr::str_c(rep(colnames(X), each = d), ":", 1:d)
     3. │ └─vctrs::vec_size_common(!!!dots)
     4. └─vctrs::stop_incompatible_size(...)
     5. └─vctrs:::stop_incompatible(...)
     6. └─vctrs:::stop_vctrs(...)
     7. └─rlang::abort(message, class = c(class, "vctrs_error"), ..., call = vctrs_error_call(call))
     ── Error ('test-args-input.R:83'): test mis-specification of selectControl arguments ──
     <vctrs_error_incompatible_size/vctrs_error_incompatible/vctrs_error/rlang_error/error/condition>
     Error in `str_c(rep(colnames(X), each = d), ":", 1:d)`: Can't recycle `..1` (size 25) to match `..3` (size 5).
     Backtrace:
     ▆
     1. ├─glmmPen::sim.data(...) at test-args-input.R:83:2
     2. │ └─stringr::str_c(rep(colnames(X), each = d), ":", 1:d)
     3. │ └─vctrs::vec_size_common(!!!dots)
     4. └─vctrs::stop_incompatible_size(...)
     5. └─vctrs:::stop_incompatible(...)
     6. └─vctrs:::stop_vctrs(...)
     7. └─rlang::abort(message, class = c(class, "vctrs_error"), ..., call = vctrs_error_call(call))
     ── Failure ('test-data-input.R:62'): test random effects specifications meet model assumptions ──
     `glmmPen(...)` threw an error with unexpected message.
     Expected match: "random effects must be a subset of fixed effects"
     Actual message: "Can't recycle `..1` (size 15) to match `..3` (size 5)."
     Backtrace:
     ▆
     1. ├─testthat::expect_error(...) at test-data-input.R:62:2
     2. │ └─testthat:::quasi_capture(...)
     3. │ ├─testthat (local) .capture(...)
     4. │ │ └─base::withCallingHandlers(...)
     5. │ └─rlang::eval_bare(quo_get_expr(.quo), quo_get_env(.quo))
     6. ├─glmmPen::glmmPen(...)
     7. │ └─glmmPen:::fD_adj(out = fD_out0)
     8. │ └─stringr::str_c(rep(cnms, each = d), ":", levels(group))
     9. │ └─vctrs::vec_size_common(!!!dots)
     10. └─vctrs::stop_incompatible_size(...)
     11. └─vctrs:::stop_incompatible(...)
     12. └─vctrs:::stop_vctrs(...)
     13. └─rlang::abort(message, class = c(class, "vctrs_error"), ..., call = vctrs_error_call(call))
    
     [ FAIL 4 | WARN 0 | SKIP 0 | PASS 6 ]
     Error: Test failures
     Execution halted
Flavor: r-release-windows-x86_64

Version: 1.5.1.10
Check: running tests for arch ‘i386’
Result: ERROR
     Running 'testthat.R' [8s]
    Running the tests in 'tests/testthat.R' failed.
    Complete output:
     > library(testthat)
     > library(glmmPen)
     Loading required package: lme4
     Loading required package: Matrix
     Loading required package: bigmemory
     Loading required package: Rcpp
     >
     > test_check("glmmPen")
     [ FAIL 4 | WARN 0 | SKIP 0 | PASS 6 ]
    
     == Failed tests ================================================================
     -- Error ('test-args-input.R:13'): test mis-specification of glmmPen arguments --
     <vctrs_error_incompatible_size/vctrs_error_incompatible/vctrs_error/rlang_error/error/condition>
     Error in `str_c(rep(colnames(X), each = d), ":", 1:d)`: Can't recycle `..1` (size 25) to match `..3` (size 5).
     Backtrace:
     x
     1. +-glmmPen::sim.data(...) at test-args-input.R:13:2
     2. | \-stringr::str_c(rep(colnames(X), each = d), ":", 1:d)
     3. | \-vctrs::vec_size_common(!!!dots)
     4. \-vctrs::stop_incompatible_size(...)
     5. \-vctrs:::stop_incompatible(...)
     6. \-vctrs:::stop_vctrs(...)
     7. \-rlang::abort(message, class = c(class, "vctrs_error"), ..., call = vctrs_error_call(call))
     -- Error ('test-args-input.R:50'): test mis-specification of optimControl arguments --
     <vctrs_error_incompatible_size/vctrs_error_incompatible/vctrs_error/rlang_error/error/condition>
     Error in `str_c(rep(colnames(X), each = d), ":", 1:d)`: Can't recycle `..1` (size 25) to match `..3` (size 5).
     Backtrace:
     x
     1. +-glmmPen::sim.data(...) at test-args-input.R:50:2
     2. | \-stringr::str_c(rep(colnames(X), each = d), ":", 1:d)
     3. | \-vctrs::vec_size_common(!!!dots)
     4. \-vctrs::stop_incompatible_size(...)
     5. \-vctrs:::stop_incompatible(...)
     6. \-vctrs:::stop_vctrs(...)
     7. \-rlang::abort(message, class = c(class, "vctrs_error"), ..., call = vctrs_error_call(call))
     -- Error ('test-args-input.R:83'): test mis-specification of selectControl arguments --
     <vctrs_error_incompatible_size/vctrs_error_incompatible/vctrs_error/rlang_error/error/condition>
     Error in `str_c(rep(colnames(X), each = d), ":", 1:d)`: Can't recycle `..1` (size 25) to match `..3` (size 5).
     Backtrace:
     x
     1. +-glmmPen::sim.data(...) at test-args-input.R:83:2
     2. | \-stringr::str_c(rep(colnames(X), each = d), ":", 1:d)
     3. | \-vctrs::vec_size_common(!!!dots)
     4. \-vctrs::stop_incompatible_size(...)
     5. \-vctrs:::stop_incompatible(...)
     6. \-vctrs:::stop_vctrs(...)
     7. \-rlang::abort(message, class = c(class, "vctrs_error"), ..., call = vctrs_error_call(call))
     -- Failure ('test-data-input.R:62'): test random effects specifications meet model assumptions --
     `glmmPen(...)` threw an error with unexpected message.
     Expected match: "random effects must be a subset of fixed effects"
     Actual message: "Can't recycle `..1` (size 15) to match `..3` (size 5)."
     Backtrace:
     x
     1. +-testthat::expect_error(...) at test-data-input.R:62:2
     2. | \-testthat:::quasi_capture(...)
     3. | +-testthat (local) .capture(...)
     4. | | \-base::withCallingHandlers(...)
     5. | \-rlang::eval_bare(quo_get_expr(.quo), quo_get_env(.quo))
     6. +-glmmPen::glmmPen(...)
     7. | \-glmmPen:::fD_adj(out = fD_out0)
     8. | \-stringr::str_c(rep(cnms, each = d), ":", levels(group))
     9. | \-vctrs::vec_size_common(!!!dots)
     10. \-vctrs::stop_incompatible_size(...)
     11. \-vctrs:::stop_incompatible(...)
     12. \-vctrs:::stop_vctrs(...)
     13. \-rlang::abort(message, class = c(class, "vctrs_error"), ..., call = vctrs_error_call(call))
    
     [ FAIL 4 | WARN 0 | SKIP 0 | PASS 6 ]
     Error: Test failures
     Execution halted
Flavor: r-oldrel-windows-ix86+x86_64

Version: 1.5.1.10
Check: running tests for arch ‘x64’
Result: ERROR
     Running 'testthat.R' [8s]
    Running the tests in 'tests/testthat.R' failed.
    Complete output:
     > library(testthat)
     > library(glmmPen)
     Loading required package: lme4
     Loading required package: Matrix
     Loading required package: bigmemory
     Loading required package: Rcpp
     >
     > test_check("glmmPen")
     [ FAIL 4 | WARN 0 | SKIP 0 | PASS 6 ]
    
     == Failed tests ================================================================
     -- Error ('test-args-input.R:13'): test mis-specification of glmmPen arguments --
     <vctrs_error_incompatible_size/vctrs_error_incompatible/vctrs_error/rlang_error/error/condition>
     Error in `str_c(rep(colnames(X), each = d), ":", 1:d)`: Can't recycle `..1` (size 25) to match `..3` (size 5).
     Backtrace:
     x
     1. +-glmmPen::sim.data(...) at test-args-input.R:13:2
     2. | \-stringr::str_c(rep(colnames(X), each = d), ":", 1:d)
     3. | \-vctrs::vec_size_common(!!!dots)
     4. \-vctrs::stop_incompatible_size(...)
     5. \-vctrs:::stop_incompatible(...)
     6. \-vctrs:::stop_vctrs(...)
     7. \-rlang::abort(message, class = c(class, "vctrs_error"), ..., call = vctrs_error_call(call))
     -- Error ('test-args-input.R:50'): test mis-specification of optimControl arguments --
     <vctrs_error_incompatible_size/vctrs_error_incompatible/vctrs_error/rlang_error/error/condition>
     Error in `str_c(rep(colnames(X), each = d), ":", 1:d)`: Can't recycle `..1` (size 25) to match `..3` (size 5).
     Backtrace:
     x
     1. +-glmmPen::sim.data(...) at test-args-input.R:50:2
     2. | \-stringr::str_c(rep(colnames(X), each = d), ":", 1:d)
     3. | \-vctrs::vec_size_common(!!!dots)
     4. \-vctrs::stop_incompatible_size(...)
     5. \-vctrs:::stop_incompatible(...)
     6. \-vctrs:::stop_vctrs(...)
     7. \-rlang::abort(message, class = c(class, "vctrs_error"), ..., call = vctrs_error_call(call))
     -- Error ('test-args-input.R:83'): test mis-specification of selectControl arguments --
     <vctrs_error_incompatible_size/vctrs_error_incompatible/vctrs_error/rlang_error/error/condition>
     Error in `str_c(rep(colnames(X), each = d), ":", 1:d)`: Can't recycle `..1` (size 25) to match `..3` (size 5).
     Backtrace:
     x
     1. +-glmmPen::sim.data(...) at test-args-input.R:83:2
     2. | \-stringr::str_c(rep(colnames(X), each = d), ":", 1:d)
     3. | \-vctrs::vec_size_common(!!!dots)
     4. \-vctrs::stop_incompatible_size(...)
     5. \-vctrs:::stop_incompatible(...)
     6. \-vctrs:::stop_vctrs(...)
     7. \-rlang::abort(message, class = c(class, "vctrs_error"), ..., call = vctrs_error_call(call))
     -- Failure ('test-data-input.R:62'): test random effects specifications meet model assumptions --
     `glmmPen(...)` threw an error with unexpected message.
     Expected match: "random effects must be a subset of fixed effects"
     Actual message: "Can't recycle `..1` (size 15) to match `..3` (size 5)."
     Backtrace:
     x
     1. +-testthat::expect_error(...) at test-data-input.R:62:2
     2. | \-testthat:::quasi_capture(...)
     3. | +-testthat (local) .capture(...)
     4. | | \-base::withCallingHandlers(...)
     5. | \-rlang::eval_bare(quo_get_expr(.quo), quo_get_env(.quo))
     6. +-glmmPen::glmmPen(...)
     7. | \-glmmPen:::fD_adj(out = fD_out0)
     8. | \-stringr::str_c(rep(cnms, each = d), ":", levels(group))
     9. | \-vctrs::vec_size_common(!!!dots)
     10. \-vctrs::stop_incompatible_size(...)
     11. \-vctrs:::stop_incompatible(...)
     12. \-vctrs:::stop_vctrs(...)
     13. \-rlang::abort(message, class = c(class, "vctrs_error"), ..., call = vctrs_error_call(call))
    
     [ FAIL 4 | WARN 0 | SKIP 0 | PASS 6 ]
     Error: Test failures
     Execution halted
Flavor: r-oldrel-windows-ix86+x86_64