Last updated on 2022-05-17 04:50:33 CEST.
Flavor | Version | Tinstall | Tcheck | Ttotal | Status | Flags |
---|---|---|---|---|---|---|
r-devel-linux-x86_64-debian-clang | 0.1.0 | 17.83 | 158.10 | 175.93 | ERROR | |
r-devel-linux-x86_64-debian-gcc | 0.1.0 | 12.36 | 9.68 | 22.04 | FAIL | |
r-devel-linux-x86_64-fedora-clang | 0.1.0 | 288.39 | OK | |||
r-devel-linux-x86_64-fedora-gcc | 0.1.0 | 279.05 | OK | |||
r-devel-windows-x86_64 | 0.1.0 | 21.00 | 285.00 | 306.00 | OK | |
r-patched-linux-x86_64 | 0.1.0 | 12.70 | 203.87 | 216.57 | OK | |
r-release-linux-x86_64 | 0.1.0 | 17.57 | 204.48 | 222.05 | OK | |
r-release-macos-arm64 | 0.1.0 | 86.00 | OK | |||
r-release-macos-x86_64 | 0.1.0 | 153.00 | OK | |||
r-release-windows-x86_64 | 0.1.0 | 26.00 | 290.00 | 316.00 | OK | |
r-oldrel-macos-arm64 | 0.1.0 | 122.00 | OK | |||
r-oldrel-macos-x86_64 | 0.1.0 | 151.00 | OK | |||
r-oldrel-windows-ix86+x86_64 | 0.1.0 | 36.00 | 296.00 | 332.00 | OK |
Version: 0.1.0
Check: package dependencies
Result: NOTE
Package suggested but not available for checking: 'edgeR'
Flavor: r-devel-linux-x86_64-debian-clang
Version: 0.1.0
Check: re-building of vignette outputs
Result: ERROR
Error(s) in re-building vignettes:
...
--- re-building 'glmmSeq.rmd' using rmarkdown
Quitting from lines 169-172 (glmmSeq.rmd)
Error: processing vignette 'glmmSeq.rmd' failed with diagnostics:
there is no package called 'edgeR'
--- failed re-building 'glmmSeq.rmd'
SUMMARY: processing the following file failed:
'glmmSeq.rmd'
Error: Vignette re-building failed.
Execution halted
Flavor: r-devel-linux-x86_64-debian-clang
Version: 0.1.0
Check: package dependencies
Result: FAIL
Flavor: r-devel-linux-x86_64-debian-gcc