CRAN Package Check Results for Package glmmTMB

Last updated on 2021-04-21 21:49:58 CEST.

Flavor Version Tinstall Tcheck Ttotal Status Flags
r-devel-linux-x86_64-debian-clang 1.0.2.1 163.14 477.80 640.94 OK
r-devel-linux-x86_64-debian-gcc 1.0.2.1 143.91 383.37 527.28 OK
r-devel-linux-x86_64-fedora-clang 1.0.2.1 764.68 NOTE
r-devel-linux-x86_64-fedora-gcc 1.0.2.1 859.43 OK
r-devel-windows-ix86+x86_64 1.0.2.1 315.00 662.00 977.00 NOTE --no-vignettes
r-devel-windows-x86_64-gcc10-UCRT 1.0.2.1 OK
r-patched-linux-x86_64 1.0.2.1 160.47 480.81 641.28 OK
r-patched-solaris-x86 1.0.2.1 1158.20 NOTE
r-release-linux-x86_64 1.0.2.1 160.98 482.07 643.05 OK
r-release-macos-x86_64 1.0.2.1 NOTE
r-release-windows-ix86+x86_64 1.0.2.1 322.00 676.00 998.00 NOTE --no-vignettes
r-oldrel-macos-x86_64 1.0.2.1 NOTE
r-oldrel-windows-ix86+x86_64 1.0.2.1 264.00 599.00 863.00 NOTE --no-vignettes

Check Details

Version: 1.0.2.1
Check: installed package size
Result: NOTE
     installed size is 45.2Mb
     sub-directories of 1Mb or more:
     doc 1.2Mb
     libs 41.5Mb
     test_data 1.2Mb
Flavors: r-devel-linux-x86_64-fedora-clang, r-patched-solaris-x86, r-release-macos-x86_64, r-oldrel-macos-x86_64

Version: 1.0.2.1
Flags: --no-vignettes
Check: installed package size
Result: NOTE
     installed size is 25.3Mb
     sub-directories of 1Mb or more:
     doc 1.2Mb
     libs 21.7Mb
     test_data 1.2Mb
Flavors: r-devel-windows-ix86+x86_64, r-release-windows-ix86+x86_64, r-oldrel-windows-ix86+x86_64