CRAN Package Check Results for Package glmmTMB

Last updated on 2018-05-25 04:50:21 CEST.

Flavor Version Tinstall Tcheck Ttotal Status Flags
r-devel-linux-x86_64-debian-clang 0.2.1.0 151.42 664.61 816.03 WARN
r-devel-linux-x86_64-debian-gcc 0.2.1.0 118.27 610.78 729.05 WARN
r-devel-linux-x86_64-fedora-clang 0.2.1.0 1133.58 NOTE
r-devel-linux-x86_64-fedora-gcc 0.2.1.0 1123.06 NOTE
r-devel-windows-ix86+x86_64 0.2.1.0 229.00 1011.00 1240.00 NOTE
r-patched-linux-x86_64 0.2.1.0 132.98 781.46 914.44 OK
r-patched-solaris-x86 0.2.1.0 1618.00 OK
r-release-linux-x86_64 0.2.1.0 142.89 763.46 906.35 OK
r-release-windows-ix86+x86_64 0.2.1.0 299.00 1329.00 1628.00 NOTE
r-release-osx-x86_64 0.2.1.0 NOTE
r-oldrel-windows-ix86+x86_64 0.2.1.0 289.00 1032.00 1321.00 NOTE
r-oldrel-osx-x86_64 0.2.0 NOTE

Check Details

Version: 0.2.1.0
Check: for unstated dependencies in ‘tests’
Result: WARN
    'library' or 'require' call not declared from: ‘plyr’
Flavors: r-devel-linux-x86_64-debian-clang, r-devel-linux-x86_64-debian-gcc

Version: 0.2.1.0
Check: installed package size
Result: NOTE
     installed size is 47.5Mb
     sub-directories of 1Mb or more:
     libs 46.3Mb
Flavors: r-devel-linux-x86_64-fedora-clang, r-devel-linux-x86_64-fedora-gcc, r-devel-windows-ix86+x86_64, r-release-windows-ix86+x86_64, r-release-osx-x86_64, r-oldrel-windows-ix86+x86_64

Version: 0.2.0
Check: installed package size
Result: NOTE
     installed size is 57.1Mb
     sub-directories of 1Mb or more:
     libs 56.0Mb
Flavor: r-oldrel-osx-x86_64