CRAN Package Check Results for Package glmmTMB

Last updated on 2018-10-16 23:50:00 CEST.

Flavor Version Tinstall Tcheck Ttotal Status Flags
r-devel-linux-x86_64-debian-clang 0.2.2.0 165.93 555.71 721.64 WARN
r-devel-linux-x86_64-debian-gcc 0.2.2.0 136.57 454.25 590.82 OK
r-devel-linux-x86_64-fedora-clang 0.2.2.0 900.97 WARN
r-devel-linux-x86_64-fedora-gcc 0.2.2.0 885.01 OK
r-devel-windows-ix86+x86_64 0.2.2.0 290.00 463.00 753.00 NOTE --no-vignettes
r-patched-linux-x86_64 0.2.2.0 146.07 554.66 700.73 OK
r-patched-solaris-x86 0.2.2.0 1388.00 OK
r-release-linux-x86_64 0.2.2.0 159.94 565.48 725.42 OK
r-release-windows-ix86+x86_64 0.2.2.0 298.00 567.00 865.00 NOTE --no-vignettes
r-release-osx-x86_64 0.2.2.0 NOTE
r-oldrel-windows-ix86+x86_64 0.2.2.0 289.00 499.00 788.00 NOTE --no-vignettes
r-oldrel-osx-x86_64 0.2.2.0 NOTE

Check Details

Version: 0.2.2.0
Check: whether package can be installed
Result: WARN
    Found the following significant warnings:
     glmmTMB.cpp:845:10: warning: explicitly assigning value of variable of type 'vector<Type>' to itself [-Wself-assign-overloaded]
Flavors: r-devel-linux-x86_64-debian-clang, r-devel-linux-x86_64-fedora-clang

Version: 0.2.2.0
Check: installed package size
Result: NOTE
     installed size is 47.4Mb
     sub-directories of 1Mb or more:
     libs 46.2Mb
Flavors: r-devel-linux-x86_64-fedora-clang, r-release-osx-x86_64, r-oldrel-osx-x86_64

Version: 0.2.2.0
Flags: --no-vignettes
Check: installed package size
Result: NOTE
     installed size is 22.4Mb
     sub-directories of 1Mb or more:
     libs 21.2Mb
Flavors: r-devel-windows-ix86+x86_64, r-release-windows-ix86+x86_64, r-oldrel-windows-ix86+x86_64