CRAN Package Check Results for Package glmmTMB

Last updated on 2018-08-15 08:48:44 CEST.

Flavor Version Tinstall Tcheck Ttotal Status Flags
r-devel-linux-x86_64-debian-clang 0.2.2.0 131.28 548.49 679.77 OK
r-devel-linux-x86_64-debian-gcc 0.2.2.0 139.37 450.60 589.97 OK
r-devel-linux-x86_64-fedora-clang 0.2.2.0 888.07 NOTE
r-devel-linux-x86_64-fedora-gcc 0.2.2.0 882.42 OK
r-devel-windows-ix86+x86_64 0.2.2.0 217.00 468.00 685.00 NOTE --no-vignettes
r-patched-linux-x86_64 0.2.2.0 143.60 564.18 707.78 OK
r-patched-solaris-x86 0.2.2.0 1399.20 OK
r-release-linux-x86_64 0.2.2.0 152.06 562.39 714.45 OK
r-release-windows-ix86+x86_64 0.2.2.0 290.00 553.00 843.00 NOTE --no-vignettes
r-release-osx-x86_64 0.2.2.0 NOTE
r-oldrel-windows-ix86+x86_64 0.2.2.0 291.00 522.00 813.00 NOTE --no-vignettes
r-oldrel-osx-x86_64 0.2.2.0 NOTE

Check Details

Version: 0.2.2.0
Check: installed package size
Result: NOTE
     installed size is 46.1Mb
     sub-directories of 1Mb or more:
     libs 44.9Mb
Flavors: r-devel-linux-x86_64-fedora-clang, r-release-osx-x86_64, r-oldrel-osx-x86_64

Version: 0.2.2.0
Flags: --no-vignettes
Check: installed package size
Result: NOTE
     installed size is 22.4Mb
     sub-directories of 1Mb or more:
     libs 21.2Mb
Flavors: r-devel-windows-ix86+x86_64, r-release-windows-ix86+x86_64, r-oldrel-windows-ix86+x86_64