CRAN Package Check Results for Package glmmTMB

Last updated on 2019-01-23 09:50:22 CET.

Flavor Version Tinstall Tcheck Ttotal Status Flags
r-devel-linux-x86_64-debian-clang 0.2.3 156.30 350.18 506.48 OK
r-devel-linux-x86_64-debian-gcc 0.2.3 135.30 267.84 403.14 OK
r-devel-linux-x86_64-fedora-clang 0.2.3 517.91 NOTE
r-devel-linux-x86_64-fedora-gcc 0.2.3 485.03 OK
r-devel-windows-ix86+x86_64 0.2.3 292.00 448.00 740.00 NOTE --no-vignettes
r-patched-linux-x86_64 0.2.3 159.47 260.25 419.72 ERROR
r-patched-solaris-x86 0.2.3 748.10 OK
r-release-linux-x86_64 0.2.3 157.93 259.04 416.97 ERROR
r-release-windows-ix86+x86_64 0.2.3 208.00 560.00 768.00 NOTE --no-vignettes
r-release-osx-x86_64 0.2.3 NOTE
r-oldrel-windows-ix86+x86_64 0.2.3 243.00 544.00 787.00 NOTE --no-vignettes
r-oldrel-osx-x86_64 0.2.3 NOTE

Check Details

Version: 0.2.3
Check: installed package size
Result: NOTE
     installed size is 48.6Mb
     sub-directories of 1Mb or more:
     doc 1.1Mb
     libs 46.2Mb
Flavors: r-devel-linux-x86_64-fedora-clang, r-release-osx-x86_64, r-oldrel-osx-x86_64

Version: 0.2.3
Flags: --no-vignettes
Check: installed package size
Result: NOTE
     installed size is 23.5Mb
     sub-directories of 1Mb or more:
     doc 1.0Mb
     libs 21.2Mb
Flavors: r-devel-windows-ix86+x86_64, r-release-windows-ix86+x86_64, r-oldrel-windows-ix86+x86_64

Version: 0.2.3
Check: examples
Result: ERROR
    Running examples in ‘glmmTMB-Ex.R’ failed
    The error most likely occurred in:
    
    > base::assign(".ptime", proc.time(), pos = "CheckExEnv")
    > ### Name: Anova.glmmTMB
    > ### Title: Downstream methods for glmmTMB objects
    > ### Aliases: Anova.glmmTMB Effect.glmmTMB recover_data.glmmTMB
    > ### emm_basis.glmmTMB downstream_methods
    >
    > ### ** Examples
    >
    > warp.lm <- glmmTMB(breaks ~ wool * tension, data = warpbreaks)
    > if (require(emmeans)) {
    + emmeans (warp.lm, poly ~ tension | wool)
    + }
    Loading required package: emmeans
    Error in ref_grid(object, ...) :
     Can't handle an object of class “glmmTMB”
     Use help("models", package = "emmeans") for information on supported models.
    Calls: emmeans -> ref_grid
    Execution halted
Flavors: r-patched-linux-x86_64, r-release-linux-x86_64

Version: 0.2.3
Check: re-building of vignette outputs
Result: WARN
    Error in re-building vignettes:
     ...
    
    Attaching package: 'TMB'
    
    The following object is masked from 'package:glmmTMB':
    
     tmbroot
    
    Loading required package: carData
    Use the command
     lattice::trellis.par.set(effectsTheme())
     to customize lattice options for effects plots.
    See ?effectsTheme for details.
    Loading required package: mvtnorm
    Loading required package: survival
    Loading required package: TH.data
    
    Attaching package: 'TH.data'
    
    The following object is masked from 'package:MASS':
    
     geyser
    
    
    Attaching package: 'multcomp'
    
    The following object is masked from 'package:emmeans':
    
     cld
    
    Quitting from lines 94-96 (model_evaluation.rmd)
    Error: processing vignette ‘model_evaluation.rmd’ failed with diagnostics:
    subscript out of bounds
    Execution halted
Flavors: r-patched-linux-x86_64, r-release-linux-x86_64