CRAN Package Check Results for Package glmmTMB

Last updated on 2018-02-23 06:54:52 CET.

Flavor Version Tinstall Tcheck Ttotal Status Flags
r-devel-linux-x86_64-debian-clang 0.2.0 162.75 550.38 713.13 OK
r-devel-linux-x86_64-debian-gcc 0.2.0 112.17 480.11 592.28 OK
r-devel-linux-x86_64-fedora-clang 0.2.0 963.75 NOTE
r-devel-linux-x86_64-fedora-gcc 0.2.0 947.61 NOTE
r-devel-windows-ix86+x86_64 0.2.0 235.00 1032.00 1267.00 NOTE
r-patched-linux-x86_64 0.2.0 125.98 666.15 792.13 OK
r-patched-solaris-x86 0.2.0 1324.30 OK
r-release-linux-x86_64 0.2.0 113.95 679.50 793.45 OK
r-release-windows-ix86+x86_64 0.2.0 297.00 1033.00 1330.00 NOTE
r-release-osx-x86_64 0.2.0 NOTE
r-oldrel-windows-ix86+x86_64 0.2.0 233.00 603.00 836.00 NOTE
r-oldrel-osx-x86_64 0.2.0 NOTE

Check Details

Version: 0.2.0
Check: installed package size
Result: NOTE
     installed size is 47.2Mb
     sub-directories of 1Mb or more:
     libs 46.0Mb
Flavors: r-devel-linux-x86_64-fedora-clang, r-devel-linux-x86_64-fedora-gcc, r-devel-windows-ix86+x86_64, r-release-windows-ix86+x86_64, r-release-osx-x86_64, r-oldrel-windows-ix86+x86_64, r-oldrel-osx-x86_64