Last updated on 2021-01-19 15:49:58 CET.
Flavor | Version | Tinstall | Tcheck | Ttotal | Status | Flags |
---|---|---|---|---|---|---|
r-devel-linux-x86_64-debian-clang | 1.0.2.1 | 178.39 | 474.37 | 652.76 | OK | |
r-devel-linux-x86_64-debian-gcc | 1.0.2.1 | 148.36 | 384.16 | 532.52 | OK | |
r-devel-linux-x86_64-fedora-clang | 1.0.2.1 | 816.83 | NOTE | |||
r-devel-linux-x86_64-fedora-gcc | 1.0.2.1 | 848.98 | OK | |||
r-devel-windows-ix86+x86_64 | 1.0.2.1 | 248.00 | 564.00 | 812.00 | NOTE | --no-vignettes |
r-patched-linux-x86_64 | 1.0.2.1 | 166.06 | 485.41 | 651.47 | OK | |
r-patched-solaris-x86 | 1.0.2.1 | 1162.60 | NOTE | |||
r-release-linux-x86_64 | 1.0.2.1 | 167.65 | 481.33 | 648.98 | OK | |
r-release-macos-x86_64 | 1.0.2.1 | NOTE | ||||
r-release-windows-ix86+x86_64 | 1.0.2.1 | 259.00 | 542.00 | 801.00 | NOTE | --no-vignettes |
r-oldrel-macos-x86_64 | 1.0.2.1 | NOTE | ||||
r-oldrel-windows-ix86+x86_64 | 1.0.2.1 | 221.00 | 501.00 | 722.00 | NOTE | --no-vignettes |
Version: 1.0.2.1
Check: installed package size
Result: NOTE
installed size is 48.1Mb
sub-directories of 1Mb or more:
doc 1.2Mb
libs 44.4Mb
test_data 1.2Mb
Flavors: r-devel-linux-x86_64-fedora-clang, r-patched-solaris-x86, r-release-macos-x86_64, r-oldrel-macos-x86_64
Version: 1.0.2.1
Flags: --no-vignettes
Check: installed package size
Result: NOTE
installed size is 25.4Mb
sub-directories of 1Mb or more:
doc 1.2Mb
libs 21.7Mb
test_data 1.2Mb
Flavors: r-devel-windows-ix86+x86_64, r-release-windows-ix86+x86_64, r-oldrel-windows-ix86+x86_64