CRAN Package Check Results for Package glmmsr

Last updated on 2018-08-17 07:47:32 CEST.

Flavor Version Tinstall Tcheck Ttotal Status Flags
r-devel-linux-x86_64-debian-clang 0.2.2 335.32 105.19 440.51 OK --no-vignettes
r-devel-linux-x86_64-debian-gcc 0.2.2 309.02 84.26 393.28 OK --no-vignettes
r-devel-linux-x86_64-fedora-clang 0.2.2 1163.33 NOTE
r-devel-linux-x86_64-fedora-gcc 0.2.2 1177.13 OK
r-devel-windows-ix86+x86_64 0.2.2 961.00 222.00 1183.00 OK --no-vignettes
r-patched-linux-x86_64 0.2.2 373.93 99.38 473.31 OK --no-vignettes
r-patched-solaris-x86 0.2.2 1601.70 OK
r-release-linux-x86_64 0.2.2 386.28 99.20 485.48 OK --no-vignettes
r-release-windows-ix86+x86_64 0.2.2 957.00 309.00 1266.00 OK --no-vignettes
r-release-osx-x86_64 0.2.2 FAIL
r-oldrel-windows-ix86+x86_64 0.2.2 948.00 202.00 1150.00 OK --no-vignettes
r-oldrel-osx-x86_64 0.2.2 NOTE

Additional issues

clang-UBSAN gcc-UBSAN

Check Details

Version: 0.2.2
Check: installed package size
Result: NOTE
     installed size is 51.1Mb
     sub-directories of 1Mb or more:
     libs 50.2Mb
Flavors: r-devel-linux-x86_64-fedora-clang, r-release-osx-x86_64, r-oldrel-osx-x86_64

Version: 0.2.2
Check: re-building of vignette outputs
Result: FAIL
    
Flavor: r-release-osx-x86_64