CRAN Package Check Results for Package glmmsr

Last updated on 2018-02-25 23:50:22 CET.

Flavor Version Tinstall Tcheck Ttotal Status Flags
r-devel-linux-x86_64-debian-clang 0.2.1 339.11 81.02 420.13 OK --no-vignettes
r-devel-linux-x86_64-debian-gcc 0.2.1 277.37 76.51 353.88 OK --no-vignettes
r-devel-linux-x86_64-fedora-clang 0.2.1 1210.10 NOTE
r-devel-linux-x86_64-fedora-gcc 0.2.1 1185.43 NOTE
r-devel-windows-ix86+x86_64 0.2.1 881.00 193.00 1074.00 OK --no-vignettes
r-patched-linux-x86_64 0.2.1 349.54 101.35 450.89 OK --no-vignettes
r-patched-solaris-x86 0.2.1 1603.20 OK
r-release-linux-x86_64 0.2.1 335.82 98.08 433.90 OK --no-vignettes
r-release-windows-ix86+x86_64 0.2.1 978.00 266.00 1244.00 OK --no-vignettes
r-release-osx-x86_64 0.2.1 NOTE
r-oldrel-windows-ix86+x86_64 0.2.1 666.00 174.00 840.00 OK --no-vignettes
r-oldrel-osx-x86_64 0.2.1 NOTE

Additional issues

clang-UBSAN gcc-UBSAN

Check Details

Version: 0.2.1
Check: installed package size
Result: NOTE
     installed size is 51.1Mb
     sub-directories of 1Mb or more:
     libs 50.2Mb
Flavors: r-devel-linux-x86_64-fedora-clang, r-devel-linux-x86_64-fedora-gcc, r-release-osx-x86_64, r-oldrel-osx-x86_64