CRAN Package Check Results for Package glmmsr

Last updated on 2018-05-28 01:46:35 CEST.

Flavor Version Tinstall Tcheck Ttotal Status Flags
r-devel-linux-x86_64-debian-clang 0.2.2 341.07 97.14 438.21 OK --no-vignettes
r-devel-linux-x86_64-debian-gcc 0.2.2 277.93 82.57 360.50 OK --no-vignettes
r-devel-linux-x86_64-fedora-clang 0.2.2 1208.45 NOTE
r-devel-linux-x86_64-fedora-gcc 0.2.2 1195.27 NOTE
r-devel-windows-ix86+x86_64 0.2.2 689.00 255.00 944.00 OK --no-vignettes
r-patched-linux-x86_64 0.2.2 357.24 97.42 454.66 OK --no-vignettes
r-patched-solaris-x86 0.2.2 1576.00 OK
r-release-linux-x86_64 0.2.2 347.10 98.72 445.82 OK --no-vignettes
r-release-windows-ix86+x86_64 0.2.2 904.00 193.00 1097.00 OK --no-vignettes
r-release-osx-x86_64 0.2.2 FAIL
r-oldrel-windows-ix86+x86_64 0.2.2 932.00 200.00 1132.00 OK --no-vignettes
r-oldrel-osx-x86_64 0.2.2 NOTE

Additional issues

clang-UBSAN gcc-UBSAN

Check Details

Version: 0.2.2
Check: installed package size
Result: NOTE
     installed size is 51.1Mb
     sub-directories of 1Mb or more:
     libs 50.2Mb
Flavors: r-devel-linux-x86_64-fedora-clang, r-devel-linux-x86_64-fedora-gcc, r-release-osx-x86_64, r-oldrel-osx-x86_64

Version: 0.2.2
Check: re-building of vignette outputs
Result: FAIL
    
Flavor: r-release-osx-x86_64