CRAN Package Check Results for Package glmmsr

Last updated on 2018-10-16 11:48:04 CEST.

Flavor Version Tinstall Tcheck Ttotal Status Flags
r-devel-linux-x86_64-debian-clang 0.2.2 355.75 106.06 461.81 OK --no-vignettes
r-devel-linux-x86_64-debian-gcc 0.2.2 307.56 84.68 392.24 OK --no-vignettes
r-devel-linux-x86_64-fedora-clang 0.2.2 1214.83 NOTE
r-devel-linux-x86_64-fedora-gcc 0.2.2 1174.87 OK
r-devel-windows-ix86+x86_64 0.2.2 967.00 195.00 1162.00 OK --no-vignettes
r-patched-linux-x86_64 0.2.2 372.22 98.65 470.87 OK --no-vignettes
r-patched-solaris-x86 0.2.2 1591.80 OK
r-release-linux-x86_64 0.2.2 370.16 99.84 470.00 OK --no-vignettes
r-release-windows-ix86+x86_64 0.2.2 1000.00 254.00 1254.00 OK --no-vignettes
r-release-osx-x86_64 0.2.2 FAIL
r-oldrel-windows-ix86+x86_64 0.2.2 991.00 203.00 1194.00 OK --no-vignettes
r-oldrel-osx-x86_64 0.2.2 NOTE

Additional issues

clang-UBSAN gcc-UBSAN

Check Details

Version: 0.2.2
Check: installed package size
Result: NOTE
     installed size is 52.0Mb
     sub-directories of 1Mb or more:
     libs 51.1Mb
Flavors: r-devel-linux-x86_64-fedora-clang, r-release-osx-x86_64, r-oldrel-osx-x86_64

Version: 0.2.2
Check: re-building of vignette outputs
Result: FAIL
    
Flavor: r-release-osx-x86_64