CRAN Package Check Results for Package glmmsr

Last updated on 2019-01-22 07:49:12 CET.

Flavor Version Tinstall Tcheck Ttotal Status Flags
r-devel-linux-x86_64-debian-clang 0.2.2 354.04 101.53 455.57 NOTE --no-vignettes
r-devel-linux-x86_64-debian-gcc 0.2.2 314.36 81.95 396.31 NOTE --no-vignettes
r-devel-linux-x86_64-fedora-clang 0.2.2 791.69 WARN
r-devel-linux-x86_64-fedora-gcc 0.2.2 694.90 WARN
r-devel-windows-ix86+x86_64 0.2.2 947.00 211.00 1158.00 NOTE --no-vignettes
r-patched-linux-x86_64 0.2.2 381.18 101.77 482.95 NOTE --no-vignettes
r-patched-solaris-x86 0.2.2 694.80 WARN
r-release-linux-x86_64 0.2.2 389.15 100.98 490.13 NOTE --no-vignettes
r-release-windows-ix86+x86_64 0.2.2 967.00 259.00 1226.00 OK --no-vignettes
r-release-osx-x86_64 0.2.2 FAIL
r-oldrel-windows-ix86+x86_64 0.2.2 964.00 197.00 1161.00 OK --no-vignettes
r-oldrel-osx-x86_64 0.2.2 NOTE

Additional issues

clang-UBSAN gcc-UBSAN

Check Details

Version: 0.2.2
Flags: --no-vignettes
Check: package dependencies
Result: NOTE
    Package suggested but not available for checking: ‘hglm.data’
Flavors: r-devel-linux-x86_64-debian-clang, r-devel-linux-x86_64-debian-gcc, r-patched-linux-x86_64, r-release-linux-x86_64

Version: 0.2.2
Flags: --no-vignettes
Check: line endings in C/C++/Fortran sources/headers
Result: NOTE
    Found the following sources/headers with CR or CRLF line endings:
     inst/include/ContinuousBelief.h
     inst/include/MixedContinuousBelief.h
    Some Unix compilers require LF line endings.
Flavors: r-devel-linux-x86_64-debian-clang, r-devel-linux-x86_64-debian-gcc, r-devel-windows-ix86+x86_64

Version: 0.2.2
Check: package dependencies
Result: NOTE
    Package suggested but not available for checking: ‘hglm.data’
Flavors: r-devel-linux-x86_64-fedora-clang, r-devel-linux-x86_64-fedora-gcc, r-patched-solaris-x86

Version: 0.2.2
Check: installed package size
Result: NOTE
     installed size is 54.2Mb
     sub-directories of 1Mb or more:
     libs 53.3Mb
Flavors: r-devel-linux-x86_64-fedora-clang, r-release-osx-x86_64, r-oldrel-osx-x86_64

Version: 0.2.2
Check: line endings in C/C++/Fortran sources/headers
Result: NOTE
    Found the following sources/headers with CR or CRLF line endings:
     inst/include/ContinuousBelief.h
     inst/include/MixedContinuousBelief.h
    Some Unix compilers require LF line endings.
Flavors: r-devel-linux-x86_64-fedora-clang, r-devel-linux-x86_64-fedora-gcc

Version: 0.2.2
Check: re-building of vignette outputs
Result: WARN
    Error(s) in re-building vignettes:
    --- re-building ‘glmmsr-vignette.Rmd’ using rmarkdown
    Quitting from lines 201-202 (glmmsr-vignette.Rmd)
    Error: processing vignette 'glmmsr-vignette.Rmd' failed with diagnostics:
    there is no package called 'hglm.data'
    --- failed re-building ‘glmmsr-vignette.Rmd’
    
    SUMMARY: processing the following file failed:
     ‘glmmsr-vignette.Rmd’
    
    Error: Vignette re-building failed.
    Execution halted
Flavors: r-devel-linux-x86_64-fedora-clang, r-devel-linux-x86_64-fedora-gcc

Version: 0.2.2
Check: re-building of vignette outputs
Result: WARN
    Error in re-building vignettes:
     ...
    Warning in engine$weave(file, quiet = quiet, encoding = enc) :
     Pandoc (>= 1.12.3) and/or pandoc-citeproc not available. Falling back to R Markdown v1.
    Quitting from lines 201-202 (glmmsr-vignette.Rmd)
    Error: processing vignette 'glmmsr-vignette.Rmd' failed with diagnostics:
    there is no package called 'hglm.data'
    Execution halted
Flavor: r-patched-solaris-x86

Version: 0.2.2
Check: re-building of vignette outputs
Result: FAIL
    
Flavor: r-release-osx-x86_64