CRAN Package Check Results for Package glmnetcr

Last updated on 2021-05-14 00:48:19 CEST.

Flavor Version Tinstall Tcheck Ttotal Status Flags
r-devel-linux-x86_64-debian-clang 1.0.6 12.70 169.35 182.05 OK
r-devel-linux-x86_64-debian-gcc 1.0.6 10.34 124.95 135.29 OK
r-devel-linux-x86_64-fedora-clang 1.0.6 227.53 OK
r-devel-linux-x86_64-fedora-gcc 1.0.6 210.20 OK
r-devel-windows-ix86+x86_64 1.0.6 23.00 143.00 166.00 OK
r-devel-windows-x86_64-gcc10-UCRT 1.0.6 OK
r-patched-linux-x86_64 1.0.6 23.30 159.36 182.66 OK
r-patched-solaris-x86 1.0.6 355.90 OK
r-release-linux-x86_64 1.0.6 12.38 159.10 171.48 OK
r-release-macos-x86_64 1.0.6 OK
r-release-windows-ix86+x86_64 1.0.6 16.00 212.00 228.00 OK
r-oldrel-macos-x86_64 1.0.6 OK
r-oldrel-windows-ix86+x86_64 1.0.6 21.00 16.00 37.00 ERROR

Check Details

Version: 1.0.6
Check: whether package can be installed
Result: ERROR
    Installation failed.
Flavor: r-oldrel-windows-ix86+x86_64