CRAN Package Check Results for Package glossr

Last updated on 2022-12-05 20:53:10 CET.

Flavor Version Tinstall Tcheck Ttotal Status Flags
r-devel-linux-x86_64-debian-clang 0.6.1 7.06 90.66 97.72 ERROR
r-devel-linux-x86_64-debian-gcc 0.6.1 6.30 68.02 74.32 OK
r-devel-linux-x86_64-fedora-clang 0.6.1 132.88 NOTE
r-devel-linux-x86_64-fedora-gcc 0.6.1 140.01 NOTE
r-devel-windows-x86_64 0.6.1 20.00 121.00 141.00 OK
r-patched-linux-x86_64 0.6.1 6.00 83.45 89.45 OK
r-release-linux-x86_64 0.6.1 8.39 80.37 88.76 OK
r-release-macos-arm64 0.6.1 38.00 NOTE
r-release-macos-x86_64 0.6.1 52.00 NOTE
r-release-windows-x86_64 0.6.1 32.00 121.00 153.00 OK
r-oldrel-macos-arm64 0.6.1 40.00 NOTE
r-oldrel-macos-x86_64 0.6.1 56.00 NOTE
r-oldrel-windows-ix86+x86_64 0.6.1 19.00 120.00 139.00 OK

Check Details

Version: 0.6.1
Check: re-building of vignette outputs
Result: ERROR
    Error(s) in re-building vignettes:
     ...
    --- re-building 'gloss_factory.Rmd' using rmarkdown
    --- finished re-building 'gloss_factory.Rmd'
    
    --- re-building 'glossr.Rmd' using rmarkdown
    --- finished re-building 'glossr.Rmd'
    
    --- re-building 'glossr_how.Rmd' using rmarkdown
    Warning in gsub(paste0("[\n]{2,}(", fence, "| )"), "\n\n\\1", x) :
     unable to translate '
    
    ```r
    my_gloss <- as_gloss(
     ".... ................ .... ................",
     "t.... w....=de-yì-sh....ng dà k....-q....lái,",
     "TSG waa.IDEO-LINK-one-sound big cry-inch",
     translation = "Waaaaa, she began to wail.",
     label = "my-label",
     source ...' to a wide string
    Quitting from lines 63-72 (glossr_how.Rmd)
    Error: processing vignette 'glossr_how.Rmd' failed with diagnostics:
    input string 1 is invalid
    --- failed re-building 'glossr_how.Rmd'
    
    --- re-building 'styling.Rmd' using rmarkdown
    --- finished re-building 'styling.Rmd'
    
    SUMMARY: processing the following file failed:
     'glossr_how.Rmd'
    
    Error: Vignette re-building failed.
    Execution halted
Flavor: r-devel-linux-x86_64-debian-clang

Version: 0.6.1
Check: data for non-ASCII characters
Result: NOTE
     Note: found 2 marked UTF-8 strings
Flavors: r-devel-linux-x86_64-fedora-clang, r-devel-linux-x86_64-fedora-gcc, r-release-macos-arm64, r-release-macos-x86_64, r-oldrel-macos-arm64, r-oldrel-macos-x86_64