CRAN Package Check Results for Package glottospace

Last updated on 2024-02-25 23:02:08 CET.

Flavor Version Tinstall Tcheck Ttotal Status Flags
r-devel-linux-x86_64-debian-clang 0.0.112 10.20 68.98 79.18 OK
r-devel-linux-x86_64-debian-gcc 0.0.112 7.77 52.17 59.94 OK
r-devel-linux-x86_64-fedora-clang 0.0.112 107.37 NOTE
r-devel-linux-x86_64-fedora-gcc 0.0.112 103.67 NOTE
r-devel-windows-x86_64 0.0.112 12.00 74.00 86.00 OK
r-patched-linux-x86_64 0.0.112 8.60 67.58 76.18 OK
r-release-linux-x86_64 0.0.112 8.04 68.17 76.21 OK
r-release-macos-arm64 0.0.112 37.00 OK
r-release-macos-x86_64 0.0.112 59.00 OK
r-release-windows-x86_64 0.0.112 17.00 86.00 103.00 OK
r-oldrel-macos-arm64 0.0.112 34.00 NOTE
r-oldrel-windows-x86_64 0.0.112 17.00 86.00 103.00 OK

Check Details

Version: 0.0.112
Check: dependencies in R code
Result: NOTE Namespace in Imports field not imported from: ‘rnaturalearthdata’ All declared Imports should be used. Flavors: r-devel-linux-x86_64-fedora-clang, r-devel-linux-x86_64-fedora-gcc, r-oldrel-macos-arm64

Version: 0.0.112
Check: data for non-ASCII characters
Result: NOTE Note: found 1191 marked UTF-8 strings Flavors: r-devel-linux-x86_64-fedora-clang, r-devel-linux-x86_64-fedora-gcc, r-oldrel-macos-arm64