CRAN Package Check Results for Package glottospace

Last updated on 2025-01-22 15:50:04 CET.

Flavor Version Tinstall Tcheck Ttotal Status Flags
r-devel-linux-x86_64-debian-clang 0.0.112 8.97 55.81 64.78 OK
r-devel-linux-x86_64-debian-gcc 0.0.112 6.71 37.46 44.17 OK
r-devel-linux-x86_64-fedora-clang 0.0.112 111.21 NOTE
r-devel-linux-x86_64-fedora-gcc 0.0.112 96.37 NOTE
r-devel-windows-x86_64 0.0.112 12.00 72.00 84.00 OK
r-patched-linux-x86_64 0.0.112 10.02 52.42 62.44 OK
r-release-linux-x86_64 0.0.112 8.56 51.93 60.49 OK
r-release-macos-arm64 0.0.112 35.00 OK
r-release-macos-x86_64 0.0.112 59.00 OK
r-release-windows-x86_64 0.0.112 13.00 74.00 87.00 OK
r-oldrel-macos-arm64 0.0.112 37.00 OK
r-oldrel-macos-x86_64 0.0.112 59.00 OK
r-oldrel-windows-x86_64 0.0.112 16.00 81.00 97.00 OK

Check Details

Version: 0.0.112
Check: dependencies in R code
Result: NOTE Namespace in Imports field not imported from: ‘rnaturalearthdata’ All declared Imports should be used. Flavors: r-devel-linux-x86_64-fedora-clang, r-devel-linux-x86_64-fedora-gcc