CRAN Package Check Results for Package glycanr

Last updated on 2024-02-29 22:58:46 CET.

Flavor Version Tinstall Tcheck Ttotal Status Flags
r-devel-linux-x86_64-debian-clang 0.4.0 6.41 79.41 85.82 OK
r-devel-linux-x86_64-debian-gcc 0.4.0 4.72 59.66 64.38 OK
r-devel-linux-x86_64-fedora-clang 0.4.0 105.89 OK
r-devel-linux-x86_64-fedora-gcc 0.4.0 115.57 OK
r-devel-windows-x86_64 0.4.0 7.00 83.00 90.00 OK
r-patched-linux-x86_64 0.4.0 7.39 76.08 83.47 OK
r-release-linux-x86_64 0.4.0 5.53 76.01 81.54 OK
r-release-macos-arm64 0.4.0 40.00 OK
r-release-macos-x86_64 0.4.0 61.00 OK
r-release-windows-x86_64 0.4.0 11.00 94.00 105.00 OK
r-oldrel-macos-arm64 0.4.0 44.00 NOTE
r-oldrel-windows-x86_64 0.4.0 9.00 96.00 105.00 OK

Check Details

Version: 0.4.0
Check: package dependencies
Result: NOTE Package suggested but not available for checking: ‘preprocessCore’ Flavor: r-oldrel-macos-arm64