CRAN Package Check Results for Package gmfd

Last updated on 2018-02-20 09:50:02 CET.

Flavor Version Tinstall Tcheck Ttotal Status Flags
r-devel-linux-x86_64-debian-clang 1.0 1.25 31.99 33.24 NOTE
r-devel-linux-x86_64-debian-gcc 1.0 0.96 26.90 27.86 NOTE
r-devel-linux-x86_64-fedora-clang 1.0 44.29 NOTE
r-devel-linux-x86_64-fedora-gcc 1.0 42.99 NOTE
r-devel-windows-ix86+x86_64 1.0 2.00 46.00 48.00 OK
r-patched-linux-x86_64 1.0 0.88 39.52 40.40 OK
r-patched-solaris-x86 1.0 66.80 OK
r-release-linux-x86_64 1.0 0.79 39.16 39.95 OK
r-release-windows-ix86+x86_64 1.0 3.00 99.00 102.00 OK
r-release-osx-x86_64 1.0 OK
r-oldrel-windows-ix86+x86_64 1.0 4.00 66.00 70.00 OK
r-oldrel-osx-x86_64 1.0 OK

Check Details

Version: 1.0
Check: DESCRIPTION meta-information
Result: NOTE
    Dependence on R version ‘3.3.2’ not with patchlevel 0
Flavors: r-devel-linux-x86_64-debian-clang, r-devel-linux-x86_64-debian-gcc, r-devel-linux-x86_64-fedora-clang, r-devel-linux-x86_64-fedora-gcc