CRAN Package Check Results for Package gmnl

Last updated on 2022-09-25 01:51:45 CEST.

Flavor Version Tinstall Tcheck Ttotal Status Flags
r-devel-linux-x86_64-debian-clang 1.1-3.2 15.02 119.77 134.79 OK
r-devel-linux-x86_64-debian-gcc 1.1-3.2 12.43 91.33 103.76 OK
r-devel-linux-x86_64-fedora-clang 1.1-3.2 169.29 NOTE
r-devel-linux-x86_64-fedora-gcc 1.1-3.2 184.48 OK
r-devel-windows-x86_64 1.1-3.2 22.00 139.00 161.00 OK
r-patched-linux-x86_64 1.1-3.2 13.08 113.32 126.40 OK
r-release-linux-x86_64 1.1-3.2 12.97 112.09 125.06 OK
r-release-macos-arm64 1.1-3.2 41.00 OK
r-release-macos-x86_64 1.1-3.2 88.00 OK
r-release-windows-x86_64 1.1-3.2 24.00 136.00 160.00 OK
r-oldrel-macos-arm64 1.1-3.2 45.00 OK
r-oldrel-macos-x86_64 1.1-3.2 85.00 OK
r-oldrel-windows-ix86+x86_64 1.1-3.2 30.00 132.00 162.00 OK

Check Details

Version: 1.1-3.2
Check: Rd cross-references
Result: NOTE
    Undeclared package ‘sandwich’ in Rd xrefs
Flavor: r-devel-linux-x86_64-fedora-clang