Last updated on 2025-04-30 17:53:59 CEST.
Flavor | Version | Tinstall | Tcheck | Ttotal | Status | Flags |
---|---|---|---|---|---|---|
r-devel-linux-x86_64-debian-clang | 0.1.0 | 28.38 | 91.65 | 120.03 | NOTE | |
r-devel-linux-x86_64-debian-gcc | 0.1.0 | 19.74 | 61.29 | 81.03 | NOTE | |
r-devel-linux-x86_64-fedora-clang | 0.1.0 | 193.69 | OK | |||
r-devel-linux-x86_64-fedora-gcc | 0.1.0 | 186.59 | OK | |||
r-devel-windows-x86_64 | 0.1.0 | 34.00 | 118.00 | 152.00 | OK | |
r-patched-linux-x86_64 | 0.1.0 | 23.67 | 86.50 | 110.17 | OK | |
r-release-linux-x86_64 | 0.1.0 | 26.19 | 88.06 | 114.25 | OK | |
r-release-macos-arm64 | 0.1.0 | 62.00 | OK | |||
r-release-macos-x86_64 | 0.1.0 | 93.00 | OK | |||
r-release-windows-x86_64 | 0.1.0 | 34.00 | 112.00 | 146.00 | OK | |
r-oldrel-macos-arm64 | 0.1.0 | 53.00 | OK | |||
r-oldrel-macos-x86_64 | 0.1.0 | 140.00 | OK | |||
r-oldrel-windows-x86_64 | 0.1.0 | 41.00 | 152.00 | 193.00 | OK |
Version: 0.1.0
Check: examples
Result: NOTE
Examples with CPU (user + system) or elapsed time > 5s
user system elapsed
gmtFD 8.724 0.415 18.295
ph_test_statistic 4.673 0.172 5.459
Flavor: r-devel-linux-x86_64-debian-clang
Version: 0.1.0
Check: examples
Result: NOTE
Examples with CPU (user + system) or elapsed time > 5s
user system elapsed
gmtFD 3.32 0.307 9.272
Flavor: r-devel-linux-x86_64-debian-gcc