CRAN Package Check Results for Package goalp

Last updated on 2024-06-13 15:48:24 CEST.

Flavor Version Tinstall Tcheck Ttotal Status Flags
r-devel-linux-x86_64-debian-clang 0.3.1 2.60 35.97 38.57 OK
r-devel-linux-x86_64-debian-gcc 0.3.1 2.97 25.14 28.11 ERROR
r-devel-linux-x86_64-fedora-clang 0.3.1 52.76 OK
r-devel-linux-x86_64-fedora-gcc 0.3.1 60.16 OK
r-devel-windows-x86_64 0.3.1 5.00 48.00 53.00 OK
r-patched-linux-x86_64 0.3.1 2.81 34.72 37.53 OK
r-release-linux-x86_64 0.3.1 3.21 33.92 37.13 OK
r-release-macos-arm64 0.3.1 24.00 OK
r-release-macos-x86_64 0.3.1 35.00 OK
r-release-windows-x86_64 0.3.1 5.00 53.00 58.00 OK
r-oldrel-macos-arm64 0.3.1 27.00 OK
r-oldrel-macos-x86_64 0.3.1 35.00 OK
r-oldrel-windows-x86_64 0.3.1 4.00 52.00 56.00 OK

Check Details

Version: 0.3.1
Check: package dependencies
Result: NOTE Package suggested but not available for checking: ‘testthat’ Flavor: r-devel-linux-x86_64-debian-gcc

Version: 0.3.1
Check: tests
Result: ERROR Running ‘testthat.R’ [0s/1s] Running the tests in ‘tests/testthat.R’ failed. Complete output: > # This file is part of the standard setup for testthat. > # It is recommended that you do not modify it. > # > # Where should you do additional test configuration? > # Learn more about the roles of various files in: > # * https://r-pkgs.org/tests.html > # * https://testthat.r-lib.org/reference/test_package.html#special-files > > library(testthat) Error in library(testthat) : there is no package called 'testthat' Execution halted Flavor: r-devel-linux-x86_64-debian-gcc