CRAN Package Check Results for Package gogamer

Last updated on 2018-02-23 02:48:09 CET.

Flavor Version Tinstall Tcheck Ttotal Status Flags
r-devel-linux-x86_64-debian-clang 0.4.3 59.82 36.30 96.12 NOTE
r-devel-linux-x86_64-debian-gcc 0.4.3 49.57 33.26 82.83 NOTE
r-devel-linux-x86_64-fedora-clang 0.4.3 152.69 NOTE
r-devel-linux-x86_64-fedora-gcc 0.4.3 142.19 NOTE
r-devel-windows-ix86+x86_64 0.4.3 179.00 94.00 273.00 OK
r-patched-linux-x86_64 0.4.3 60.47 48.92 109.39 NOTE
r-patched-solaris-x86 0.4.3 157.00 OK
r-release-linux-x86_64 0.4.3 60.45 48.44 108.89 NOTE
r-release-windows-ix86+x86_64 0.4.3 173.00 133.00 306.00 OK
r-release-osx-x86_64 0.4.3 OK
r-oldrel-windows-ix86+x86_64 0.4.3 138.00 85.00 223.00 OK
r-oldrel-osx-x86_64 0.4.3 OK

Additional issues

clang-UBSAN gcc-ASAN

Check Details

Version: 0.4.3
Check: compiled code
Result: NOTE
    File ‘gogamer/libs/gogamer.so’:
     Found no calls to: ‘R_registerRoutines’, ‘R_useDynamicSymbols’
    
    It is good practice to register native routines and to disable symbol
    search.
    
    See ‘Writing portable packages’ in the ‘Writing R Extensions’ manual.
Flavors: r-devel-linux-x86_64-debian-clang, r-devel-linux-x86_64-debian-gcc, r-devel-linux-x86_64-fedora-clang, r-devel-linux-x86_64-fedora-gcc, r-patched-linux-x86_64, r-release-linux-x86_64