CRAN Package Check Results for Package gogamer

Last updated on 2018-05-22 08:49:27 CEST.

Flavor Version Tinstall Tcheck Ttotal Status Flags
r-devel-linux-x86_64-debian-clang 0.4.3 73.45 38.65 112.10 NOTE
r-devel-linux-x86_64-debian-gcc 0.4.3 55.81 34.72 90.53 NOTE
r-devel-linux-x86_64-fedora-clang 0.4.3 155.46 NOTE
r-devel-linux-x86_64-fedora-gcc 0.4.3 138.96 NOTE
r-devel-windows-ix86+x86_64 0.4.3 125.00 95.00 220.00 OK
r-patched-linux-x86_64 0.4.3 70.61 41.95 112.56 NOTE
r-patched-solaris-x86 0.4.3 159.00 OK
r-release-linux-x86_64 0.4.3 69.76 41.76 111.52 NOTE
r-release-windows-ix86+x86_64 0.4.3 146.00 119.00 265.00 OK
r-release-osx-x86_64 0.4.3 OK
r-oldrel-windows-ix86+x86_64 0.4.3 171.00 133.00 304.00 OK
r-oldrel-osx-x86_64 0.4.3 OK

Additional issues

clang-UBSAN gcc-ASAN

Check Details

Version: 0.4.3
Check: compiled code
Result: NOTE
    File ‘gogamer/libs/gogamer.so’:
     Found no calls to: ‘R_registerRoutines’, ‘R_useDynamicSymbols’
    
    It is good practice to register native routines and to disable symbol
    search.
    
    See ‘Writing portable packages’ in the ‘Writing R Extensions’ manual.
Flavors: r-devel-linux-x86_64-debian-clang, r-devel-linux-x86_64-debian-gcc, r-devel-linux-x86_64-fedora-clang, r-devel-linux-x86_64-fedora-gcc, r-patched-linux-x86_64, r-release-linux-x86_64