Last updated on 2021-04-17 10:50:02 CEST.
Flavor | Version | Tinstall | Tcheck | Ttotal | Status | Flags |
---|---|---|---|---|---|---|
r-devel-linux-x86_64-debian-clang | 0.2.1 | 7.49 | 93.99 | 101.48 | ERROR | |
r-devel-linux-x86_64-debian-gcc | 0.2.1 | 7.69 | 70.68 | 78.37 | ERROR | |
r-devel-linux-x86_64-fedora-clang | 0.2.1 | 128.80 | ERROR | |||
r-devel-linux-x86_64-fedora-gcc | 0.3.1 | 166.51 | OK | |||
r-devel-windows-ix86+x86_64 | 0.2.1 | 21.00 | 123.00 | 144.00 | ERROR | |
r-devel-windows-x86_64-gcc10-UCRT | 0.0.0.9000 | NOTE | ||||
r-patched-linux-x86_64 | 0.2.1 | 8.12 | 95.18 | 103.30 | ERROR | |
r-patched-solaris-x86 | 0.3.1 | 258.30 | OK | |||
r-release-linux-x86_64 | 0.2.1 | 7.91 | 94.72 | 102.63 | ERROR | |
r-release-macos-x86_64 | 0.2.1 | OK | ||||
r-release-windows-ix86+x86_64 | 0.2.1 | 21.00 | 135.00 | 156.00 | ERROR | |
r-oldrel-macos-x86_64 | 0.2.1 | OK | ||||
r-oldrel-windows-ix86+x86_64 | 0.2.1 | 11.00 | 112.00 | 123.00 | ERROR |
Version: 0.2.1
Check: LazyData
Result: NOTE
'LazyData' is specified without a 'data' directory
Flavors: r-devel-linux-x86_64-debian-clang, r-devel-linux-x86_64-debian-gcc, r-devel-linux-x86_64-fedora-clang, r-devel-windows-ix86+x86_64, r-devel-windows-x86_64-gcc10-UCRT
Version: 0.2.1
Check: tests
Result: ERROR
Running 'manualtests.R' [0s/1s]
Running 'spelling.R' [0s/1s]
Running 'testthat.R' [12s/14s]
Running the tests in 'tests/testthat.R' failed.
Complete output:
> library(testthat)
> library(golem)
>
> test_check("golem")
-- Checking package name -------------------------------------------------------
v Valid package name
-- Creating dir ----------------------------------------------------------------
v Created package directory
-- Copying package skeleton ----------------------------------------------------
v Copied app skeleton
-- Setting the default config --------------------------------------------------
v Configured app
-- Done ------------------------------------------------------------------------
A new golem named mafyanabnm20210415210032 was created at /tmp/RtmpEzFKv9/mafyanabnm20210415210032 .
To continue working on your app, start editing the 01_start.R file.
-- Setting {golem} options in `golem-config.yml` -------------------------------
v Setting `golem_wd` to here::here()
You can change golem working directory with set_golem_wd('path/to/wd')
v Setting `golem_name` to mafyanabnm20210415210032
v Setting `golem_version` to 0.0.0.9000
v Setting `app_prod` to FALSE
-- Setting {usethis} project as `golem_wd` -------------------------------------
v Setting active project to '/tmp/RtmpEzFKv9/mafyanabnm20210415210032'
v Setting `golem_wd` to here::here()
v Setting License field in DESCRIPTION to 'MIT + file LICENSE'
v Writing 'LICENSE'
v Writing 'LICENSE.md'
v Adding '^LICENSE\\.md$' to '.Rbuildignore'
v File created at /tmp/RtmpEzFKv9/mafyanabnm20210415210032/inst/app/www/bophoylbbn.css
v File automatically linked in `golem_add_external_resources()`.
* Go to /tmp/RtmpEzFKv9/mafyanabnm20210415210032/inst/app/www/bophoylbbn.css
v File created at /tmp/RtmpEzFKv9/mafyanabnm20210415210032/inst/app/nncwogjady/bophoylbbnqnnnzjfwcq.css
v File automatically linked in `golem_add_external_resources()`.
* Go to /tmp/RtmpEzFKv9/mafyanabnm20210415210032/inst/app/nncwogjady/bophoylbbnqnnnzjfwcq.css
v File created at /tmp/RtmpEzFKv9/mafyanabnm20210415210032/inst/app/www/qmdlxhgdlg.css
v File automatically linked in `golem_add_external_resources()`.
* Go to /tmp/RtmpEzFKv9/mafyanabnm20210415210032/inst/app/www/qmdlxhgdlg.css
v File created at /tmp/RtmpEzFKv9/mafyanabnm20210415210032/inst/app/www/blztxnpfzk.js
v File automatically linked in `golem_add_external_resources()`.
* Go to /tmp/RtmpEzFKv9/mafyanabnm20210415210032/inst/app/www/blztxnpfzk.js
v File created at /tmp/RtmpEzFKv9/mafyanabnm20210415210032/inst/app/nncwogjady/blztxnpfzkntdaxntako.js
v File automatically linked in `golem_add_external_resources()`.
* Go to /tmp/RtmpEzFKv9/mafyanabnm20210415210032/inst/app/nncwogjady/blztxnpfzkntdaxntako.js
v File created at /tmp/RtmpEzFKv9/mafyanabnm20210415210032/inst/app/www/nodzcyblzb.js
v File automatically linked in `golem_add_external_resources()`.
* Go to /tmp/RtmpEzFKv9/mafyanabnm20210415210032/inst/app/www/nodzcyblzb.js
v File created at /tmp/RtmpEzFKv9/mafyanabnm20210415210032/inst/app/www/fdtxcdmoco.js
v File automatically linked in `golem_add_external_resources()`.
* Go to /tmp/RtmpEzFKv9/mafyanabnm20210415210032/inst/app/www/fdtxcdmoco.js
v File created at /tmp/RtmpEzFKv9/mafyanabnm20210415210032/inst/app/nncwogjady/fdtxcdmocoghlxclfwbk.js
v File automatically linked in `golem_add_external_resources()`.
* Go to /tmp/RtmpEzFKv9/mafyanabnm20210415210032/inst/app/nncwogjady/fdtxcdmocoghlxclfwbk.js
v File created at /tmp/RtmpEzFKv9/mafyanabnm20210415210032/inst/app/www/qjlkckyyhx.js
v File automatically linked in `golem_add_external_resources()`.
* Go to /tmp/RtmpEzFKv9/mafyanabnm20210415210032/inst/app/www/qjlkckyyhx.js
v ui file created at /tmp/RtmpEzFKv9/mafyanabnm20210415210032/inst/app/ui.R
v server file created at /tmp/RtmpEzFKv9/mafyanabnm20210415210032/inst/app/server.R
* Go to R/mod_test_fct_ftest.R
* Go to R/mod_test_utils_utest.R
v File created at R/mod_test.R
* Go to R/mod_test.R
* Go to R/mod_test2_fct_ftest.R
* Go to R/mod_test2_utils_utest.R
v File created at R/mod_test2.R
* Go to R/mod_test2.R
* Go to R/fct_ui.R
* Go to R/utils_ui.R
v File created at R/mod_lbjjkhgxhb.R
* Go to R/mod_lbjjkhgxhb.R
* Go to R/mod_lbjjkhgxhb_fct_ui.R
* Go to R/mod_lbjjkhgxhb_utils_ui.R
v Setting `golem_name` to plop
v Setting `golem_name` to mafyanabnm20210415210032
v Setting `golem_version` to 0.0.0.9001
v Setting `golem_version` to 0.0.0.9000
v Setting `golem_wd` to /tmp/RtmpEzFKv9/mafyanabnm20210415210032/inst
v Setting `golem_wd` to here::here()
v favicon.ico created at /tmp/RtmpEzFKv9/mafyanabnm20210415210032/inst/app/www/favicon.ico
Favicon is automatically linked in app_ui via `golem_add_external_resources()`
v Removing favicon at inst/app/www/favicon.ico
* No file found at inst/app/www/favicon.ico
[1] "test"
[1] "test"
[1] "test"
[1] "test"
Error : The `DT` package is required.
v Dependencies added
v Tests added
v File created at /tmp/RtmpEzFKv9/mafyanabnm20210415210032/R/golem_utils_ui.R
v Utils UI added
v File created at /tmp/RtmpEzFKv9/mafyanabnm20210415210032/R/golem_utils_server.R
v Utils server added
-- Checking package name -------------------------------------------------------
v Valid package name
-- Creating dir ----------------------------------------------------------------
v Created package directory
-- Copying package skeleton ----------------------------------------------------
v Copied app skeleton
-- Setting the default config --------------------------------------------------
v Configured app
-- Done ------------------------------------------------------------------------
A new golem named ucctumztll was created at /tmp/RtmpEzFKv9/ucctumztll .
To continue working on your app, start editing the 01_start.R file.
Writing NAMESPACE
Writing NAMESPACE
== Skipped tests ===============================================================
* On CRAN (1)
== Failed tests ================================================================
-- Failure (test-use_recomended.R:2:3): test use_recommended_deps --------------
all(...) is not TRUE
`actual`: FALSE
`expected`: TRUE
Backtrace:
x
1. +-withr::with_dir(...) test-use_recomended.R:2:2
2. | \-base::force(code)
3. \-testthat::expect_true(...) test-use_recomended.R:6:4
[ FAIL 1 | WARN 0 | SKIP 1 | PASS 103 ]
Error: Test failures
Execution halted
Flavor: r-devel-linux-x86_64-debian-clang
Version: 0.2.1
Check: tests
Result: ERROR
Running ‘manualtests.R’ [0s/1s]
Running ‘spelling.R’ [0s/1s]
Running ‘testthat.R’ [9s/14s]
Running the tests in ‘tests/testthat.R’ failed.
Complete output:
> library(testthat)
> library(golem)
>
> test_check("golem")
── Checking package name ───────────────────────────────────────────────────────
✔ Valid package name
── Creating dir ────────────────────────────────────────────────────────────────
✔ Created package directory
── Copying package skeleton ────────────────────────────────────────────────────
✔ Copied app skeleton
── Setting the default config ──────────────────────────────────────────────────
✔ Configured app
── Done ────────────────────────────────────────────────────────────────────────
A new golem named ddpanlolko20210416224019 was created at /home/hornik/tmp/scratch/Rtmphanymo/ddpanlolko20210416224019 .
To continue working on your app, start editing the 01_start.R file.
── Setting {golem} options in `golem-config.yml` ───────────────────────────────
✔ Setting `golem_wd` to here::here()
You can change golem working directory with set_golem_wd('path/to/wd')
✔ Setting `golem_name` to ddpanlolko20210416224019
✔ Setting `golem_version` to 0.0.0.9000
✔ Setting `app_prod` to FALSE
── Setting {usethis} project as `golem_wd` ─────────────────────────────────────
✔ Setting active project to '/home/hornik/tmp/scratch/Rtmphanymo/ddpanlolko20210416224019'
✔ Setting `golem_wd` to here::here()
✔ Setting License field in DESCRIPTION to 'MIT + file LICENSE'
✔ Writing 'LICENSE'
✔ Writing 'LICENSE.md'
✔ Adding '^LICENSE\\.md$' to '.Rbuildignore'
✔ File created at /home/hornik/tmp/scratch/Rtmphanymo/ddpanlolko20210416224019/inst/app/www/hbxtgjcalq.css
✔ File automatically linked in `golem_add_external_resources()`.
● Go to /home/hornik/tmp/scratch/Rtmphanymo/ddpanlolko20210416224019/inst/app/www/hbxtgjcalq.css
✔ File created at /home/hornik/tmp/scratch/Rtmphanymo/ddpanlolko20210416224019/inst/app/qjhdwmnhpb/hbxtgjcalqptgnwclnpm.css
✔ File automatically linked in `golem_add_external_resources()`.
● Go to /home/hornik/tmp/scratch/Rtmphanymo/ddpanlolko20210416224019/inst/app/qjhdwmnhpb/hbxtgjcalqptgnwclnpm.css
✔ File created at /home/hornik/tmp/scratch/Rtmphanymo/ddpanlolko20210416224019/inst/app/www/kfpxxgyctx.css
✔ File automatically linked in `golem_add_external_resources()`.
● Go to /home/hornik/tmp/scratch/Rtmphanymo/ddpanlolko20210416224019/inst/app/www/kfpxxgyctx.css
✔ File created at /home/hornik/tmp/scratch/Rtmphanymo/ddpanlolko20210416224019/inst/app/www/bcypwbqjzq.js
✔ File automatically linked in `golem_add_external_resources()`.
● Go to /home/hornik/tmp/scratch/Rtmphanymo/ddpanlolko20210416224019/inst/app/www/bcypwbqjzq.js
✔ File created at /home/hornik/tmp/scratch/Rtmphanymo/ddpanlolko20210416224019/inst/app/qjhdwmnhpb/bcypwbqjzqkjhjkhbhcd.js
✔ File automatically linked in `golem_add_external_resources()`.
● Go to /home/hornik/tmp/scratch/Rtmphanymo/ddpanlolko20210416224019/inst/app/qjhdwmnhpb/bcypwbqjzqkjhjkhbhcd.js
✔ File created at /home/hornik/tmp/scratch/Rtmphanymo/ddpanlolko20210416224019/inst/app/www/yxkqxkpdyp.js
✔ File automatically linked in `golem_add_external_resources()`.
● Go to /home/hornik/tmp/scratch/Rtmphanymo/ddpanlolko20210416224019/inst/app/www/yxkqxkpdyp.js
✔ File created at /home/hornik/tmp/scratch/Rtmphanymo/ddpanlolko20210416224019/inst/app/www/lwcwqtqdco.js
✔ File automatically linked in `golem_add_external_resources()`.
● Go to /home/hornik/tmp/scratch/Rtmphanymo/ddpanlolko20210416224019/inst/app/www/lwcwqtqdco.js
✔ File created at /home/hornik/tmp/scratch/Rtmphanymo/ddpanlolko20210416224019/inst/app/qjhdwmnhpb/lwcwqtqdcomzmfctxhff.js
✔ File automatically linked in `golem_add_external_resources()`.
● Go to /home/hornik/tmp/scratch/Rtmphanymo/ddpanlolko20210416224019/inst/app/qjhdwmnhpb/lwcwqtqdcomzmfctxhff.js
✔ File created at /home/hornik/tmp/scratch/Rtmphanymo/ddpanlolko20210416224019/inst/app/www/cfdaylbcmn.js
✔ File automatically linked in `golem_add_external_resources()`.
● Go to /home/hornik/tmp/scratch/Rtmphanymo/ddpanlolko20210416224019/inst/app/www/cfdaylbcmn.js
✔ ui file created at /home/hornik/tmp/scratch/Rtmphanymo/ddpanlolko20210416224019/inst/app/ui.R
✔ server file created at /home/hornik/tmp/scratch/Rtmphanymo/ddpanlolko20210416224019/inst/app/server.R
● Go to R/mod_test_fct_ftest.R
● Go to R/mod_test_utils_utest.R
✔ File created at R/mod_test.R
● Go to R/mod_test.R
● Go to R/mod_test2_fct_ftest.R
● Go to R/mod_test2_utils_utest.R
✔ File created at R/mod_test2.R
● Go to R/mod_test2.R
● Go to R/fct_ui.R
● Go to R/utils_ui.R
✔ File created at R/mod_dmkzlzdoyw.R
● Go to R/mod_dmkzlzdoyw.R
● Go to R/mod_dmkzlzdoyw_fct_ui.R
● Go to R/mod_dmkzlzdoyw_utils_ui.R
✔ Setting `golem_name` to plop
✔ Setting `golem_name` to ddpanlolko20210416224019
✔ Setting `golem_version` to 0.0.0.9001
✔ Setting `golem_version` to 0.0.0.9000
✔ Setting `golem_wd` to /home/hornik/tmp/scratch/Rtmphanymo/ddpanlolko20210416224019/inst
✔ Setting `golem_wd` to here::here()
✔ favicon.ico created at /home/hornik/tmp/scratch/Rtmphanymo/ddpanlolko20210416224019/inst/app/www/favicon.ico
Favicon is automatically linked in app_ui via `golem_add_external_resources()`
✔ Removing favicon at inst/app/www/favicon.ico
● No file found at inst/app/www/favicon.ico
[1] "test"
[1] "test"
[1] "test"
[1] "test"
Error : The `DT` package is required.
✔ Dependencies added
✔ Tests added
✔ File created at /home/hornik/tmp/scratch/Rtmphanymo/ddpanlolko20210416224019/R/golem_utils_ui.R
✔ Utils UI added
✔ File created at /home/hornik/tmp/scratch/Rtmphanymo/ddpanlolko20210416224019/R/golem_utils_server.R
✔ Utils server added
── Checking package name ───────────────────────────────────────────────────────
✔ Valid package name
── Creating dir ────────────────────────────────────────────────────────────────
✔ Created package directory
── Copying package skeleton ────────────────────────────────────────────────────
✔ Copied app skeleton
── Setting the default config ──────────────────────────────────────────────────
✔ Configured app
── Done ────────────────────────────────────────────────────────────────────────
A new golem named kwuqsoxowl was created at /home/hornik/tmp/scratch/Rtmphanymo/kwuqsoxowl .
To continue working on your app, start editing the 01_start.R file.
Writing NAMESPACE
Writing NAMESPACE
══ Skipped tests ═══════════════════════════════════════════════════════════════
● On CRAN (1)
══ Failed tests ════════════════════════════════════════════════════════════════
── Failure (test-use_recomended.R:2:3): test use_recommended_deps ──────────────
all(...) is not TRUE
`actual`: FALSE
`expected`: TRUE
Backtrace:
█
1. ├─withr::with_dir(...) test-use_recomended.R:2:2
2. │ └─base::force(code)
3. └─testthat::expect_true(...) test-use_recomended.R:6:4
[ FAIL 1 | WARN 0 | SKIP 1 | PASS 103 ]
Error: Test failures
Execution halted
Flavor: r-devel-linux-x86_64-debian-gcc
Version: 0.2.1
Check: tests
Result: ERROR
Running ‘manualtests.R’
Running ‘spelling.R’
Running ‘testthat.R’ [13s/16s]
Running the tests in ‘tests/testthat.R’ failed.
Complete output:
> library(testthat)
> library(golem)
>
> test_check("golem")
── Checking package name ───────────────────────────────────────────────────────
✔ Valid package name
── Creating dir ────────────────────────────────────────────────────────────────
✔ Created package directory
── Copying package skeleton ────────────────────────────────────────────────────
✔ Copied app skeleton
── Setting the default config ──────────────────────────────────────────────────
✔ Configured app
── Done ────────────────────────────────────────────────────────────────────────
A new golem named xjlakxltkz20210410101758 was created at /tmp/RtmpuRnkuo/working_dir/Rtmphw28b6/xjlakxltkz20210410101758 .
To continue working on your app, start editing the 01_start.R file.
── Setting {golem} options in `golem-config.yml` ───────────────────────────────
✔ Setting `golem_wd` to here::here()
You can change golem working directory with set_golem_wd('path/to/wd')
✔ Setting `golem_name` to xjlakxltkz20210410101758
✔ Setting `golem_version` to 0.0.0.9000
✔ Setting `app_prod` to FALSE
── Setting {usethis} project as `golem_wd` ─────────────────────────────────────
✔ Setting active project to '/tmp/RtmpuRnkuo/working_dir/Rtmphw28b6/xjlakxltkz20210410101758'
✔ Setting `golem_wd` to here::here()
✔ Setting License field in DESCRIPTION to 'MIT + file LICENSE'
✔ Writing 'LICENSE'
✔ Writing 'LICENSE.md'
✔ Adding '^LICENSE\\.md$' to '.Rbuildignore'
✔ File created at /tmp/RtmpuRnkuo/working_dir/Rtmphw28b6/xjlakxltkz20210410101758/inst/app/www/gbbtlxlqdf.css
✔ File automatically linked in `golem_add_external_resources()`.
● Go to /tmp/RtmpuRnkuo/working_dir/Rtmphw28b6/xjlakxltkz20210410101758/inst/app/www/gbbtlxlqdf.css
✔ File created at /tmp/RtmpuRnkuo/working_dir/Rtmphw28b6/xjlakxltkz20210410101758/inst/app/mokqxozfhh/gbbtlxlqdfchpgjfylym.css
✔ File automatically linked in `golem_add_external_resources()`.
● Go to /tmp/RtmpuRnkuo/working_dir/Rtmphw28b6/xjlakxltkz20210410101758/inst/app/mokqxozfhh/gbbtlxlqdfchpgjfylym.css
✔ File created at /tmp/RtmpuRnkuo/working_dir/Rtmphw28b6/xjlakxltkz20210410101758/inst/app/www/wfhyyxmmbb.css
✔ File automatically linked in `golem_add_external_resources()`.
● Go to /tmp/RtmpuRnkuo/working_dir/Rtmphw28b6/xjlakxltkz20210410101758/inst/app/www/wfhyyxmmbb.css
✔ File created at /tmp/RtmpuRnkuo/working_dir/Rtmphw28b6/xjlakxltkz20210410101758/inst/app/www/dgbqxndmcg.js
✔ File automatically linked in `golem_add_external_resources()`.
● Go to /tmp/RtmpuRnkuo/working_dir/Rtmphw28b6/xjlakxltkz20210410101758/inst/app/www/dgbqxndmcg.js
✔ File created at /tmp/RtmpuRnkuo/working_dir/Rtmphw28b6/xjlakxltkz20210410101758/inst/app/mokqxozfhh/dgbqxndmcgdtjdgfybmj.js
✔ File automatically linked in `golem_add_external_resources()`.
● Go to /tmp/RtmpuRnkuo/working_dir/Rtmphw28b6/xjlakxltkz20210410101758/inst/app/mokqxozfhh/dgbqxndmcgdtjdgfybmj.js
✔ File created at /tmp/RtmpuRnkuo/working_dir/Rtmphw28b6/xjlakxltkz20210410101758/inst/app/www/ybhqyzlkpa.js
✔ File automatically linked in `golem_add_external_resources()`.
● Go to /tmp/RtmpuRnkuo/working_dir/Rtmphw28b6/xjlakxltkz20210410101758/inst/app/www/ybhqyzlkpa.js
✔ File created at /tmp/RtmpuRnkuo/working_dir/Rtmphw28b6/xjlakxltkz20210410101758/inst/app/www/wmcbcgxbpc.js
✔ File automatically linked in `golem_add_external_resources()`.
● Go to /tmp/RtmpuRnkuo/working_dir/Rtmphw28b6/xjlakxltkz20210410101758/inst/app/www/wmcbcgxbpc.js
✔ File created at /tmp/RtmpuRnkuo/working_dir/Rtmphw28b6/xjlakxltkz20210410101758/inst/app/mokqxozfhh/wmcbcgxbpcyydbfqkyyk.js
✔ File automatically linked in `golem_add_external_resources()`.
● Go to /tmp/RtmpuRnkuo/working_dir/Rtmphw28b6/xjlakxltkz20210410101758/inst/app/mokqxozfhh/wmcbcgxbpcyydbfqkyyk.js
✔ File created at /tmp/RtmpuRnkuo/working_dir/Rtmphw28b6/xjlakxltkz20210410101758/inst/app/www/kmfhjdhpwj.js
✔ File automatically linked in `golem_add_external_resources()`.
● Go to /tmp/RtmpuRnkuo/working_dir/Rtmphw28b6/xjlakxltkz20210410101758/inst/app/www/kmfhjdhpwj.js
✔ ui file created at /tmp/RtmpuRnkuo/working_dir/Rtmphw28b6/xjlakxltkz20210410101758/inst/app/ui.R
✔ server file created at /tmp/RtmpuRnkuo/working_dir/Rtmphw28b6/xjlakxltkz20210410101758/inst/app/server.R
● Go to R/mod_test_fct_ftest.R
● Go to R/mod_test_utils_utest.R
✔ File created at R/mod_test.R
● Go to R/mod_test.R
● Go to R/mod_test2_fct_ftest.R
● Go to R/mod_test2_utils_utest.R
✔ File created at R/mod_test2.R
● Go to R/mod_test2.R
● Go to R/fct_ui.R
● Go to R/utils_ui.R
✔ File created at R/mod_tlntlzbtad.R
● Go to R/mod_tlntlzbtad.R
● Go to R/mod_tlntlzbtad_fct_ui.R
● Go to R/mod_tlntlzbtad_utils_ui.R
✔ Setting `golem_name` to plop
✔ Setting `golem_name` to xjlakxltkz20210410101758
✔ Setting `golem_version` to 0.0.0.9001
✔ Setting `golem_version` to 0.0.0.9000
✔ Setting `golem_wd` to /tmp/RtmpuRnkuo/working_dir/Rtmphw28b6/xjlakxltkz20210410101758/inst
✔ Setting `golem_wd` to here::here()
✔ favicon.ico created at /tmp/RtmpuRnkuo/working_dir/Rtmphw28b6/xjlakxltkz20210410101758/inst/app/www/favicon.ico
Favicon is automatically linked in app_ui via `golem_add_external_resources()`
✔ Removing favicon at inst/app/www/favicon.ico
● No file found at inst/app/www/favicon.ico
[1] "test"
[1] "test"
[1] "test"
[1] "test"
Error : The `DT` package is required.
✔ Dependencies added
✔ Tests added
✔ File created at /tmp/RtmpuRnkuo/working_dir/Rtmphw28b6/xjlakxltkz20210410101758/R/golem_utils_ui.R
✔ Utils UI added
✔ File created at /tmp/RtmpuRnkuo/working_dir/Rtmphw28b6/xjlakxltkz20210410101758/R/golem_utils_server.R
✔ Utils server added
── Checking package name ───────────────────────────────────────────────────────
✔ Valid package name
── Creating dir ────────────────────────────────────────────────────────────────
✔ Created package directory
── Copying package skeleton ────────────────────────────────────────────────────
✔ Copied app skeleton
── Setting the default config ──────────────────────────────────────────────────
✔ Configured app
── Done ────────────────────────────────────────────────────────────────────────
A new golem named zcspjimlqr was created at /tmp/RtmpuRnkuo/working_dir/Rtmphw28b6/zcspjimlqr .
To continue working on your app, start editing the 01_start.R file.
Writing NAMESPACE
Writing NAMESPACE
══ Skipped tests ═══════════════════════════════════════════════════════════════
● On CRAN (1)
══ Failed tests ════════════════════════════════════════════════════════════════
── Failure (test-use_recomended.R:2:3): test use_recommended_deps ──────────────
all(...) is not TRUE
`actual`: FALSE
`expected`: TRUE
Backtrace:
█
1. ├─withr::with_dir(...) test-use_recomended.R:2:2
2. │ └─base::force(code)
3. └─testthat::expect_true(...) test-use_recomended.R:6:4
[ FAIL 1 | WARN 0 | SKIP 1 | PASS 103 ]
Error: Test failures
Execution halted
Flavor: r-devel-linux-x86_64-fedora-clang
Version: 0.2.1
Check: tests
Result: ERROR
Running 'manualtests.R' [0s]
Running 'spelling.R' [0s]
Running 'testthat.R' [15s]
Running the tests in 'tests/testthat.R' failed.
Complete output:
> library(testthat)
> library(golem)
>
> test_check("golem")
-- Checking package name -------------------------------------------------------
v Valid package name
-- Creating dir ----------------------------------------------------------------
v Created package directory
-- Copying package skeleton ----------------------------------------------------
v Copied app skeleton
-- Setting the default config --------------------------------------------------
v Configured app
-- Done ------------------------------------------------------------------------
A new golem named golzbxwodl20210413160308 was created at D:/temp/Rtmpa2njh8/golzbxwodl20210413160308 .
To continue working on your app, start editing the 01_start.R file.
-- Setting {golem} options in `golem-config.yml` -------------------------------
v Setting `golem_wd` to here::here()
You can change golem working directory with set_golem_wd('path/to/wd')
v Setting `golem_name` to golzbxwodl20210413160308
v Setting `golem_version` to 0.0.0.9000
v Setting `app_prod` to FALSE
-- Setting {usethis} project as `golem_wd` -------------------------------------
v Setting active project to 'D:/temp/Rtmpa2njh8/golzbxwodl20210413160308'
v Setting `golem_wd` to here::here()
v Setting License field in DESCRIPTION to 'MIT + file LICENSE'
v Writing 'LICENSE'
v Writing 'LICENSE.md'
v Adding '^LICENSE\\.md$' to '.Rbuildignore'
v File created at D:/temp/Rtmpa2njh8/golzbxwodl20210413160308/inst/app/www/tjapzampfj.css
v File automatically linked in `golem_add_external_resources()`.
* Go to D:/temp/Rtmpa2njh8/golzbxwodl20210413160308/inst/app/www/tjapzampfj.css
v File created at D:/temp/Rtmpa2njh8/golzbxwodl20210413160308/inst/app/fznacyltld/tjapzampfjpoonxwjgdc.css
v File automatically linked in `golem_add_external_resources()`.
* Go to D:/temp/Rtmpa2njh8/golzbxwodl20210413160308/inst/app/fznacyltld/tjapzampfjpoonxwjgdc.css
v File created at D:/temp/Rtmpa2njh8/golzbxwodl20210413160308/inst/app/www/glatfwmwyn.css
v File automatically linked in `golem_add_external_resources()`.
* Go to D:/temp/Rtmpa2njh8/golzbxwodl20210413160308/inst/app/www/glatfwmwyn.css
v File created at D:/temp/Rtmpa2njh8/golzbxwodl20210413160308/inst/app/www/nlxyaankzo.js
v File automatically linked in `golem_add_external_resources()`.
* Go to D:/temp/Rtmpa2njh8/golzbxwodl20210413160308/inst/app/www/nlxyaankzo.js
v File created at D:/temp/Rtmpa2njh8/golzbxwodl20210413160308/inst/app/fznacyltld/nlxyaankzoowyyppmwqb.js
v File automatically linked in `golem_add_external_resources()`.
* Go to D:/temp/Rtmpa2njh8/golzbxwodl20210413160308/inst/app/fznacyltld/nlxyaankzoowyyppmwqb.js
v File created at D:/temp/Rtmpa2njh8/golzbxwodl20210413160308/inst/app/www/opgdywnnaf.js
v File automatically linked in `golem_add_external_resources()`.
* Go to D:/temp/Rtmpa2njh8/golzbxwodl20210413160308/inst/app/www/opgdywnnaf.js
v File created at D:/temp/Rtmpa2njh8/golzbxwodl20210413160308/inst/app/www/twaypojbbx.js
v File automatically linked in `golem_add_external_resources()`.
* Go to D:/temp/Rtmpa2njh8/golzbxwodl20210413160308/inst/app/www/twaypojbbx.js
v File created at D:/temp/Rtmpa2njh8/golzbxwodl20210413160308/inst/app/fznacyltld/twaypojbbxobwaxlgxky.js
v File automatically linked in `golem_add_external_resources()`.
* Go to D:/temp/Rtmpa2njh8/golzbxwodl20210413160308/inst/app/fznacyltld/twaypojbbxobwaxlgxky.js
v File created at D:/temp/Rtmpa2njh8/golzbxwodl20210413160308/inst/app/www/aowzyfwwtw.js
v File automatically linked in `golem_add_external_resources()`.
* Go to D:/temp/Rtmpa2njh8/golzbxwodl20210413160308/inst/app/www/aowzyfwwtw.js
v ui file created at D:/temp/Rtmpa2njh8/golzbxwodl20210413160308/inst/app/ui.R
v server file created at D:/temp/Rtmpa2njh8/golzbxwodl20210413160308/inst/app/server.R
* Go to R/mod_test_fct_ftest.R
* Go to R/mod_test_utils_utest.R
v File created at R/mod_test.R
* Go to R/mod_test.R
* Go to R/mod_test2_fct_ftest.R
* Go to R/mod_test2_utils_utest.R
v File created at R/mod_test2.R
* Go to R/mod_test2.R
* Go to R/fct_ui.R
* Go to R/utils_ui.R
v File created at R/mod_lwtdqglnfq.R
* Go to R/mod_lwtdqglnfq.R
* Go to R/mod_lwtdqglnfq_fct_ui.R
* Go to R/mod_lwtdqglnfq_utils_ui.R
v Setting `golem_name` to plop
v Setting `golem_name` to golzbxwodl20210413160308
v Setting `golem_version` to 0.0.0.9001
v Setting `golem_version` to 0.0.0.9000
v Setting `golem_wd` to D:/temp/Rtmpa2njh8/golzbxwodl20210413160308/inst
v Setting `golem_wd` to here::here()
v favicon.ico created at D:/temp/Rtmpa2njh8/golzbxwodl20210413160308/inst/app/www/favicon.ico
Favicon is automatically linked in app_ui via `golem_add_external_resources()`
v Removing favicon at inst/app/www/favicon.ico
* No file found at inst/app/www/favicon.ico
[1] "test"
[1] "test"
[1] "test"
[1] "test"
Error : The `DT` package is required.
v Dependencies added
v Tests added
v File created at D:/temp/Rtmpa2njh8/golzbxwodl20210413160308/R/golem_utils_ui.R
v Utils UI added
v File created at D:/temp/Rtmpa2njh8/golzbxwodl20210413160308/R/golem_utils_server.R
v Utils server added
-- Checking package name -------------------------------------------------------
v Valid package name
-- Creating dir ----------------------------------------------------------------
v Created package directory
-- Copying package skeleton ----------------------------------------------------
v Copied app skeleton
-- Setting the default config --------------------------------------------------
v Configured app
-- Done ------------------------------------------------------------------------
A new golem named dfqsztmoxr was created at D:/temp/Rtmpa2njh8/dfqsztmoxr .
To continue working on your app, start editing the 01_start.R file.
Writing NAMESPACE
Writing NAMESPACE
== Skipped tests ===============================================================
* On CRAN (1)
== Failed tests ================================================================
-- Failure (test-use_recomended.R:2:3): test use_recommended_deps --------------
all(...) is not TRUE
`actual`: FALSE
`expected`: TRUE
Backtrace:
x
1. +-withr::with_dir(...) test-use_recomended.R:2:2
2. | \-base::force(code)
3. \-testthat::expect_true(...) test-use_recomended.R:6:4
[ FAIL 1 | WARN 0 | SKIP 1 | PASS 103 ]
Error: Test failures
Execution halted
Flavor: r-devel-windows-ix86+x86_64
Version: 0.2.1
Check: tests
Result: ERROR
Running ‘manualtests.R’ [0s/0s]
Running ‘spelling.R’ [0s/0s]
Running ‘testthat.R’ [18s/20s]
Running the tests in ‘tests/testthat.R’ failed.
Complete output:
> library(testthat)
> library(golem)
>
> test_check("golem")
── Checking package name ───────────────────────────────────────────────────────
✔ Valid package name
── Creating dir ────────────────────────────────────────────────────────────────
✔ Created package directory
── Copying package skeleton ────────────────────────────────────────────────────
✔ Copied app skeleton
── Setting the default config ──────────────────────────────────────────────────
✔ Configured app
── Done ────────────────────────────────────────────────────────────────────────
A new golem named woddpgflqx20210416200626 was created at /tmp/RtmpPqqWsh/woddpgflqx20210416200626 .
To continue working on your app, start editing the 01_start.R file.
── Setting {golem} options in `golem-config.yml` ───────────────────────────────
✔ Setting `golem_wd` to here::here()
You can change golem working directory with set_golem_wd('path/to/wd')
✔ Setting `golem_name` to woddpgflqx20210416200626
✔ Setting `golem_version` to 0.0.0.9000
✔ Setting `app_prod` to FALSE
── Setting {usethis} project as `golem_wd` ─────────────────────────────────────
✔ Setting active project to '/tmp/RtmpPqqWsh/woddpgflqx20210416200626'
✔ Setting `golem_wd` to here::here()
✔ Setting License field in DESCRIPTION to 'MIT + file LICENSE'
✔ Writing 'LICENSE'
✔ Writing 'LICENSE.md'
✔ Adding '^LICENSE\\.md$' to '.Rbuildignore'
✔ File created at /tmp/RtmpPqqWsh/woddpgflqx20210416200626/inst/app/www/cdfdfnqayy.css
✔ File automatically linked in `golem_add_external_resources()`.
● Go to /tmp/RtmpPqqWsh/woddpgflqx20210416200626/inst/app/www/cdfdfnqayy.css
✔ File created at /tmp/RtmpPqqWsh/woddpgflqx20210416200626/inst/app/pkaggzllbt/cdfdfnqayyqtbpcthakz.css
✔ File automatically linked in `golem_add_external_resources()`.
● Go to /tmp/RtmpPqqWsh/woddpgflqx20210416200626/inst/app/pkaggzllbt/cdfdfnqayyqtbpcthakz.css
✔ File created at /tmp/RtmpPqqWsh/woddpgflqx20210416200626/inst/app/www/tkdzxnlmdf.css
✔ File automatically linked in `golem_add_external_resources()`.
● Go to /tmp/RtmpPqqWsh/woddpgflqx20210416200626/inst/app/www/tkdzxnlmdf.css
✔ File created at /tmp/RtmpPqqWsh/woddpgflqx20210416200626/inst/app/www/dhkwjnhodw.js
✔ File automatically linked in `golem_add_external_resources()`.
● Go to /tmp/RtmpPqqWsh/woddpgflqx20210416200626/inst/app/www/dhkwjnhodw.js
✔ File created at /tmp/RtmpPqqWsh/woddpgflqx20210416200626/inst/app/pkaggzllbt/dhkwjnhodwfnazganmmg.js
✔ File automatically linked in `golem_add_external_resources()`.
● Go to /tmp/RtmpPqqWsh/woddpgflqx20210416200626/inst/app/pkaggzllbt/dhkwjnhodwfnazganmmg.js
✔ File created at /tmp/RtmpPqqWsh/woddpgflqx20210416200626/inst/app/www/kxqmdfgnqa.js
✔ File automatically linked in `golem_add_external_resources()`.
● Go to /tmp/RtmpPqqWsh/woddpgflqx20210416200626/inst/app/www/kxqmdfgnqa.js
✔ File created at /tmp/RtmpPqqWsh/woddpgflqx20210416200626/inst/app/www/ompgbqohzm.js
✔ File automatically linked in `golem_add_external_resources()`.
● Go to /tmp/RtmpPqqWsh/woddpgflqx20210416200626/inst/app/www/ompgbqohzm.js
✔ File created at /tmp/RtmpPqqWsh/woddpgflqx20210416200626/inst/app/pkaggzllbt/ompgbqohzmcxzxmofwat.js
✔ File automatically linked in `golem_add_external_resources()`.
● Go to /tmp/RtmpPqqWsh/woddpgflqx20210416200626/inst/app/pkaggzllbt/ompgbqohzmcxzxmofwat.js
✔ File created at /tmp/RtmpPqqWsh/woddpgflqx20210416200626/inst/app/www/hyxdqncmdx.js
✔ File automatically linked in `golem_add_external_resources()`.
● Go to /tmp/RtmpPqqWsh/woddpgflqx20210416200626/inst/app/www/hyxdqncmdx.js
✔ ui file created at /tmp/RtmpPqqWsh/woddpgflqx20210416200626/inst/app/ui.R
✔ server file created at /tmp/RtmpPqqWsh/woddpgflqx20210416200626/inst/app/server.R
● Go to R/mod_test_fct_ftest.R
● Go to R/mod_test_utils_utest.R
✔ File created at R/mod_test.R
● Go to R/mod_test.R
● Go to R/mod_test2_fct_ftest.R
● Go to R/mod_test2_utils_utest.R
✔ File created at R/mod_test2.R
● Go to R/mod_test2.R
● Go to R/fct_ui.R
● Go to R/utils_ui.R
✔ File created at R/mod_wqhbgghayh.R
● Go to R/mod_wqhbgghayh.R
● Go to R/mod_wqhbgghayh_fct_ui.R
● Go to R/mod_wqhbgghayh_utils_ui.R
✔ Setting `golem_name` to plop
✔ Setting `golem_name` to woddpgflqx20210416200626
✔ Setting `golem_version` to 0.0.0.9001
✔ Setting `golem_version` to 0.0.0.9000
✔ Setting `golem_wd` to /tmp/RtmpPqqWsh/woddpgflqx20210416200626/inst
✔ Setting `golem_wd` to here::here()
✔ favicon.ico created at /tmp/RtmpPqqWsh/woddpgflqx20210416200626/inst/app/www/favicon.ico
Favicon is automatically linked in app_ui via `golem_add_external_resources()`
✔ Removing favicon at inst/app/www/favicon.ico
● No file found at inst/app/www/favicon.ico
[1] "test"
[1] "test"
[1] "test"
[1] "test"
Error : The `DT` package is required.
✔ Dependencies added
✔ Tests added
✔ File created at /tmp/RtmpPqqWsh/woddpgflqx20210416200626/R/golem_utils_ui.R
✔ Utils UI added
✔ File created at /tmp/RtmpPqqWsh/woddpgflqx20210416200626/R/golem_utils_server.R
✔ Utils server added
── Checking package name ───────────────────────────────────────────────────────
✔ Valid package name
── Creating dir ────────────────────────────────────────────────────────────────
✔ Created package directory
── Copying package skeleton ────────────────────────────────────────────────────
✔ Copied app skeleton
── Setting the default config ──────────────────────────────────────────────────
✔ Configured app
── Done ────────────────────────────────────────────────────────────────────────
A new golem named jmxxesaswv was created at /tmp/RtmpPqqWsh/jmxxesaswv .
To continue working on your app, start editing the 01_start.R file.
Writing NAMESPACE
Writing NAMESPACE
══ Skipped tests ═══════════════════════════════════════════════════════════════
● On CRAN (1)
══ Failed tests ════════════════════════════════════════════════════════════════
── Failure (test-use_recomended.R:2:3): test use_recommended_deps ──────────────
all(...) is not TRUE
`actual`: FALSE
`expected`: TRUE
Backtrace:
█
1. ├─withr::with_dir(...) test-use_recomended.R:2:2
2. │ └─base::force(code)
3. └─testthat::expect_true(...) test-use_recomended.R:6:4
[ FAIL 1 | WARN 0 | SKIP 1 | PASS 103 ]
Error: Test failures
Execution halted
Flavor: r-patched-linux-x86_64
Version: 0.2.1
Check: tests
Result: ERROR
Running ‘manualtests.R’ [0s/0s]
Running ‘spelling.R’ [0s/1s]
Running ‘testthat.R’ [18s/21s]
Running the tests in ‘tests/testthat.R’ failed.
Complete output:
> library(testthat)
> library(golem)
>
> test_check("golem")
── Checking package name ───────────────────────────────────────────────────────
✔ Valid package name
── Creating dir ────────────────────────────────────────────────────────────────
✔ Created package directory
── Copying package skeleton ────────────────────────────────────────────────────
✔ Copied app skeleton
── Setting the default config ──────────────────────────────────────────────────
✔ Configured app
── Done ────────────────────────────────────────────────────────────────────────
A new golem named awkwcaazxn20210414200816 was created at /tmp/Rtmp60DyZV/awkwcaazxn20210414200816 .
To continue working on your app, start editing the 01_start.R file.
── Setting {golem} options in `golem-config.yml` ───────────────────────────────
✔ Setting `golem_wd` to here::here()
You can change golem working directory with set_golem_wd('path/to/wd')
✔ Setting `golem_name` to awkwcaazxn20210414200816
✔ Setting `golem_version` to 0.0.0.9000
✔ Setting `app_prod` to FALSE
── Setting {usethis} project as `golem_wd` ─────────────────────────────────────
✔ Setting active project to '/tmp/Rtmp60DyZV/awkwcaazxn20210414200816'
✔ Setting `golem_wd` to here::here()
✔ Setting License field in DESCRIPTION to 'MIT + file LICENSE'
✔ Writing 'LICENSE'
✔ Writing 'LICENSE.md'
✔ Adding '^LICENSE\\.md$' to '.Rbuildignore'
✔ File created at /tmp/Rtmp60DyZV/awkwcaazxn20210414200816/inst/app/www/ocwbgcybzd.css
✔ File automatically linked in `golem_add_external_resources()`.
● Go to /tmp/Rtmp60DyZV/awkwcaazxn20210414200816/inst/app/www/ocwbgcybzd.css
✔ File created at /tmp/Rtmp60DyZV/awkwcaazxn20210414200816/inst/app/apxhgmnbyy/ocwbgcybzdoxcthayhmb.css
✔ File automatically linked in `golem_add_external_resources()`.
● Go to /tmp/Rtmp60DyZV/awkwcaazxn20210414200816/inst/app/apxhgmnbyy/ocwbgcybzdoxcthayhmb.css
✔ File created at /tmp/Rtmp60DyZV/awkwcaazxn20210414200816/inst/app/www/wntogwdjoq.css
✔ File automatically linked in `golem_add_external_resources()`.
● Go to /tmp/Rtmp60DyZV/awkwcaazxn20210414200816/inst/app/www/wntogwdjoq.css
✔ File created at /tmp/Rtmp60DyZV/awkwcaazxn20210414200816/inst/app/www/zwpxthtlkd.js
✔ File automatically linked in `golem_add_external_resources()`.
● Go to /tmp/Rtmp60DyZV/awkwcaazxn20210414200816/inst/app/www/zwpxthtlkd.js
✔ File created at /tmp/Rtmp60DyZV/awkwcaazxn20210414200816/inst/app/apxhgmnbyy/zwpxthtlkdawdxqzacch.js
✔ File automatically linked in `golem_add_external_resources()`.
● Go to /tmp/Rtmp60DyZV/awkwcaazxn20210414200816/inst/app/apxhgmnbyy/zwpxthtlkdawdxqzacch.js
✔ File created at /tmp/Rtmp60DyZV/awkwcaazxn20210414200816/inst/app/www/znmlhhoqoy.js
✔ File automatically linked in `golem_add_external_resources()`.
● Go to /tmp/Rtmp60DyZV/awkwcaazxn20210414200816/inst/app/www/znmlhhoqoy.js
✔ File created at /tmp/Rtmp60DyZV/awkwcaazxn20210414200816/inst/app/www/lwapzxqgaq.js
✔ File automatically linked in `golem_add_external_resources()`.
● Go to /tmp/Rtmp60DyZV/awkwcaazxn20210414200816/inst/app/www/lwapzxqgaq.js
✔ File created at /tmp/Rtmp60DyZV/awkwcaazxn20210414200816/inst/app/apxhgmnbyy/lwapzxqgaqctkkfjbbyh.js
✔ File automatically linked in `golem_add_external_resources()`.
● Go to /tmp/Rtmp60DyZV/awkwcaazxn20210414200816/inst/app/apxhgmnbyy/lwapzxqgaqctkkfjbbyh.js
✔ File created at /tmp/Rtmp60DyZV/awkwcaazxn20210414200816/inst/app/www/dzcadllkma.js
✔ File automatically linked in `golem_add_external_resources()`.
● Go to /tmp/Rtmp60DyZV/awkwcaazxn20210414200816/inst/app/www/dzcadllkma.js
✔ ui file created at /tmp/Rtmp60DyZV/awkwcaazxn20210414200816/inst/app/ui.R
✔ server file created at /tmp/Rtmp60DyZV/awkwcaazxn20210414200816/inst/app/server.R
● Go to R/mod_test_fct_ftest.R
● Go to R/mod_test_utils_utest.R
✔ File created at R/mod_test.R
● Go to R/mod_test.R
● Go to R/mod_test2_fct_ftest.R
● Go to R/mod_test2_utils_utest.R
✔ File created at R/mod_test2.R
● Go to R/mod_test2.R
● Go to R/fct_ui.R
● Go to R/utils_ui.R
✔ File created at R/mod_jjobjtkjyx.R
● Go to R/mod_jjobjtkjyx.R
● Go to R/mod_jjobjtkjyx_fct_ui.R
● Go to R/mod_jjobjtkjyx_utils_ui.R
✔ Setting `golem_name` to plop
✔ Setting `golem_name` to awkwcaazxn20210414200816
✔ Setting `golem_version` to 0.0.0.9001
✔ Setting `golem_version` to 0.0.0.9000
✔ Setting `golem_wd` to /tmp/Rtmp60DyZV/awkwcaazxn20210414200816/inst
✔ Setting `golem_wd` to here::here()
✔ favicon.ico created at /tmp/Rtmp60DyZV/awkwcaazxn20210414200816/inst/app/www/favicon.ico
Favicon is automatically linked in app_ui via `golem_add_external_resources()`
✔ Removing favicon at inst/app/www/favicon.ico
● No file found at inst/app/www/favicon.ico
[1] "test"
[1] "test"
[1] "test"
[1] "test"
Error : The `DT` package is required.
✔ Dependencies added
✔ Tests added
✔ File created at /tmp/Rtmp60DyZV/awkwcaazxn20210414200816/R/golem_utils_ui.R
✔ Utils UI added
✔ File created at /tmp/Rtmp60DyZV/awkwcaazxn20210414200816/R/golem_utils_server.R
✔ Utils server added
── Checking package name ───────────────────────────────────────────────────────
✔ Valid package name
── Creating dir ────────────────────────────────────────────────────────────────
✔ Created package directory
── Copying package skeleton ────────────────────────────────────────────────────
✔ Copied app skeleton
── Setting the default config ──────────────────────────────────────────────────
✔ Configured app
── Done ────────────────────────────────────────────────────────────────────────
A new golem named tcjmfzhtip was created at /tmp/Rtmp60DyZV/tcjmfzhtip .
To continue working on your app, start editing the 01_start.R file.
Writing NAMESPACE
Writing NAMESPACE
══ Skipped tests ═══════════════════════════════════════════════════════════════
● On CRAN (1)
══ Failed tests ════════════════════════════════════════════════════════════════
── Failure (test-use_recomended.R:2:3): test use_recommended_deps ──────────────
all(...) is not TRUE
`actual`: FALSE
`expected`: TRUE
Backtrace:
█
1. ├─withr::with_dir(...) test-use_recomended.R:2:2
2. │ └─base::force(code)
3. └─testthat::expect_true(...) test-use_recomended.R:6:4
[ FAIL 1 | WARN 0 | SKIP 1 | PASS 103 ]
Error: Test failures
Execution halted
Flavor: r-release-linux-x86_64
Version: 0.2.1
Check: tests
Result: ERROR
Running 'manualtests.R' [0s]
Running 'spelling.R' [0s]
Running 'testthat.R' [24s]
Running the tests in 'tests/testthat.R' failed.
Complete output:
> library(testthat)
> library(golem)
>
> test_check("golem")
-- Checking package name -------------------------------------------------------
v Valid package name
-- Creating dir ----------------------------------------------------------------
v Created package directory
-- Copying package skeleton ----------------------------------------------------
v Copied app skeleton
-- Setting the default config --------------------------------------------------
v Configured app
-- Done ------------------------------------------------------------------------
A new golem named gtjpjjqolx20210412120825 was created at D:/temp/RtmpAFc0J7/gtjpjjqolx20210412120825 .
To continue working on your app, start editing the 01_start.R file.
-- Setting {golem} options in `golem-config.yml` -------------------------------
v Setting `golem_wd` to here::here()
You can change golem working directory with set_golem_wd('path/to/wd')
v Setting `golem_name` to gtjpjjqolx20210412120825
v Setting `golem_version` to 0.0.0.9000
v Setting `app_prod` to FALSE
-- Setting {usethis} project as `golem_wd` -------------------------------------
v Setting active project to 'D:/temp/RtmpAFc0J7/gtjpjjqolx20210412120825'
v Setting `golem_wd` to here::here()
v Setting License field in DESCRIPTION to 'MIT + file LICENSE'
v Writing 'LICENSE'
v Writing 'LICENSE.md'
v Adding '^LICENSE\\.md$' to '.Rbuildignore'
v File created at D:/temp/RtmpAFc0J7/gtjpjjqolx20210412120825/inst/app/www/xtphgaltgj.css
v File automatically linked in `golem_add_external_resources()`.
* Go to D:/temp/RtmpAFc0J7/gtjpjjqolx20210412120825/inst/app/www/xtphgaltgj.css
v File created at D:/temp/RtmpAFc0J7/gtjpjjqolx20210412120825/inst/app/xlfcxjdawn/xtphgaltgjmztzxpkkqk.css
v File automatically linked in `golem_add_external_resources()`.
* Go to D:/temp/RtmpAFc0J7/gtjpjjqolx20210412120825/inst/app/xlfcxjdawn/xtphgaltgjmztzxpkkqk.css
v File created at D:/temp/RtmpAFc0J7/gtjpjjqolx20210412120825/inst/app/www/bntmcqnmmd.css
v File automatically linked in `golem_add_external_resources()`.
* Go to D:/temp/RtmpAFc0J7/gtjpjjqolx20210412120825/inst/app/www/bntmcqnmmd.css
v File created at D:/temp/RtmpAFc0J7/gtjpjjqolx20210412120825/inst/app/www/gmwqgfwwhj.js
v File automatically linked in `golem_add_external_resources()`.
* Go to D:/temp/RtmpAFc0J7/gtjpjjqolx20210412120825/inst/app/www/gmwqgfwwhj.js
v File created at D:/temp/RtmpAFc0J7/gtjpjjqolx20210412120825/inst/app/xlfcxjdawn/gmwqgfwwhjokdwklfngd.js
v File automatically linked in `golem_add_external_resources()`.
* Go to D:/temp/RtmpAFc0J7/gtjpjjqolx20210412120825/inst/app/xlfcxjdawn/gmwqgfwwhjokdwklfngd.js
v File created at D:/temp/RtmpAFc0J7/gtjpjjqolx20210412120825/inst/app/www/hdbxtjaytq.js
v File automatically linked in `golem_add_external_resources()`.
* Go to D:/temp/RtmpAFc0J7/gtjpjjqolx20210412120825/inst/app/www/hdbxtjaytq.js
v File created at D:/temp/RtmpAFc0J7/gtjpjjqolx20210412120825/inst/app/www/tmhbqbkqjf.js
v File automatically linked in `golem_add_external_resources()`.
* Go to D:/temp/RtmpAFc0J7/gtjpjjqolx20210412120825/inst/app/www/tmhbqbkqjf.js
v File created at D:/temp/RtmpAFc0J7/gtjpjjqolx20210412120825/inst/app/xlfcxjdawn/tmhbqbkqjfdzzhbjlmtk.js
v File automatically linked in `golem_add_external_resources()`.
* Go to D:/temp/RtmpAFc0J7/gtjpjjqolx20210412120825/inst/app/xlfcxjdawn/tmhbqbkqjfdzzhbjlmtk.js
v File created at D:/temp/RtmpAFc0J7/gtjpjjqolx20210412120825/inst/app/www/bwtlfntplo.js
v File automatically linked in `golem_add_external_resources()`.
* Go to D:/temp/RtmpAFc0J7/gtjpjjqolx20210412120825/inst/app/www/bwtlfntplo.js
v ui file created at D:/temp/RtmpAFc0J7/gtjpjjqolx20210412120825/inst/app/ui.R
v server file created at D:/temp/RtmpAFc0J7/gtjpjjqolx20210412120825/inst/app/server.R
* Go to R/mod_test_fct_ftest.R
* Go to R/mod_test_utils_utest.R
v File created at R/mod_test.R
* Go to R/mod_test.R
* Go to R/mod_test2_fct_ftest.R
* Go to R/mod_test2_utils_utest.R
v File created at R/mod_test2.R
* Go to R/mod_test2.R
* Go to R/fct_ui.R
* Go to R/utils_ui.R
v File created at R/mod_gtkhfmambx.R
* Go to R/mod_gtkhfmambx.R
* Go to R/mod_gtkhfmambx_fct_ui.R
* Go to R/mod_gtkhfmambx_utils_ui.R
v Setting `golem_name` to plop
v Setting `golem_name` to gtjpjjqolx20210412120825
v Setting `golem_version` to 0.0.0.9001
v Setting `golem_version` to 0.0.0.9000
v Setting `golem_wd` to D:/temp/RtmpAFc0J7/gtjpjjqolx20210412120825/inst
v Setting `golem_wd` to here::here()
v favicon.ico created at D:/temp/RtmpAFc0J7/gtjpjjqolx20210412120825/inst/app/www/favicon.ico
Favicon is automatically linked in app_ui via `golem_add_external_resources()`
v Removing favicon at inst/app/www/favicon.ico
* No file found at inst/app/www/favicon.ico
[1] "test"
[1] "test"
[1] "test"
[1] "test"
Error : The `DT` package is required.
v Dependencies added
v Tests added
v File created at D:/temp/RtmpAFc0J7/gtjpjjqolx20210412120825/R/golem_utils_ui.R
v Utils UI added
v File created at D:/temp/RtmpAFc0J7/gtjpjjqolx20210412120825/R/golem_utils_server.R
v Utils server added
-- Checking package name -------------------------------------------------------
v Valid package name
-- Creating dir ----------------------------------------------------------------
v Created package directory
-- Copying package skeleton ----------------------------------------------------
v Copied app skeleton
-- Setting the default config --------------------------------------------------
v Configured app
-- Done ------------------------------------------------------------------------
A new golem named kkyiejzuqu was created at D:/temp/RtmpAFc0J7/kkyiejzuqu .
To continue working on your app, start editing the 01_start.R file.
Writing NAMESPACE
Writing NAMESPACE
== Skipped tests ===============================================================
* On CRAN (1)
== Failed tests ================================================================
-- Failure (test-use_recomended.R:2:3): test use_recommended_deps --------------
all(...) is not TRUE
`actual`: FALSE
`expected`: TRUE
Backtrace:
x
1. +-withr::with_dir(...) test-use_recomended.R:2:2
2. | \-base::force(code)
3. \-testthat::expect_true(...) test-use_recomended.R:6:4
[ FAIL 1 | WARN 0 | SKIP 1 | PASS 103 ]
Error: Test failures
Execution halted
Flavor: r-release-windows-ix86+x86_64
Version: 0.2.1
Check: tests
Result: ERROR
Running 'manualtests.R' [0s]
Running 'spelling.R' [0s]
Running 'testthat.R' [21s]
Running the tests in 'tests/testthat.R' failed.
Complete output:
> library(testthat)
> library(golem)
>
> test_check("golem")
-- Checking package name -------------------------------------------------------
v Valid package name
-- Creating dir ----------------------------------------------------------------
v Created package directory
-- Copying package skeleton ----------------------------------------------------
v Copied app skeleton
-- Setting the default config --------------------------------------------------
v Configured app
-- Done ------------------------------------------------------------------------
A new golem named pzymfjgchy20210414144301 was created at D:/temp/RtmpAlDK1J/pzymfjgchy20210414144301 .
To continue working on your app, start editing the 01_start.R file.
-- Setting {golem} options in `golem-config.yml` -------------------------------
v Setting `golem_wd` to here::here()
You can change golem working directory with set_golem_wd('path/to/wd')
v Setting `golem_name` to pzymfjgchy20210414144301
v Setting `golem_version` to 0.0.0.9000
v Setting `app_prod` to FALSE
-- Setting {usethis} project as `golem_wd` -------------------------------------
v Setting active project to 'D:/temp/RtmpAlDK1J/pzymfjgchy20210414144301'
v Setting `golem_wd` to here::here()
v Setting License field in DESCRIPTION to 'MIT + file LICENSE'
v Writing 'LICENSE'
v Writing 'LICENSE.md'
v Adding '^LICENSE\\.md$' to '.Rbuildignore'
v File created at D:/temp/RtmpAlDK1J/pzymfjgchy20210414144301/inst/app/www/wzxmfnwkcy.css
v File automatically linked in `golem_add_external_resources()`.
* Go to D:/temp/RtmpAlDK1J/pzymfjgchy20210414144301/inst/app/www/wzxmfnwkcy.css
v File created at D:/temp/RtmpAlDK1J/pzymfjgchy20210414144301/inst/app/cbbjklpxnb/wzxmfnwkcytpytjwmqcf.css
v File automatically linked in `golem_add_external_resources()`.
* Go to D:/temp/RtmpAlDK1J/pzymfjgchy20210414144301/inst/app/cbbjklpxnb/wzxmfnwkcytpytjwmqcf.css
v File created at D:/temp/RtmpAlDK1J/pzymfjgchy20210414144301/inst/app/www/hqgjbohffz.css
v File automatically linked in `golem_add_external_resources()`.
* Go to D:/temp/RtmpAlDK1J/pzymfjgchy20210414144301/inst/app/www/hqgjbohffz.css
v File created at D:/temp/RtmpAlDK1J/pzymfjgchy20210414144301/inst/app/www/mnqkydzdjy.js
v File automatically linked in `golem_add_external_resources()`.
* Go to D:/temp/RtmpAlDK1J/pzymfjgchy20210414144301/inst/app/www/mnqkydzdjy.js
v File created at D:/temp/RtmpAlDK1J/pzymfjgchy20210414144301/inst/app/cbbjklpxnb/mnqkydzdjypptjydnjzm.js
v File automatically linked in `golem_add_external_resources()`.
* Go to D:/temp/RtmpAlDK1J/pzymfjgchy20210414144301/inst/app/cbbjklpxnb/mnqkydzdjypptjydnjzm.js
v File created at D:/temp/RtmpAlDK1J/pzymfjgchy20210414144301/inst/app/www/nocawmfldb.js
v File automatically linked in `golem_add_external_resources()`.
* Go to D:/temp/RtmpAlDK1J/pzymfjgchy20210414144301/inst/app/www/nocawmfldb.js
v File created at D:/temp/RtmpAlDK1J/pzymfjgchy20210414144301/inst/app/www/hnznxmnkpk.js
v File automatically linked in `golem_add_external_resources()`.
* Go to D:/temp/RtmpAlDK1J/pzymfjgchy20210414144301/inst/app/www/hnznxmnkpk.js
v File created at D:/temp/RtmpAlDK1J/pzymfjgchy20210414144301/inst/app/cbbjklpxnb/hnznxmnkpkpozdbfcnob.js
v File automatically linked in `golem_add_external_resources()`.
* Go to D:/temp/RtmpAlDK1J/pzymfjgchy20210414144301/inst/app/cbbjklpxnb/hnznxmnkpkpozdbfcnob.js
v File created at D:/temp/RtmpAlDK1J/pzymfjgchy20210414144301/inst/app/www/bmclzqnljm.js
v File automatically linked in `golem_add_external_resources()`.
* Go to D:/temp/RtmpAlDK1J/pzymfjgchy20210414144301/inst/app/www/bmclzqnljm.js
v ui file created at D:/temp/RtmpAlDK1J/pzymfjgchy20210414144301/inst/app/ui.R
v server file created at D:/temp/RtmpAlDK1J/pzymfjgchy20210414144301/inst/app/server.R
* Go to R/mod_test_fct_ftest.R
* Go to R/mod_test_utils_utest.R
v File created at R/mod_test.R
* Go to R/mod_test.R
* Go to R/mod_test2_fct_ftest.R
* Go to R/mod_test2_utils_utest.R
v File created at R/mod_test2.R
* Go to R/mod_test2.R
* Go to R/fct_ui.R
* Go to R/utils_ui.R
v File created at R/mod_xzptwltmoh.R
* Go to R/mod_xzptwltmoh.R
* Go to R/mod_xzptwltmoh_fct_ui.R
* Go to R/mod_xzptwltmoh_utils_ui.R
v Setting `golem_name` to plop
v Setting `golem_name` to pzymfjgchy20210414144301
v Setting `golem_version` to 0.0.0.9001
v Setting `golem_version` to 0.0.0.9000
v Setting `golem_wd` to D:/temp/RtmpAlDK1J/pzymfjgchy20210414144301/inst
v Setting `golem_wd` to here::here()
v favicon.ico created at D:/temp/RtmpAlDK1J/pzymfjgchy20210414144301/inst/app/www/favicon.ico
Favicon is automatically linked in app_ui via `golem_add_external_resources()`
v Removing favicon at inst/app/www/favicon.ico
* No file found at inst/app/www/favicon.ico
[1] "test"
[1] "test"
[1] "test"
[1] "test"
Error : The `DT` package is required.
v Dependencies added
v Tests added
v File created at D:/temp/RtmpAlDK1J/pzymfjgchy20210414144301/R/golem_utils_ui.R
v Utils UI added
v File created at D:/temp/RtmpAlDK1J/pzymfjgchy20210414144301/R/golem_utils_server.R
v Utils server added
-- Checking package name -------------------------------------------------------
v Valid package name
-- Creating dir ----------------------------------------------------------------
v Created package directory
-- Copying package skeleton ----------------------------------------------------
v Copied app skeleton
-- Setting the default config --------------------------------------------------
v Configured app
-- Done ------------------------------------------------------------------------
A new golem named rtgavlkvnc was created at D:/temp/RtmpAlDK1J/rtgavlkvnc .
To continue working on your app, start editing the 01_start.R file.
Writing NAMESPACE
Writing NAMESPACE
== Skipped tests ===============================================================
* On CRAN (1)
== Failed tests ================================================================
-- Failure (test-use_recomended.R:2:3): test use_recommended_deps --------------
all(...) is not TRUE
`actual`: FALSE
`expected`: TRUE
Backtrace:
x
1. +-withr::with_dir(...) test-use_recomended.R:2:2
2. | \-base::force(code)
3. \-testthat::expect_true(...) test-use_recomended.R:6:4
[ FAIL 1 | WARN 0 | SKIP 1 | PASS 103 ]
Error: Test failures
Execution halted
Flavor: r-oldrel-windows-ix86+x86_64