CRAN Package Check Results for Package googleAuthR

Last updated on 2018-08-19 20:50:11 CEST.

Flavor Version Tinstall Tcheck Ttotal Status Flags
r-devel-linux-x86_64-debian-clang 0.6.3 4.30 35.34 39.64 OK
r-devel-linux-x86_64-debian-gcc 0.6.3 3.24 28.50 31.74 OK
r-devel-linux-x86_64-fedora-clang 0.6.3 49.23 NOTE
r-devel-linux-x86_64-fedora-gcc 0.6.3 46.15 NOTE
r-devel-windows-ix86+x86_64 0.6.3 10.00 72.00 82.00 OK
r-patched-linux-x86_64 0.6.3 3.97 33.40 37.37 OK
r-patched-solaris-x86 0.6.3 65.80 NOTE
r-release-linux-x86_64 0.6.3 3.79 33.00 36.79 OK
r-release-windows-ix86+x86_64 0.6.3 10.00 68.00 78.00 OK
r-release-osx-x86_64 0.6.3 NOTE
r-oldrel-windows-ix86+x86_64 0.6.3 4.00 50.00 54.00 OK
r-oldrel-osx-x86_64 0.6.3 NOTE

Check Details

Version: 0.6.3
Check: dependencies in R code
Result: NOTE
    Namespace in Imports field not imported from: ‘R6’
     All declared Imports should be used.
Flavors: r-devel-linux-x86_64-fedora-clang, r-devel-linux-x86_64-fedora-gcc, r-patched-solaris-x86, r-release-osx-x86_64, r-oldrel-osx-x86_64