CRAN Package Check Results for Package googleAuthR

Last updated on 2019-08-25 10:46:20 CEST.

Flavor Version Tinstall Tcheck Ttotal Status Flags
r-devel-linux-x86_64-debian-clang 0.8.1 5.79 39.97 45.76 OK
r-devel-linux-x86_64-debian-gcc 0.8.1 4.30 32.30 36.60 OK
r-devel-linux-x86_64-fedora-clang 0.8.1 55.59 NOTE
r-devel-linux-x86_64-fedora-gcc 0.8.1 54.58 NOTE
r-devel-windows-ix86+x86_64 0.8.1 9.00 90.00 99.00 OK
r-patched-linux-x86_64 0.8.1 5.25 40.04 45.29 OK
r-patched-solaris-x86 0.8.1 76.20 NOTE
r-release-linux-x86_64 0.8.1 5.32 39.88 45.20 OK
r-release-windows-ix86+x86_64 0.8.1 14.00 108.00 122.00 WARN
r-release-osx-x86_64 0.8.1 NOTE
r-oldrel-windows-ix86+x86_64 0.8.1 11.00 72.00 83.00 WARN
r-oldrel-osx-x86_64 0.8.1 NOTE

Check Details

Version: 0.8.1
Check: dependencies in R code
Result: NOTE
    Namespace in Imports field not imported from: ‘R6’
     All declared Imports should be used.
Flavors: r-devel-linux-x86_64-fedora-clang, r-devel-linux-x86_64-fedora-gcc, r-patched-solaris-x86, r-release-osx-x86_64, r-oldrel-osx-x86_64

Version: 0.8.1
Check: re-building of vignette outputs
Result: WARN
    Error(s) in re-building vignettes:
    --- re-building 'advanced-building.Rmd' using rmarkdown
    pandoc.exe: Could not fetch https://codecov.io/gh/MarkEdmondson1234/googleAuthR/branch/master/graph/badge.svg
    HttpExceptionRequest Request {
     host = "codecov.io"
     port = 443
     secure = True
     requestHeaders = []
     path = "/gh/MarkEdmondson1234/googleAuthR/branch/master/graph/badge.svg"
     queryString = ""
     method = "GET"
     proxy = Nothing
     rawBody = False
     redirectCount = 10
     responseTimeout = ResponseTimeoutDefault
     requestVersion = HTTP/1.1
    }
     (InternalException (HostCannotConnect "codecov.io" [connect: failed (Connection timed out (WSAETIMEDOUT))]))
    Error: processing vignette 'advanced-building.Rmd' failed with diagnostics:
    pandoc document conversion failed with error 67
    --- failed re-building 'advanced-building.Rmd'
    
    --- re-building 'building.Rmd' using rmarkdown
    --- finished re-building 'building.Rmd'
    
    --- re-building 'google-authentication-types.Rmd' using rmarkdown
    --- finished re-building 'google-authentication-types.Rmd'
    
    --- re-building 'setup.Rmd' using rmarkdown
    --- finished re-building 'setup.Rmd'
    
    --- re-building 'troubleshooting.Rmd' using rmarkdown
    --- finished re-building 'troubleshooting.Rmd'
    
    SUMMARY: processing the following file failed:
     'advanced-building.Rmd'
    
    Error: Vignette re-building failed.
    Execution halted
Flavor: r-release-windows-ix86+x86_64

Version: 0.8.1
Check: re-building of vignette outputs
Result: WARN
    Error in re-building vignettes:
     ...
    pandoc.exe: Could not fetch https://codecov.io/gh/MarkEdmondson1234/googleAuthR/branch/master/graph/badge.svg
    HttpExceptionRequest Request {
     host = "codecov.io"
     port = 443
     secure = True
     requestHeaders = []
     path = "/gh/MarkEdmondson1234/googleAuthR/branch/master/graph/badge.svg"
     queryString = ""
     method = "GET"
     proxy = Nothing
     rawBody = False
     redirectCount = 10
     responseTimeout = ResponseTimeoutDefault
     requestVersion = HTTP/1.1
    }
     (InternalException (HostCannotConnect "codecov.io" [connect: failed (Connection timed out (WSAETIMEDOUT))]))
    Error: processing vignette 'advanced-building.Rmd' failed with diagnostics:
    pandoc document conversion failed with error 67
    Execution halted
Flavor: r-oldrel-windows-ix86+x86_64