CRAN Package Check Results for Package googleAuthR

Last updated on 2018-05-26 00:46:36 CEST.

Flavor Version Tinstall Tcheck Ttotal Status Flags
r-devel-linux-x86_64-debian-clang 0.6.2 3.21 36.03 39.24 WARN
r-devel-linux-x86_64-debian-gcc 0.6.2 3.31 28.27 31.58 WARN
r-devel-linux-x86_64-fedora-clang 0.6.2 44.75 NOTE
r-devel-linux-x86_64-fedora-gcc 0.6.2 43.12 NOTE
r-devel-windows-ix86+x86_64 0.6.2 7.00 54.00 61.00 OK
r-patched-linux-x86_64 0.6.2 2.89 33.03 35.92 OK
r-patched-solaris-x86 0.6.2 61.90 NOTE
r-release-linux-x86_64 0.6.2 3.53 33.12 36.65 OK
r-release-windows-ix86+x86_64 0.6.2 9.00 62.00 71.00 OK
r-release-osx-x86_64 0.6.2 NOTE
r-oldrel-windows-ix86+x86_64 0.6.2 7.00 54.00 61.00 OK
r-oldrel-osx-x86_64 0.6.2 NOTE

Check Details

Version: 0.6.2
Check: for unstated dependencies in ‘tests’
Result: WARN
    '::' or ':::' imports not declared from:
     ‘bigQueryR’ ‘googleAnalyticsR’
Flavors: r-devel-linux-x86_64-debian-clang, r-devel-linux-x86_64-debian-gcc

Version: 0.6.2
Check: dependencies in R code
Result: NOTE
    Namespace in Imports field not imported from: ‘R6’
     All declared Imports should be used.
Flavors: r-devel-linux-x86_64-fedora-clang, r-devel-linux-x86_64-fedora-gcc, r-patched-solaris-x86, r-release-osx-x86_64, r-oldrel-osx-x86_64