CRAN Package Check Results for Package googleAuthR

Last updated on 2018-11-13 02:48:38 CET.

Flavor Version Tinstall Tcheck Ttotal Status Flags
r-devel-linux-x86_64-debian-clang 0.6.3 3.92 36.39 40.31 OK
r-devel-linux-x86_64-debian-gcc 0.6.3 2.85 29.39 32.24 OK
r-devel-linux-x86_64-fedora-clang 0.6.3 47.35 NOTE
r-devel-linux-x86_64-fedora-gcc 0.6.3 46.18 NOTE
r-devel-windows-ix86+x86_64 0.6.3 6.00 72.00 78.00 OK
r-patched-linux-x86_64 0.6.3 2.68 33.90 36.58 OK
r-patched-solaris-x86 0.6.3 65.10 NOTE
r-release-linux-x86_64 0.6.3 3.36 34.03 37.39 OK
r-release-windows-ix86+x86_64 0.6.3 10.00 64.00 74.00 OK
r-release-osx-x86_64 0.6.3 NOTE
r-oldrel-windows-ix86+x86_64 0.6.3 6.00 72.00 78.00 OK
r-oldrel-osx-x86_64 0.6.3 NOTE

Check Details

Version: 0.6.3
Check: dependencies in R code
Result: NOTE
    Namespace in Imports field not imported from: ‘R6’
     All declared Imports should be used.
Flavors: r-devel-linux-x86_64-fedora-clang, r-devel-linux-x86_64-fedora-gcc, r-patched-solaris-x86, r-release-osx-x86_64, r-oldrel-osx-x86_64