CRAN Package Check Results for Package googleAuthR

Last updated on 2018-02-21 22:48:01 CET.

Flavor Version Tinstall Tcheck Ttotal Status Flags
r-devel-linux-x86_64-debian-clang 0.6.2 2.99 34.22 37.21 OK
r-devel-linux-x86_64-debian-gcc 0.6.2 3.49 26.75 30.24 OK
r-devel-linux-x86_64-fedora-clang 0.6.2 43.85 NOTE
r-devel-linux-x86_64-fedora-gcc 0.6.2 42.56 NOTE
r-devel-windows-ix86+x86_64 0.6.2 5.00 45.00 50.00 OK
r-patched-linux-x86_64 0.6.2 1.63 36.72 38.35 OK
r-patched-solaris-x86 0.6.2 55.40 NOTE
r-release-linux-x86_64 0.6.2 1.54 36.38 37.92 OK
r-release-windows-ix86+x86_64 0.6.2 9.00 67.00 76.00 OK
r-release-osx-x86_64 0.6.2 NOTE
r-oldrel-windows-ix86+x86_64 0.6.2 4.00 46.00 50.00 OK
r-oldrel-osx-x86_64 0.6.2 NOTE

Check Details

Version: 0.6.2
Check: dependencies in R code
Result: NOTE
    Namespace in Imports field not imported from: ‘R6’
     All declared Imports should be used.
Flavors: r-devel-linux-x86_64-fedora-clang, r-devel-linux-x86_64-fedora-gcc, r-patched-solaris-x86, r-release-osx-x86_64, r-oldrel-osx-x86_64