CRAN Package Check Results for Package googleAuthR

Last updated on 2019-02-18 06:46:58 CET.

Flavor Version Tinstall Tcheck Ttotal Status Flags
r-devel-linux-x86_64-debian-clang 0.7.0 4.57 39.48 44.05 OK
r-devel-linux-x86_64-debian-gcc 0.7.0 4.00 31.35 35.35 OK
r-devel-linux-x86_64-fedora-clang 0.7.0 54.04 NOTE
r-devel-linux-x86_64-fedora-gcc 0.7.0 50.79 NOTE
r-devel-windows-ix86+x86_64 0.7.0 11.00 54.00 65.00 OK
r-patched-linux-x86_64 0.7.0 4.60 34.46 39.06 OK
r-patched-solaris-x86 0.7.0 62.90 NOTE
r-release-linux-x86_64 0.7.0 OK
r-release-windows-ix86+x86_64 0.7.0 6.00 48.00 54.00 OK
r-release-osx-x86_64 0.7.0 NOTE
r-oldrel-windows-ix86+x86_64 0.7.0 7.00 56.00 63.00 OK
r-oldrel-osx-x86_64 0.7.0 NOTE

Check Details

Version: 0.7.0
Check: dependencies in R code
Result: NOTE
    Namespace in Imports field not imported from: ‘R6’
     All declared Imports should be used.
Flavors: r-devel-linux-x86_64-fedora-clang, r-devel-linux-x86_64-fedora-gcc, r-patched-solaris-x86, r-release-osx-x86_64, r-oldrel-osx-x86_64