CRAN Package Check Results for Package googleCloudStorageR

Last updated on 2021-04-23 08:47:24 CEST.

Flavor Version Tinstall Tcheck Ttotal Status Flags
r-devel-linux-x86_64-debian-clang 0.6.0 4.21 44.34 48.55 NOTE
r-devel-linux-x86_64-debian-gcc 0.6.0 3.53 34.90 38.43 NOTE
r-devel-linux-x86_64-fedora-clang 0.6.0 68.66 NOTE
r-devel-linux-x86_64-fedora-gcc 0.6.0 60.25 NOTE
r-devel-windows-ix86+x86_64 0.6.0 12.00 65.00 77.00 NOTE
r-devel-windows-x86_64-gcc10-UCRT 0.6.0 NOTE
r-patched-linux-x86_64 0.6.0 6.79 44.09 50.88 NOTE
r-patched-solaris-x86 0.6.0 88.90 OK
r-release-linux-x86_64 0.6.0 5.71 42.99 48.70 OK
r-release-macos-x86_64 0.6.0 OK
r-release-windows-ix86+x86_64 0.6.0 11.00 54.00 65.00 OK
r-oldrel-macos-x86_64 0.6.0 OK
r-oldrel-windows-ix86+x86_64 0.6.0 22.00 60.00 82.00 OK

Check Details

Version: 0.6.0
Check: LazyData
Result: NOTE
     'LazyData' is specified without a 'data' directory
Flavors: r-devel-linux-x86_64-debian-clang, r-devel-linux-x86_64-debian-gcc, r-devel-linux-x86_64-fedora-clang, r-devel-linux-x86_64-fedora-gcc, r-devel-windows-ix86+x86_64, r-devel-windows-x86_64-gcc10-UCRT, r-patched-linux-x86_64