CRAN Package Check Results for Package googleCloudVisionR

Last updated on 2024-07-14 01:53:48 CEST.

Flavor Version Tinstall Tcheck Ttotal Status Flags
r-devel-linux-x86_64-debian-clang 0.2.0 5.16 41.39 46.55 NOTE
r-devel-linux-x86_64-debian-gcc 0.2.0 3.73 31.36 35.09 NOTE
r-devel-linux-x86_64-fedora-clang 0.2.0 59.22 NOTE
r-devel-linux-x86_64-fedora-gcc 0.2.0 53.15 NOTE
r-devel-windows-x86_64 0.2.0 6.00 55.00 61.00 NOTE
r-patched-linux-x86_64 0.2.0 4.52 39.49 44.01 NOTE
r-release-linux-x86_64 0.2.0 4.81 38.83 43.64 NOTE
r-release-macos-arm64 0.2.0 22.00 NOTE
r-release-macos-x86_64 0.2.0 30.00 NOTE
r-release-windows-x86_64 0.2.0 5.00 55.00 60.00 NOTE
r-oldrel-macos-arm64 0.2.0 23.00 NOTE
r-oldrel-macos-x86_64 0.2.0 32.00 NOTE
r-oldrel-windows-x86_64 0.2.0 6.00 61.00 67.00 NOTE

Check Details

Version: 0.2.0
Check: LazyData
Result: NOTE 'LazyData' is specified without a 'data' directory Flavors: r-devel-linux-x86_64-debian-clang, r-devel-linux-x86_64-debian-gcc, r-devel-linux-x86_64-fedora-clang, r-devel-linux-x86_64-fedora-gcc, r-devel-windows-x86_64, r-patched-linux-x86_64, r-release-linux-x86_64, r-release-macos-arm64, r-release-macos-x86_64, r-release-windows-x86_64, r-oldrel-macos-arm64, r-oldrel-macos-x86_64, r-oldrel-windows-x86_64