CRAN Package Check Results for Package googleComputeEngineR

Last updated on 2018-08-17 07:47:32 CEST.

Flavor Version Tinstall Tcheck Ttotal Status Flags
r-devel-linux-x86_64-debian-clang 0.2.0 4.90 45.60 50.50 OK
r-devel-linux-x86_64-debian-gcc 0.2.0 3.74 37.07 40.81 OK
r-devel-linux-x86_64-fedora-clang 0.2.0 61.06 OK
r-devel-linux-x86_64-fedora-gcc 0.2.0 57.67 OK
r-devel-windows-ix86+x86_64 0.2.0 17.00 78.00 95.00 OK
r-patched-linux-x86_64 0.2.0 4.35 43.21 47.56 OK
r-patched-solaris-x86 0.2.0 77.00 WARN
r-release-linux-x86_64 0.2.0 3.58 43.09 46.67 OK
r-release-windows-ix86+x86_64 0.2.0 13.00 98.00 111.00 OK
r-release-osx-x86_64 0.2.0 WARN
r-oldrel-windows-ix86+x86_64 0.2.0 12.00 81.00 93.00 OK
r-oldrel-osx-x86_64 0.2.0 WARN

Check Details

Version: 0.2.0
Check: re-building of vignette outputs
Result: WARN
    Error in re-building vignettes:
     ...
    Warning in engine$weave(file, quiet = quiet, encoding = enc) :
     Pandoc (>= 1.12.3) and/or pandoc-citeproc not available. Falling back to R Markdown v1.
    Warning in engine$weave(file, quiet = quiet, encoding = enc) :
     Pandoc (>= 1.12.3) and/or pandoc-citeproc not available. Falling back to R Markdown v1.
    Warning in engine$weave(file, quiet = quiet, encoding = enc) :
     Pandoc (>= 1.12.3) and/or pandoc-citeproc not available. Falling back to R Markdown v1.
    Warning in engine$weave(file, quiet = quiet, encoding = enc) :
     Pandoc (>= 1.12.3) and/or pandoc-citeproc not available. Falling back to R Markdown v1.
    Warning in engine$weave(file, quiet = quiet, encoding = enc) :
     Pandoc (>= 1.12.3) and/or pandoc-citeproc not available. Falling back to R Markdown v1.
    Quitting from lines 34-35 (installation-and-authentication.Rmd)
    Error: processing vignette 'installation-and-authentication.Rmd' failed with diagnostics:
    there is no package called 'webshot'
    Execution halted
Flavor: r-patched-solaris-x86

Version: 0.2.0
Check: re-building of vignette outputs
Result: WARN
    Error in re-building vignettes:
     ...
    Warning in engine$weave(file, quiet = quiet, encoding = enc) :
     Pandoc (>= 1.12.3) and/or pandoc-citeproc not available. Falling back to R Markdown v1.
    Warning in engine$weave(file, quiet = quiet, encoding = enc) :
     Pandoc (>= 1.12.3) and/or pandoc-citeproc not available. Falling back to R Markdown v1.
    Warning in engine$weave(file, quiet = quiet, encoding = enc) :
     Pandoc (>= 1.12.3) and/or pandoc-citeproc not available. Falling back to R Markdown v1.
    Warning in engine$weave(file, quiet = quiet, encoding = enc) :
     Pandoc (>= 1.12.3) and/or pandoc-citeproc not available. Falling back to R Markdown v1.
    Warning in engine$weave(file, quiet = quiet, encoding = enc) :
     Pandoc (>= 1.12.3) and/or pandoc-citeproc not available. Falling back to R Markdown v1.
    Quitting from lines 34-35 (installation-and-authentication.Rmd)
    Error: processing vignette 'installation-and-authentication.Rmd' failed with diagnostics:
    cannot open the connection
    Execution halted
Flavors: r-release-osx-x86_64, r-oldrel-osx-x86_64