CRAN Package Check Results for Package googleComputeEngineR

Last updated on 2018-02-18 03:46:55 CET.

Flavor Version Tinstall Tcheck Ttotal Status Flags
r-devel-linux-x86_64-debian-clang 0.2.0 4.74 44.52 49.26 OK
r-devel-linux-x86_64-debian-gcc 0.2.0 3.45 35.33 38.78 OK
r-devel-linux-x86_64-fedora-clang 0.2.0 53.85 OK
r-devel-linux-x86_64-fedora-gcc 0.2.0 53.21 OK
r-devel-windows-ix86+x86_64 0.2.0 9.00 57.00 66.00 OK
r-patched-linux-x86_64 0.2.0 2.25 51.53 53.78 OK
r-patched-solaris-x86 0.2.0 73.40 WARN
r-release-linux-x86_64 0.2.0 3.00 51.79 54.79 OK
r-release-windows-ix86+x86_64 0.2.0 12.00 111.00 123.00 OK
r-release-osx-x86_64 0.2.0 WARN
r-oldrel-windows-ix86+x86_64 0.2.0 7.00 84.00 91.00 OK
r-oldrel-osx-x86_64 0.2.0 WARN

Check Details

Version: 0.2.0
Check: re-building of vignette outputs
Result: WARN
    Error in re-building vignettes:
     ...
    Warning in engine$weave(file, quiet = quiet, encoding = enc) :
     Pandoc (>= 1.12.3) and/or pandoc-citeproc not available. Falling back to R Markdown v1.
    Warning in engine$weave(file, quiet = quiet, encoding = enc) :
     Pandoc (>= 1.12.3) and/or pandoc-citeproc not available. Falling back to R Markdown v1.
    Warning in engine$weave(file, quiet = quiet, encoding = enc) :
     Pandoc (>= 1.12.3) and/or pandoc-citeproc not available. Falling back to R Markdown v1.
    Warning in engine$weave(file, quiet = quiet, encoding = enc) :
     Pandoc (>= 1.12.3) and/or pandoc-citeproc not available. Falling back to R Markdown v1.
    Warning in engine$weave(file, quiet = quiet, encoding = enc) :
     Pandoc (>= 1.12.3) and/or pandoc-citeproc not available. Falling back to R Markdown v1.
    Quitting from lines 34-35 (installation-and-authentication.Rmd)
    Error: processing vignette 'installation-and-authentication.Rmd' failed with diagnostics:
    cannot open the connection
    Execution halted
Flavors: r-patched-solaris-x86, r-release-osx-x86_64, r-oldrel-osx-x86_64