CRAN Package Check Results for Package googleLanguageR

Last updated on 2018-02-24 23:48:59 CET.

Flavor Version Tinstall Tcheck Ttotal Status Flags
r-devel-linux-x86_64-debian-clang 0.1.1 1.66 29.27 30.93 NOTE
r-devel-linux-x86_64-debian-gcc 0.1.1 1.28 23.13 24.41 NOTE
r-devel-linux-x86_64-fedora-clang 0.1.1 35.17 NOTE
r-devel-linux-x86_64-fedora-gcc 0.1.1 34.72 NOTE
r-devel-windows-ix86+x86_64 0.1.1 5.00 57.00 62.00 OK
r-patched-linux-x86_64 0.1.1 1.35 31.33 32.68 OK
r-patched-solaris-x86 0.1.1 50.70 OK
r-release-linux-x86_64 0.1.1 1.53 30.48 32.01 OK
r-release-windows-ix86+x86_64 0.1.1 7.00 59.00 66.00 OK
r-release-osx-x86_64 0.1.1 OK
r-oldrel-windows-ix86+x86_64 0.1.1 4.00 40.00 44.00 NOTE
r-oldrel-osx-x86_64 0.1.1 NOTE

Check Details

Version: 0.1.1
Check: DESCRIPTION meta-information
Result: NOTE
    Dependence on R version ‘3.3.2’ not with patchlevel 0
Flavors: r-devel-linux-x86_64-debian-clang, r-devel-linux-x86_64-debian-gcc, r-devel-linux-x86_64-fedora-clang, r-devel-linux-x86_64-fedora-gcc

Version: 0.1.1
Check: DESCRIPTION meta-information
Result: NOTE
    Authors@R field gives persons with no valid roles:
     Neal Richardson <neal.p.richardson@gmail.com> [rev] (Neal reviewed the package for ropensci,
     see <https://github.com/ropensci/onboarding/issues/127>)
     Julia Gustavsen <j.gustavsen@gmail.com> [rev] (Julia reviewed the package for ropensci,
     see <https://github.com/ropensci/onboarding/issues/127>)
Flavors: r-oldrel-windows-ix86+x86_64, r-oldrel-osx-x86_64