CRAN Package Check Results for Package googleLanguageR

Last updated on 2018-05-21 07:47:11 CEST.

Flavor Version Tinstall Tcheck Ttotal Status Flags
r-devel-linux-x86_64-debian-clang 0.1.1 1.40 27.84 29.24 OK
r-devel-linux-x86_64-debian-gcc 0.1.1 1.42 24.17 25.59 OK
r-devel-linux-x86_64-fedora-clang 0.1.1 37.56 OK
r-devel-linux-x86_64-fedora-gcc 0.1.1 36.64 OK
r-devel-windows-ix86+x86_64 0.1.1 5.00 45.00 50.00 OK
r-patched-linux-x86_64 0.1.1 1.66 28.55 30.21 NOTE
r-patched-solaris-x86 0.1.1 56.80 OK
r-release-linux-x86_64 0.1.1 1.70 28.51 30.21 NOTE
r-release-windows-ix86+x86_64 0.1.1 4.00 60.00 64.00 OK
r-release-osx-x86_64 0.1.1 OK
r-oldrel-windows-ix86+x86_64 0.1.1 4.00 51.00 55.00 OK
r-oldrel-osx-x86_64 0.1.1 OK

Check Details

Version: 0.1.1
Check: DESCRIPTION meta-information
Result: NOTE
    Dependence on R version ‘3.3.2’ not with patchlevel 0
Flavors: r-patched-linux-x86_64, r-release-linux-x86_64