CRAN Package Check Results for Package googlePolylines

Last updated on 2018-02-22 01:49:48 CET.

Flavor Version Tinstall Tcheck Ttotal Status Flags
r-devel-linux-x86_64-debian-clang 0.4.0 34.16 24.09 58.25 OK
r-devel-linux-x86_64-debian-gcc 0.4.0 26.20 20.98 47.18 OK
r-devel-linux-x86_64-fedora-clang 0.4.0 84.60 OK
r-devel-linux-x86_64-fedora-gcc 0.4.0 77.21 OK
r-devel-windows-ix86+x86_64 0.4.0 110.00 61.00 171.00 OK
r-patched-linux-x86_64 0.4.0 32.77 28.19 60.96 OK
r-patched-solaris-x86 0.4.0 100.20 OK
r-release-linux-x86_64 0.4.0 34.20 27.69 61.89 OK
r-release-windows-ix86+x86_64 0.4.0 117.00 78.00 195.00 OK
r-release-osx-x86_64 0.4.0 OK
r-oldrel-windows-ix86+x86_64 0.4.0 77.00 51.00 128.00 OK
r-oldrel-osx-x86_64 0.2.0 ERROR

Additional issues

clang-UBSAN gcc-UBSAN

Check Details

Version: 0.2.0
Check: whether package can be installed
Result: ERROR
    Installation failed.
Flavor: r-oldrel-osx-x86_64