CRAN Package Check Results for Package googlePolylines

Last updated on 2019-02-16 19:47:28 CET.

Flavor Version Tinstall Tcheck Ttotal Status Flags
r-devel-linux-x86_64-debian-clang 0.7.2 38.03 29.04 67.07 NOTE
r-devel-linux-x86_64-debian-gcc 0.7.2 29.55 23.51 53.06 NOTE
r-devel-linux-x86_64-fedora-clang 0.7.2 97.12 NOTE
r-devel-linux-x86_64-fedora-gcc 0.7.2 87.59 NOTE
r-devel-windows-ix86+x86_64 0.7.2 152.00 95.00 247.00 NOTE
r-patched-linux-x86_64 0.7.2 35.02 26.75 61.77 OK
r-patched-solaris-x86 0.7.2 107.10 OK
r-release-linux-x86_64 0.7.2 OK
r-release-windows-ix86+x86_64 0.7.2 79.00 60.00 139.00 OK
r-release-osx-x86_64 0.7.2 OK
r-oldrel-windows-ix86+x86_64 0.7.2 109.00 90.00 199.00 OK
r-oldrel-osx-x86_64 0.7.2 OK

Check Details

Version: 0.7.2
Check: line endings in C/C++/Fortran sources/headers
Result: NOTE
    Found the following sources/headers not terminated with a newline:
     inst/include/googlePolylines.h
     inst/include/variants.h
    Some compilers warn on such files.
Flavors: r-devel-linux-x86_64-debian-clang, r-devel-linux-x86_64-debian-gcc, r-devel-linux-x86_64-fedora-clang, r-devel-linux-x86_64-fedora-gcc, r-devel-windows-ix86+x86_64