CRAN Package Check Results for Package googlePolylines

Last updated on 2018-05-26 12:48:14 CEST.

Flavor Version Tinstall Tcheck Ttotal Status Flags
r-devel-linux-x86_64-debian-clang 0.6.0 35.06 30.38 65.44 WARN
r-devel-linux-x86_64-debian-gcc 0.6.1 29.07 23.18 52.25 OK
r-devel-linux-x86_64-fedora-clang 0.6.1 53.20 OK
r-devel-linux-x86_64-fedora-gcc 0.6.1 49.79 OK
r-devel-windows-ix86+x86_64 0.6.1 114.00 80.00 194.00 OK
r-patched-linux-x86_64 0.6.1 38.25 26.48 64.73 OK
r-patched-solaris-x86 0.6.1 87.80 OK
r-release-linux-x86_64 0.6.1 38.01 26.32 64.33 OK
r-release-windows-ix86+x86_64 0.6.1 73.00 55.00 128.00 OK
r-release-osx-x86_64 0.6.0 OK
r-oldrel-windows-ix86+x86_64 0.6.0 124.00 58.00 182.00 OK
r-oldrel-osx-x86_64 0.4.0 OK

Check Details

Version: 0.6.0
Check: for unstated dependencies in ‘tests’
Result: WARN
    '::' or ':::' import not declared from: ‘gepaf’
Flavor: r-devel-linux-x86_64-debian-clang