CRAN Package Check Results for Package googledrive

Last updated on 2018-08-19 02:47:48 CEST.

Flavor Version Tinstall Tcheck Ttotal Status Flags
r-devel-linux-x86_64-debian-clang 0.1.1 4.39 46.40 50.79 WARN
r-devel-linux-x86_64-debian-gcc 0.1.1 3.43 36.90 40.33 WARN
r-devel-linux-x86_64-fedora-clang 0.1.1 60.68 WARN
r-devel-linux-x86_64-fedora-gcc 0.1.1 56.45 WARN
r-devel-windows-ix86+x86_64 0.1.1 14.00 75.00 89.00 WARN
r-patched-linux-x86_64 0.1.1 3.87 40.78 44.65 WARN
r-patched-solaris-x86 0.1.1 85.70 WARN
r-release-linux-x86_64 0.1.1 4.22 40.84 45.06 WARN
r-release-windows-ix86+x86_64 0.1.1 12.00 75.00 87.00 WARN
r-release-osx-x86_64 0.1.1 OK
r-oldrel-windows-ix86+x86_64 0.1.1 6.00 55.00 61.00 WARN
r-oldrel-osx-x86_64 0.1.1 OK

Check Details

Version: 0.1.1
Check: examples
Result: WARN
    Found the following significant warnings:
    
     Warning: 'collapse' is deprecated.
    Deprecated functions may be defunct as soon as of the next release of
    R.
    See ?Deprecated.
Flavors: r-devel-linux-x86_64-debian-clang, r-devel-linux-x86_64-debian-gcc, r-devel-linux-x86_64-fedora-clang, r-devel-linux-x86_64-fedora-gcc, r-devel-windows-ix86+x86_64, r-patched-linux-x86_64, r-patched-solaris-x86, r-release-linux-x86_64, r-release-windows-ix86+x86_64, r-oldrel-windows-ix86+x86_64