CRAN Package Check Results for Package googler

Last updated on 2022-05-27 06:51:24 CEST.

Flavor Version Tinstall Tcheck Ttotal Status Flags
r-devel-linux-x86_64-debian-clang 0.0.1 2.11 33.18 35.29 NOTE
r-devel-linux-x86_64-debian-gcc 0.0.1 1.72 25.49 27.21 NOTE
r-devel-linux-x86_64-fedora-clang 0.0.1 42.58 NOTE
r-devel-linux-x86_64-fedora-gcc 0.0.1 41.49 NOTE
r-devel-windows-x86_64 0.0.1 7.00 57.00 64.00 NOTE
r-patched-linux-x86_64 0.0.1 2.07 31.26 33.33 NOTE
r-release-linux-x86_64 0.0.1 1.57 31.76 33.33 NOTE
r-release-macos-arm64 0.0.1 18.00 NOTE
r-release-macos-x86_64 0.0.1 22.00 NOTE
r-release-windows-x86_64 0.0.1 10.00 57.00 67.00 NOTE
r-oldrel-macos-arm64 0.0.1 27.00 NOTE
r-oldrel-macos-x86_64 0.0.1 24.00 NOTE
r-oldrel-windows-ix86+x86_64 0.0.1 5.00 44.00 49.00 NOTE

Check Details

Version: 0.0.1
Check: LazyData
Result: NOTE
     'LazyData' is specified without a 'data' directory
Flavors: r-devel-linux-x86_64-debian-clang, r-devel-linux-x86_64-debian-gcc, r-devel-linux-x86_64-fedora-clang, r-devel-linux-x86_64-fedora-gcc, r-devel-windows-x86_64, r-patched-linux-x86_64, r-release-linux-x86_64, r-release-macos-arm64, r-release-macos-x86_64, r-release-windows-x86_64, r-oldrel-macos-arm64, r-oldrel-macos-x86_64, r-oldrel-windows-ix86+x86_64